CRAN Package Check Results for Package c3net

Last updated on 2019-02-21 07:48:29 CET.

Flavor Version Tinstall Tcheck Ttotal Status Flags
r-devel-linux-x86_64-debian-clang 1.1.1 1.96 52.49 54.45 NOTE
r-devel-linux-x86_64-debian-gcc 1.1.1 1.58 37.10 38.68 NOTE
r-devel-linux-x86_64-fedora-clang 1.1.1 66.90 NOTE
r-devel-linux-x86_64-fedora-gcc 1.1.1 56.31 NOTE
r-devel-windows-ix86+x86_64 1.1.1 7.00 92.00 99.00 NOTE
r-patched-linux-x86_64 1.1.1 NOTE
r-patched-solaris-x86 1.1.1 104.00 NOTE
r-release-linux-x86_64 1.1.1 NOTE
r-release-windows-ix86+x86_64 1.1.1 3.00 88.00 91.00 NOTE
r-release-osx-x86_64 1.1.1 NOTE
r-oldrel-windows-ix86+x86_64 1.1.1 3.00 95.00 98.00 NOTE
r-oldrel-osx-x86_64 1.1.1 NOTE

Check Details

Version: 1.1.1
Check: R code for possible problems
Result: NOTE
    makemim: no visible global function definition for ‘cor’
    sigtestMTC: no visible global function definition for ‘p.adjust’
    Undefined global functions or variables:
     cor p.adjust
    Consider adding
     importFrom("stats", "cor", "p.adjust")
    to your NAMESPACE file.
Flavors: r-devel-linux-x86_64-debian-clang, r-devel-linux-x86_64-debian-gcc, r-devel-linux-x86_64-fedora-clang, r-devel-linux-x86_64-fedora-gcc, r-devel-windows-ix86+x86_64, r-patched-linux-x86_64, r-patched-solaris-x86, r-release-linux-x86_64, r-release-windows-ix86+x86_64, r-release-osx-x86_64, r-oldrel-windows-ix86+x86_64, r-oldrel-osx-x86_64