CRAN Package Check Results for Package c3net

Last updated on 2018-08-19 07:47:14 CEST.

Flavor Version Tinstall Tcheck Ttotal Status Flags
r-devel-linux-x86_64-debian-clang 1.1.1 1.57 55.23 56.80 NOTE
r-devel-linux-x86_64-debian-gcc 1.1.1 1.34 36.89 38.23 NOTE
r-devel-linux-x86_64-fedora-clang 1.1.1 66.16 NOTE
r-devel-linux-x86_64-fedora-gcc 1.1.1 55.81 NOTE
r-devel-windows-ix86+x86_64 1.1.1 4.00 76.00 80.00 NOTE
r-patched-linux-x86_64 1.1.1 1.56 43.59 45.15 NOTE
r-patched-solaris-x86 1.1.1 97.40 NOTE
r-release-linux-x86_64 1.1.1 1.46 44.07 45.53 NOTE
r-release-windows-ix86+x86_64 1.1.1 5.00 82.00 87.00 NOTE
r-release-osx-x86_64 1.1.1 NOTE
r-oldrel-windows-ix86+x86_64 1.1.1 3.00 74.00 77.00 NOTE
r-oldrel-osx-x86_64 1.1.1 NOTE

Check Details

Version: 1.1.1
Check: R code for possible problems
Result: NOTE
    makemim: no visible global function definition for ‘cor’
    sigtestMTC: no visible global function definition for ‘p.adjust’
    Undefined global functions or variables:
     cor p.adjust
    Consider adding
     importFrom("stats", "cor", "p.adjust")
    to your NAMESPACE file.
Flavors: r-devel-linux-x86_64-debian-clang, r-devel-linux-x86_64-debian-gcc, r-devel-linux-x86_64-fedora-clang, r-devel-linux-x86_64-fedora-gcc, r-devel-windows-ix86+x86_64, r-patched-linux-x86_64, r-patched-solaris-x86, r-release-linux-x86_64, r-release-windows-ix86+x86_64, r-release-osx-x86_64, r-oldrel-windows-ix86+x86_64, r-oldrel-osx-x86_64