CRAN Package Check Results for Package c3net

Last updated on 2018-11-21 08:48:31 CET.

Flavor Version Tinstall Tcheck Ttotal Status Flags
r-devel-linux-x86_64-debian-clang 1.1.1 1.46 54.28 55.74 NOTE
r-devel-linux-x86_64-debian-gcc 1.1.1 1.23 36.82 38.05 NOTE
r-devel-linux-x86_64-fedora-clang 1.1.1 63.43 NOTE
r-devel-linux-x86_64-fedora-gcc 1.1.1 53.86 NOTE
r-devel-windows-ix86+x86_64 1.1.1 5.00 67.00 72.00 NOTE
r-patched-linux-x86_64 1.1.1 1.54 43.65 45.19 NOTE
r-patched-solaris-x86 1.1.1 97.10 NOTE
r-release-linux-x86_64 1.1.1 1.54 44.15 45.69 NOTE
r-release-windows-ix86+x86_64 1.1.1 3.00 96.00 99.00 NOTE
r-release-osx-x86_64 1.1.1 NOTE
r-oldrel-windows-ix86+x86_64 1.1.1 5.00 92.00 97.00 NOTE
r-oldrel-osx-x86_64 1.1.1 NOTE

Check Details

Version: 1.1.1
Check: R code for possible problems
Result: NOTE
    makemim: no visible global function definition for ‘cor’
    sigtestMTC: no visible global function definition for ‘p.adjust’
    Undefined global functions or variables:
     cor p.adjust
    Consider adding
     importFrom("stats", "cor", "p.adjust")
    to your NAMESPACE file.
Flavors: r-devel-linux-x86_64-debian-clang, r-devel-linux-x86_64-debian-gcc, r-devel-linux-x86_64-fedora-clang, r-devel-linux-x86_64-fedora-gcc, r-devel-windows-ix86+x86_64, r-patched-linux-x86_64, r-patched-solaris-x86, r-release-linux-x86_64, r-release-windows-ix86+x86_64, r-release-osx-x86_64, r-oldrel-windows-ix86+x86_64, r-oldrel-osx-x86_64