CRAN Package Check Results for Package c3net

Last updated on 2018-05-25 01:46:22 CEST.

Flavor Version Tinstall Tcheck Ttotal Status Flags
r-devel-linux-x86_64-debian-clang 1.1.1 1.09 48.75 49.84 NOTE
r-devel-linux-x86_64-debian-gcc 1.1.1 1.23 35.32 36.55 NOTE
r-devel-linux-x86_64-fedora-clang 1.1.1 66.52 NOTE
r-devel-linux-x86_64-fedora-gcc 1.1.1 53.83 NOTE
r-devel-windows-ix86+x86_64 1.1.1 3.00 90.00 93.00 NOTE
r-patched-linux-x86_64 1.1.1 1.38 43.25 44.63 NOTE
r-patched-solaris-x86 1.1.1 101.10 NOTE
r-release-linux-x86_64 1.1.1 1.53 44.53 46.06 NOTE
r-release-windows-ix86+x86_64 1.1.1 4.00 66.00 70.00 NOTE
r-release-osx-x86_64 1.1.1 NOTE
r-oldrel-windows-ix86+x86_64 1.1.1 3.00 67.00 70.00 NOTE
r-oldrel-osx-x86_64 1.1.1 NOTE

Check Details

Version: 1.1.1
Check: R code for possible problems
Result: NOTE
    makemim: no visible global function definition for ‘cor’
    sigtestMTC: no visible global function definition for ‘p.adjust’
    Undefined global functions or variables:
     cor p.adjust
    Consider adding
     importFrom("stats", "cor", "p.adjust")
    to your NAMESPACE file.
Flavors: r-devel-linux-x86_64-debian-clang, r-devel-linux-x86_64-debian-gcc, r-devel-linux-x86_64-fedora-clang, r-devel-linux-x86_64-fedora-gcc, r-devel-windows-ix86+x86_64, r-patched-linux-x86_64, r-patched-solaris-x86, r-release-linux-x86_64, r-release-windows-ix86+x86_64, r-release-osx-x86_64, r-oldrel-windows-ix86+x86_64, r-oldrel-osx-x86_64