CRAN Package Check Results for Package cIRT

Last updated on 2019-02-15 20:46:41 CET.

Flavor Version Tinstall Tcheck Ttotal Status Flags
r-devel-linux-x86_64-debian-clang 1.3.0 62.29 383.56 445.85 OK
r-devel-linux-x86_64-debian-gcc 1.3.0 50.41 368.49 418.90 OK
r-devel-linux-x86_64-fedora-clang 1.3.0 581.23 OK
r-devel-linux-x86_64-fedora-gcc 1.3.0 545.53 OK
r-devel-windows-ix86+x86_64 1.3.0 214.00 475.00 689.00 OK
r-patched-linux-x86_64 1.3.0 64.29 459.74 524.03 OK
r-patched-solaris-x86 1.3.0 671.80 OK
r-release-linux-x86_64 1.3.0 60.22 470.35 530.57 OK
r-release-windows-ix86+x86_64 1.3.0 128.00 395.00 523.00 OK
r-release-osx-x86_64 1.3.0 OK
r-oldrel-windows-ix86+x86_64 1.2.1 169.00 414.00 583.00 OK
r-oldrel-osx-x86_64 1.3.0 ERROR

Check Details

Version: 1.3.0
Check: whether package can be installed
Result: ERROR
    Installation failed.
Flavor: r-oldrel-osx-x86_64