CRAN Package Check Results for Package cRegulome

Last updated on 2018-12-09 22:58:21 CET.

Flavor Version Tinstall Tcheck Ttotal Status Flags
r-devel-linux-x86_64-debian-clang 0.2.0 3.26 290.79 294.05 OK
r-devel-linux-x86_64-debian-gcc 0.2.0 3.37 177.98 181.35 OK
r-devel-linux-x86_64-fedora-clang 0.2.0 324.44 OK
r-devel-linux-x86_64-fedora-gcc 0.2.0 295.98 OK
r-devel-windows-ix86+x86_64 0.2.0 13.00 323.00 336.00 OK
r-patched-linux-x86_64 0.2.0 2.95 261.17 264.12 OK
r-patched-solaris-x86 0.2.0 381.10 OK
r-release-linux-x86_64 0.2.0 3.51 250.70 254.21 OK
r-release-windows-ix86+x86_64 0.2.0 10.00 290.00 300.00 OK
r-release-osx-x86_64 0.2.0 WARN
r-oldrel-windows-ix86+x86_64 0.2.0 10.00 310.00 320.00 OK
r-oldrel-osx-x86_64 0.2.0 WARN

Check Details

Version: 0.2.0
Check: package dependencies
Result: NOTE
    Package suggested but not available for checking: ‘clusterProfiler’
Flavor: r-release-osx-x86_64

Version: 0.2.0
Check: re-building of vignette outputs
Result: WARN
    Error in re-building vignettes:
     ...
     Vignettes contain introductory material; view with
     'browseVignettes()'. To cite Bioconductor, see
     'citation("Biobase")', and for packages 'citation("pkgname")'.
    
    Loading required package: IRanges
    Loading required package: S4Vectors
    
    Attaching package: 'S4Vectors'
    
    The following object is masked from 'package:base':
    
     expand.grid
    
    
    Attaching package: 'IRanges'
    
    The following object is masked from 'package:R.oo':
    
     trim
    
    
    Quitting from lines 32-41 (case_study.Rmd)
    Error: processing vignette 'case_study.Rmd' failed with diagnostics:
    there is no package called 'clusterProfiler'
    Execution halted
Flavor: r-release-osx-x86_64

Version: 0.2.0
Check: package dependencies
Result: NOTE
    Package suggested but not available for checking: ‘org.Hs.eg.db’
Flavor: r-oldrel-osx-x86_64

Version: 0.2.0
Check: re-building of vignette outputs
Result: WARN
    Error in re-building vignettes:
     ...
    
     Vignettes contain introductory material; view with
     'browseVignettes()'. To cite Bioconductor, see
     'citation("Biobase")', and for packages 'citation("pkgname")'.
    
    Loading required package: IRanges
    Loading required package: S4Vectors
    
    Attaching package: 'S4Vectors'
    
    The following object is masked from 'package:base':
    
     expand.grid
    
    
    Attaching package: 'IRanges'
    
    The following object is masked from 'package:R.oo':
    
     trim
    
    Quitting from lines 32-41 (case_study.Rmd)
    Error: processing vignette 'case_study.Rmd' failed with diagnostics:
    there is no package called 'org.Hs.eg.db'
    Execution halted
Flavor: r-oldrel-osx-x86_64