CRAN Package Check Results for Package caRecall

Last updated on 2022-12-01 16:51:39 CET.

Flavor Version Tinstall Tcheck Ttotal Status Flags
r-devel-linux-x86_64-debian-clang 0.1.0 2.07 29.30 31.37 NOTE
r-devel-linux-x86_64-debian-gcc 0.1.0 1.62 22.69 24.31 NOTE
r-devel-linux-x86_64-fedora-clang 0.1.0 50.00 NOTE
r-devel-linux-x86_64-fedora-gcc 0.1.0 48.20 NOTE
r-devel-windows-x86_64 0.1.0 14.00 65.00 79.00 NOTE
r-patched-linux-x86_64 0.1.0 1.86 27.37 29.23 NOTE
r-release-linux-x86_64 0.1.0 1.57 28.26 29.83 NOTE
r-release-macos-arm64 0.1.0 17.00 NOTE
r-release-macos-x86_64 0.1.0 30.00 NOTE
r-release-windows-x86_64 0.1.0 12.00 62.00 74.00 NOTE
r-oldrel-macos-arm64 0.1.0 24.00 NOTE
r-oldrel-macos-x86_64 0.1.0 1803.00 NOTE
r-oldrel-windows-ix86+x86_64 0.1.0 6.00 56.00 62.00 NOTE

Check Details

Version: 0.1.0
Check: LazyData
Result: NOTE
     'LazyData' is specified without a 'data' directory
Flavors: r-devel-linux-x86_64-debian-clang, r-devel-linux-x86_64-debian-gcc, r-devel-linux-x86_64-fedora-clang, r-devel-linux-x86_64-fedora-gcc, r-devel-windows-x86_64, r-patched-linux-x86_64, r-release-linux-x86_64, r-release-macos-arm64, r-release-macos-x86_64, r-release-windows-x86_64, r-oldrel-macos-arm64, r-oldrel-macos-x86_64, r-oldrel-windows-ix86+x86_64