CRAN Package Check Results for Package caTools

Last updated on 2019-04-25 14:52:35 CEST.

Flavor Version Tinstall Tcheck Ttotal Status Flags
r-devel-linux-x86_64-debian-clang 1.17.1.2 6.17 32.01 38.18 NOTE
r-devel-linux-x86_64-debian-gcc 1.17.1.2 4.31 24.73 29.04 NOTE
r-devel-linux-x86_64-fedora-clang 1.17.1.2 44.14 NOTE
r-devel-linux-x86_64-fedora-gcc 1.17.1.2 41.64 NOTE
r-devel-windows-ix86+x86_64 1.17.1.2 22.00 84.00 106.00 NOTE
r-patched-linux-x86_64 1.17.1.2 4.91 31.79 36.70 NOTE
r-patched-solaris-x86 1.17.1.2 65.80 NOTE
r-release-linux-x86_64 1.17.1.2 4.49 30.36 34.85 NOTE
r-release-windows-ix86+x86_64 1.17.1.2 12.00 74.00 86.00 NOTE
r-release-osx-x86_64 1.17.1.2 NOTE
r-oldrel-windows-ix86+x86_64 1.17.1.2 12.00 85.00 97.00 NOTE
r-oldrel-osx-x86_64 1.17.1.2 NOTE

Check Details

Version: 1.17.1.2
Check: DESCRIPTION meta-information
Result: NOTE
    Malformed Title field: should not end in a period.
Flavors: r-devel-linux-x86_64-debian-clang, r-devel-linux-x86_64-debian-gcc, r-devel-linux-x86_64-fedora-clang, r-devel-linux-x86_64-fedora-gcc, r-devel-windows-ix86+x86_64, r-patched-linux-x86_64, r-patched-solaris-x86, r-release-linux-x86_64, r-release-windows-ix86+x86_64, r-release-osx-x86_64, r-oldrel-windows-ix86+x86_64, r-oldrel-osx-x86_64

Version: 1.17.1.2
Check: compiled code
Result: NOTE
    File ‘caTools/libs/caTools.so’:
     Found no calls to: ‘R_registerRoutines’, ‘R_useDynamicSymbols’
    
    It is good practice to register native routines and to disable symbol
    search.
    
    See ‘Writing portable packages’ in the ‘Writing R Extensions’ manual.
Flavors: r-devel-linux-x86_64-fedora-clang, r-devel-linux-x86_64-fedora-gcc