CRAN Package Check Results for Package caTools

Last updated on 2018-11-17 15:47:18 CET.

Flavor Version Tinstall Tcheck Ttotal Status Flags
r-devel-linux-x86_64-debian-clang 1.17.1.1 4.82 31.27 36.09 NOTE
r-devel-linux-x86_64-debian-gcc 1.17.1.1 3.18 24.76 27.94 NOTE
r-devel-linux-x86_64-fedora-clang 1.17.1.1 43.80 NOTE
r-devel-linux-x86_64-fedora-gcc 1.17.1.1 40.52 NOTE
r-devel-windows-ix86+x86_64 1.17.1.1 16.00 74.00 90.00 NOTE
r-patched-linux-x86_64 1.17.1.1 4.57 29.49 34.06 NOTE
r-patched-solaris-x86 1.17.1.1 66.00 NOTE
r-release-linux-x86_64 1.17.1.1 4.40 30.50 34.90 NOTE
r-release-windows-ix86+x86_64 1.17.1.1 18.00 82.00 100.00 NOTE
r-release-osx-x86_64 1.17.1.1 NOTE
r-oldrel-windows-ix86+x86_64 1.17.1.1 15.00 75.00 90.00 NOTE
r-oldrel-osx-x86_64 1.17.1.1 NOTE

Additional issues

rchk

Check Details

Version: 1.17.1.1
Check: DESCRIPTION meta-information
Result: NOTE
    Malformed Title field: should not end in a period.
Flavors: r-devel-linux-x86_64-debian-clang, r-devel-linux-x86_64-debian-gcc, r-devel-linux-x86_64-fedora-clang, r-devel-linux-x86_64-fedora-gcc, r-devel-windows-ix86+x86_64, r-patched-linux-x86_64, r-patched-solaris-x86, r-release-linux-x86_64, r-release-windows-ix86+x86_64, r-release-osx-x86_64, r-oldrel-windows-ix86+x86_64, r-oldrel-osx-x86_64

Version: 1.17.1.1
Check: compiled code
Result: NOTE
    File ‘caTools/libs/caTools.so’:
     Found no calls to: ‘R_registerRoutines’, ‘R_useDynamicSymbols’
    
    It is good practice to register native routines and to disable symbol
    search.
    
    See ‘Writing portable packages’ in the ‘Writing R Extensions’ manual.
Flavors: r-devel-linux-x86_64-fedora-clang, r-devel-linux-x86_64-fedora-gcc