CRAN Package Check Results for Package caTools

Last updated on 2018-08-19 06:46:36 CEST.

Flavor Version Tinstall Tcheck Ttotal Status Flags
r-devel-linux-x86_64-debian-clang 1.17.1.1 5.21 31.44 36.65 NOTE
r-devel-linux-x86_64-debian-gcc 1.17.1.1 3.22 24.92 28.14 NOTE
r-devel-linux-x86_64-fedora-clang 1.17.1.1 43.48 NOTE
r-devel-linux-x86_64-fedora-gcc 1.17.1.1 41.19 NOTE
r-devel-windows-ix86+x86_64 1.17.1.1 17.00 81.00 98.00 NOTE
r-patched-linux-x86_64 1.17.1.1 4.24 29.97 34.21 NOTE
r-patched-solaris-x86 1.17.1.1 66.40 NOTE
r-release-linux-x86_64 1.17.1.1 4.76 29.47 34.23 NOTE
r-release-windows-ix86+x86_64 1.17.1.1 19.00 55.00 74.00 NOTE
r-release-osx-x86_64 1.17.1.1 NOTE
r-oldrel-windows-ix86+x86_64 1.17.1.1 11.00 73.00 84.00 NOTE
r-oldrel-osx-x86_64 1.17.1.1 NOTE

Additional issues

rchk

Check Details

Version: 1.17.1.1
Check: DESCRIPTION meta-information
Result: NOTE
    Malformed Title field: should not end in a period.
Flavors: r-devel-linux-x86_64-debian-clang, r-devel-linux-x86_64-debian-gcc, r-devel-linux-x86_64-fedora-clang, r-devel-linux-x86_64-fedora-gcc, r-devel-windows-ix86+x86_64, r-patched-linux-x86_64, r-patched-solaris-x86, r-release-linux-x86_64, r-release-windows-ix86+x86_64, r-release-osx-x86_64, r-oldrel-windows-ix86+x86_64, r-oldrel-osx-x86_64

Version: 1.17.1.1
Check: compiled code
Result: NOTE
    File ‘caTools/libs/caTools.so’:
     Found no calls to: ‘R_registerRoutines’, ‘R_useDynamicSymbols’
    
    It is good practice to register native routines and to disable symbol
    search.
    
    See ‘Writing portable packages’ in the ‘Writing R Extensions’ manual.
Flavors: r-devel-linux-x86_64-debian-clang, r-devel-linux-x86_64-debian-gcc, r-devel-linux-x86_64-fedora-clang, r-devel-linux-x86_64-fedora-gcc, r-patched-linux-x86_64, r-release-linux-x86_64