Last updated on 2019-02-17 21:47:27 CET.
Flavor | Version | Tinstall | Tcheck | Ttotal | Status | Flags |
---|---|---|---|---|---|---|
r-devel-linux-x86_64-debian-clang | 1.17.1.1 | 5.40 | 32.49 | 37.89 | NOTE | |
r-devel-linux-x86_64-debian-gcc | 1.17.1.1 | 3.30 | 24.89 | 28.19 | NOTE | |
r-devel-linux-x86_64-fedora-clang | 1.17.1.1 | 45.44 | NOTE | |||
r-devel-linux-x86_64-fedora-gcc | 1.17.1.1 | 41.52 | NOTE | |||
r-devel-windows-ix86+x86_64 | 1.17.1.1 | 15.00 | 59.00 | 74.00 | NOTE | |
r-patched-linux-x86_64 | 1.17.1.1 | 4.45 | 29.94 | 34.39 | NOTE | |
r-patched-solaris-x86 | 1.17.1.1 | 66.50 | NOTE | |||
r-release-linux-x86_64 | 1.17.1.1 | NOTE | ||||
r-release-windows-ix86+x86_64 | 1.17.1.1 | 12.00 | 76.00 | 88.00 | NOTE | |
r-release-osx-x86_64 | 1.17.1.1 | NOTE | ||||
r-oldrel-windows-ix86+x86_64 | 1.17.1.1 | 11.00 | 74.00 | 85.00 | NOTE | |
r-oldrel-osx-x86_64 | 1.17.1.1 | NOTE |
Version: 1.17.1.1
Check: DESCRIPTION meta-information
Result: NOTE
Malformed Title field: should not end in a period.
Flavors: r-devel-linux-x86_64-debian-clang, r-devel-linux-x86_64-debian-gcc, r-devel-linux-x86_64-fedora-clang, r-devel-linux-x86_64-fedora-gcc, r-devel-windows-ix86+x86_64, r-patched-linux-x86_64, r-patched-solaris-x86, r-release-linux-x86_64, r-release-windows-ix86+x86_64, r-release-osx-x86_64, r-oldrel-windows-ix86+x86_64, r-oldrel-osx-x86_64
Version: 1.17.1.1
Check: compiled code
Result: NOTE
File ‘caTools/libs/caTools.so’:
Found no calls to: ‘R_registerRoutines’, ‘R_useDynamicSymbols’
It is good practice to register native routines and to disable symbol
search.
See ‘Writing portable packages’ in the ‘Writing R Extensions’ manual.
Flavors: r-devel-linux-x86_64-fedora-clang, r-devel-linux-x86_64-fedora-gcc