Last updated on 2022-08-13 07:11:30 CEST.
Flavor | Version | Tinstall | Tcheck | Ttotal | Status | Flags |
---|---|---|---|---|---|---|
r-devel-linux-x86_64-debian-clang | 0.6.0 | 3.68 | 26.76 | 30.44 | NOTE | |
r-devel-linux-x86_64-debian-gcc | 0.6.0 | 1.66 | 21.21 | 22.87 | NOTE | |
r-devel-linux-x86_64-fedora-clang | 0.6.0 | 47.22 | NOTE | |||
r-devel-linux-x86_64-fedora-gcc | 0.6.0 | 47.77 | NOTE | |||
r-devel-windows-x86_64 | 0.6.0 | 21.00 | 55.00 | 76.00 | NOTE | |
r-patched-linux-x86_64 | 0.6.0 | 2.63 | 26.71 | 29.34 | NOTE | |
r-release-linux-x86_64 | 0.6.0 | 3.39 | 26.35 | 29.74 | NOTE | |
r-release-macos-arm64 | 0.6.0 | 17.00 | NOTE | |||
r-release-macos-x86_64 | 0.6.0 | 24.00 | NOTE | |||
r-release-windows-x86_64 | 0.6.0 | 18.00 | 51.00 | 69.00 | NOTE | |
r-oldrel-macos-arm64 | 0.6.0 | 21.00 | NOTE | |||
r-oldrel-macos-x86_64 | 0.6.0 | 29.00 | NOTE | |||
r-oldrel-windows-ix86+x86_64 | 0.6.0 | 6.00 | 45.00 | 51.00 | NOTE |
Version: 0.6.0
Check: LazyData
Result: NOTE
'LazyData' is specified without a 'data' directory
Flavors: r-devel-linux-x86_64-debian-clang, r-devel-linux-x86_64-debian-gcc, r-devel-linux-x86_64-fedora-clang, r-devel-linux-x86_64-fedora-gcc, r-devel-windows-x86_64, r-patched-linux-x86_64, r-release-linux-x86_64, r-release-macos-arm64, r-release-macos-x86_64, r-release-windows-x86_64, r-oldrel-macos-arm64, r-oldrel-macos-x86_64, r-oldrel-windows-ix86+x86_64