Last updated on 2021-04-15 03:49:18 CEST.
Flavor | Version | Tinstall | Tcheck | Ttotal | Status | Flags |
---|---|---|---|---|---|---|
r-devel-linux-x86_64-debian-clang | 0.6.0 | 3.35 | 25.32 | 28.67 | NOTE | |
r-devel-linux-x86_64-debian-gcc | 0.6.0 | 2.64 | 20.40 | 23.04 | NOTE | |
r-devel-linux-x86_64-fedora-clang | 0.6.0 | 43.87 | NOTE | |||
r-devel-linux-x86_64-fedora-gcc | 0.6.0 | 33.75 | NOTE | |||
r-devel-windows-ix86+x86_64 | 0.6.0 | 7.00 | 43.00 | 50.00 | NOTE | |
r-devel-windows-x86_64-gcc10-UCRT | 0.6.0 | NOTE | ||||
r-patched-linux-x86_64 | 0.6.0 | 2.70 | 24.74 | 27.44 | OK | |
r-patched-solaris-x86 | 0.6.0 | 53.20 | OK | |||
r-release-linux-x86_64 | 0.6.0 | 3.17 | 24.81 | 27.98 | OK | |
r-release-macos-x86_64 | 0.6.0 | OK | ||||
r-release-windows-ix86+x86_64 | 0.6.0 | 5.00 | 44.00 | 49.00 | OK | |
r-oldrel-macos-x86_64 | 0.6.0 | OK | ||||
r-oldrel-windows-ix86+x86_64 | 0.6.0 | 5.00 | 29.00 | 34.00 | OK |
Version: 0.6.0
Check: LazyData
Result: NOTE
'LazyData' is specified without a 'data' directory
Flavors: r-devel-linux-x86_64-debian-clang, r-devel-linux-x86_64-debian-gcc, r-devel-linux-x86_64-fedora-clang, r-devel-linux-x86_64-fedora-gcc, r-devel-windows-ix86+x86_64, r-devel-windows-x86_64-gcc10-UCRT