CRAN Package Check Results for Package cachem

Last updated on 2021-04-14 15:47:54 CEST.

Flavor Version Tinstall Tcheck Ttotal Status Flags
r-devel-linux-x86_64-debian-clang 1.0.4 3.35 29.19 32.54 NOTE
r-devel-linux-x86_64-debian-gcc 1.0.4 2.68 23.33 26.01 NOTE
r-devel-linux-x86_64-fedora-clang 1.0.4 48.50 NOTE
r-devel-linux-x86_64-fedora-gcc 1.0.4 38.72 NOTE
r-devel-windows-ix86+x86_64 1.0.4 10.00 57.00 67.00 NOTE
r-devel-windows-x86_64-gcc10-UCRT 1.0.4 NOTE
r-patched-linux-x86_64 1.0.4 2.73 28.05 30.78 OK
r-patched-solaris-x86 1.0.4 59.90 OK
r-release-linux-x86_64 1.0.4 3.15 28.18 31.33 OK
r-release-macos-x86_64 1.0.4 OK
r-release-windows-ix86+x86_64 1.0.4 7.00 66.00 73.00 OK
r-oldrel-macos-x86_64 1.0.4 OK
r-oldrel-windows-ix86+x86_64 1.0.4 7.00 41.00 48.00 OK

Check Details

Version: 1.0.4
Check: LazyData
Result: NOTE
     'LazyData' is specified without a 'data' directory
Flavors: r-devel-linux-x86_64-debian-clang, r-devel-linux-x86_64-debian-gcc, r-devel-linux-x86_64-fedora-clang, r-devel-linux-x86_64-fedora-gcc, r-devel-windows-ix86+x86_64, r-devel-windows-x86_64-gcc10-UCRT