Last updated on 2022-05-26 07:53:17 CEST.
Flavor | Version | Tinstall | Tcheck | Ttotal | Status | Flags |
---|---|---|---|---|---|---|
r-devel-linux-x86_64-debian-clang | 0.2.2 | 12.97 | 121.91 | 134.88 | OK | |
r-devel-linux-x86_64-debian-gcc | 0.2.2 | 9.78 | 106.81 | 116.59 | OK | |
r-devel-linux-x86_64-fedora-clang | 0.2.2 | 154.69 | NOTE | |||
r-devel-linux-x86_64-fedora-gcc | 0.2.2 | 150.87 | NOTE | |||
r-devel-windows-x86_64 | 0.2.2 | 26.00 | 128.00 | 154.00 | OK | |
r-patched-linux-x86_64 | 0.2.2 | 12.88 | 114.58 | 127.46 | OK | |
r-release-linux-x86_64 | 0.2.2 | OK | ||||
r-release-macos-arm64 | 0.2.2 | 45.00 | NOTE | |||
r-release-macos-x86_64 | 0.2.2 | 89.00 | NOTE | |||
r-release-windows-x86_64 | 0.2.2 | 21.00 | 124.00 | 145.00 | OK | |
r-oldrel-macos-arm64 | 0.2.2 | 48.00 | NOTE | |||
r-oldrel-macos-x86_64 | 0.2.2 | 66.00 | NOTE | |||
r-oldrel-windows-ix86+x86_64 | 0.2.2 | 29.00 | 121.00 | 150.00 | OK |
Version: 0.2.2
Check: dependencies in R code
Result: NOTE
Namespace in Imports field not imported from: ‘markdown’
All declared Imports should be used.
Flavors: r-devel-linux-x86_64-fedora-clang, r-devel-linux-x86_64-fedora-gcc, r-release-macos-arm64, r-release-macos-x86_64, r-oldrel-macos-arm64, r-oldrel-macos-x86_64