Last updated on 2023-12-05 02:55:10 CET.
Flavor | Version | Tinstall | Tcheck | Ttotal | Status | Flags |
---|---|---|---|---|---|---|
r-devel-linux-x86_64-debian-clang | 0.2.1 | 41.37 | 67.54 | 108.91 | NOTE | |
r-devel-linux-x86_64-debian-gcc | 0.2.1 | 24.75 | 48.75 | 73.50 | NOTE | |
r-devel-linux-x86_64-fedora-clang | 0.2.1 | 147.52 | OK | |||
r-devel-linux-x86_64-fedora-gcc | 0.2.1 | 135.84 | OK | |||
r-devel-windows-x86_64 | 0.2.1 | 31.00 | 83.00 | 114.00 | OK | |
r-patched-linux-x86_64 | 0.2.1 | 22.28 | 65.14 | 87.42 | OK | |
r-release-linux-x86_64 | 0.2.1 | 32.32 | 65.84 | 98.16 | OK | |
r-release-macos-arm64 | 0.2.1 | 41.00 | OK | |||
r-release-macos-x86_64 | 0.2.1 | 62.00 | OK | |||
r-release-windows-x86_64 | 0.2.1 | 41.00 | 97.00 | 138.00 | OK | |
r-oldrel-macos-arm64 | 0.2.1 | 43.00 | OK | |||
r-oldrel-macos-x86_64 | 0.2.1 | 56.00 | OK | |||
r-oldrel-windows-x86_64 | 0.2.1 | 38.00 | 100.00 | 138.00 | OK |
Version: 0.2.1
Check: Rd files
Result: NOTE
checkRd: (-1) calibration_bands.Rd:19: Lost braces; missing escapes or markup?
19 | \item{y}{response variable (in {0,1}).}
| ^
Flavors: r-devel-linux-x86_64-debian-clang, r-devel-linux-x86_64-debian-gcc