CRAN Package Check Results for Package callr

Last updated on 2020-02-24 15:47:50 CET.

Flavor Version Tinstall Tcheck Ttotal Status Flags
r-devel-linux-x86_64-debian-clang 3.4.2 8.11 125.20 133.31 ERROR
r-devel-linux-x86_64-debian-gcc 3.4.2 6.45 106.58 113.03 ERROR
r-devel-linux-x86_64-fedora-clang 3.4.2 167.67 ERROR
r-devel-linux-x86_64-fedora-gcc 3.4.2 155.10 ERROR
r-devel-windows-ix86+x86_64 3.4.2 11.00 151.00 162.00 OK
r-devel-windows-ix86+x86_64-gcc8 3.4.2 22.00 285.00 307.00 OK
r-patched-linux-x86_64 3.4.2 OK
r-patched-solaris-x86 3.4.2 57.10 OK
r-release-linux-x86_64 3.4.2 7.26 116.74 124.00 OK
r-release-windows-ix86+x86_64 3.4.2 10.00 153.00 163.00 OK
r-release-osx-x86_64 3.4.2 OK
r-oldrel-windows-ix86+x86_64 3.4.2 10.00 134.00 144.00 OK
r-oldrel-osx-x86_64 3.4.2 OK

Check Details

Version: 3.4.2
Check: tests
Result: ERROR
     Running 'testthat.R' [97s/141s]
    Running the tests in 'tests/testthat.R' failed.
    Complete output:
     > library(testthat)
     > library(callr)
     >
     > Sys.unsetenv("R_TESTS")
     >
     > if (ps::ps_is_supported()) {
     + reporter <- ps::CleanupReporter(testthat::SummaryReporter)$new()
     + results <- test_check("callr", reporter = reporter)
     + failed <- sum(vapply(results, FUN.VALUE = integer(1), function(r) {
     + sum(vapply(
     + r$results,
     + FUN.VALUE = logical(1),
     + inherits, "expectation_error"))
     + }))
     + if (failed) stop("Test failures", call. = FALSE)
     +
     + } else {
     + ## ps does not support this platform
     +
     + sysname <- tolower(Sys.info()[["sysname"]])
     + if (sysname != "sunos" || Sys.getenv("NOT_CRAN") == "true") {
     + test_check("callr", reporter = "summary")
     + }
     + }
     various bug fixes: .....
     callbacks: ................
     clean-subprocess: ..............................
     errors: ...............................................S....S....S...........................................
     r: .............................................................................S..............
     library path setup: .....................................................................................S....
     messages: .....S....
     options: ......
     presets: .....................
     calling quit(): ............
     r_bg: .....................................S....
     r_process: .....
     r_session messages: ...................
     r_session: ..............................................S......................................S...................
     rcmd_bg: .................
     rcmd_process: ......S....
     rcmd: ..................................................S....
     rscript: .....................S....S....
     spelling: S....
     timeout: ......
     utils: ....................1..........
    
     == Skipped =====================================================================
     1. error traces are merged (@test-error.R#117) - Reason: On CRAN
    
     2. errors in r_bg() are merged (@test-error.R#152) - Reason: On CRAN
    
     3. errors in r_process are merged (@test-error.R#176) - Reason: On CRAN
    
     4. cleans up temp files (@test-eval.R#205) - Reason: On CRAN
    
     5. libpath in system, in R CMD INSTALL (@test-libpath.R#191) - Reason: On CRAN
    
     6. messages in callr::r_bg do not crash session (@test-messages.R#12) - Reason: On CRAN
    
     7. cleans up temporary files (@test-r-bg.R#64) - Reason: On CRAN
    
     8. stdout/stderr from pipe (@test-r-session.R#79) - Reason: On CRAN
    
     9. crash (@test-r-session.R#214) - Reason: On CRAN
    
     10. cleans up temp files (@test-rcmd-process.R#17) - Reason: On CRAN
    
     11. cleans up temp files (@test-rcmd.R#91) - Reason: On CRAN
    
     12. cleans up temporary files (@test-rscript.R#46) - Reason: On CRAN
    
     13. bg process cleans up temporary files (@test-rscript.R#69) - Reason: On CRAN
    
     14. spell check (@test-spelling.R#5) - Reason: On CRAN
    
     == Failed ======================================================================
     -- 1. Failure: default_repos (@test-utils.R#27) -------------------------------
     default_repos() not equal to c(CRAN = def).
     Modes: list, character
    
     == DONE ========================================================================
     Error: Test failures
     Execution halted
Flavor: r-devel-linux-x86_64-debian-clang

Version: 3.4.2
Check: tests
Result: ERROR
     Running ‘testthat.R’ [84s/169s]
    Running the tests in ‘tests/testthat.R’ failed.
    Complete output:
     > library(testthat)
     > library(callr)
     >
     > Sys.unsetenv("R_TESTS")
     >
     > if (ps::ps_is_supported()) {
     + reporter <- ps::CleanupReporter(testthat::SummaryReporter)$new()
     + results <- test_check("callr", reporter = reporter)
     + failed <- sum(vapply(results, FUN.VALUE = integer(1), function(r) {
     + sum(vapply(
     + r$results,
     + FUN.VALUE = logical(1),
     + inherits, "expectation_error"))
     + }))
     + if (failed) stop("Test failures", call. = FALSE)
     +
     + } else {
     + ## ps does not support this platform
     +
     + sysname <- tolower(Sys.info()[["sysname"]])
     + if (sysname != "sunos" || Sys.getenv("NOT_CRAN") == "true") {
     + test_check("callr", reporter = "summary")
     + }
     + }
     various bug fixes: .....
     callbacks: ................
     clean-subprocess: ..............................
     errors: ...............................................S....S....S...........................................
     r: .............................................................................S..............
     library path setup: .....................................................................................S....
     messages: .....S....
     options: ......
     presets: .....................
     calling quit(): ............
     r_bg: .....................................S....
     r_process: .....
     r_session messages: ...................
     r_session: ..............................................S......................................S...................
     rcmd_bg: .................
     rcmd_process: ......S....
     rcmd: ..................................................S....
     rscript: .....................S....S....
     spelling: S....
     timeout: ......
     utils: ....................1..........
    
     ══ Skipped ═════════════════════════════════════════════════════════════════════
     1. error traces are merged (@test-error.R#117) - Reason: On CRAN
    
     2. errors in r_bg() are merged (@test-error.R#152) - Reason: On CRAN
    
     3. errors in r_process are merged (@test-error.R#176) - Reason: On CRAN
    
     4. cleans up temp files (@test-eval.R#205) - Reason: On CRAN
    
     5. libpath in system, in R CMD INSTALL (@test-libpath.R#191) - Reason: On CRAN
    
     6. messages in callr::r_bg do not crash session (@test-messages.R#12) - Reason: On CRAN
    
     7. cleans up temporary files (@test-r-bg.R#64) - Reason: On CRAN
    
     8. stdout/stderr from pipe (@test-r-session.R#79) - Reason: On CRAN
    
     9. crash (@test-r-session.R#214) - Reason: On CRAN
    
     10. cleans up temp files (@test-rcmd-process.R#17) - Reason: On CRAN
    
     11. cleans up temp files (@test-rcmd.R#91) - Reason: On CRAN
    
     12. cleans up temporary files (@test-rscript.R#46) - Reason: On CRAN
    
     13. bg process cleans up temporary files (@test-rscript.R#69) - Reason: On CRAN
    
     14. spell check (@test-spelling.R#5) - Reason: On CRAN
    
     ══ Failed ══════════════════════════════════════════════════════════════════════
     ── 1. Failure: default_repos (@test-utils.R#27) ───────────────────────────────
     default_repos() not equal to c(CRAN = def).
     Modes: list, character
    
     ══ DONE ════════════════════════════════════════════════════════════════════════
     Error: Test failures
     Execution halted
Flavor: r-devel-linux-x86_64-debian-gcc

Version: 3.4.2
Check: tests
Result: ERROR
     Running ‘testthat.R’ [121s/288s]
    Running the tests in ‘tests/testthat.R’ failed.
    Complete output:
     > library(testthat)
     > library(callr)
     >
     > Sys.unsetenv("R_TESTS")
     >
     > if (ps::ps_is_supported()) {
     + reporter <- ps::CleanupReporter(testthat::SummaryReporter)$new()
     + results <- test_check("callr", reporter = reporter)
     + failed <- sum(vapply(results, FUN.VALUE = integer(1), function(r) {
     + sum(vapply(
     + r$results,
     + FUN.VALUE = logical(1),
     + inherits, "expectation_error"))
     + }))
     + if (failed) stop("Test failures", call. = FALSE)
     +
     + } else {
     + ## ps does not support this platform
     +
     + sysname <- tolower(Sys.info()[["sysname"]])
     + if (sysname != "sunos" || Sys.getenv("NOT_CRAN") == "true") {
     + test_check("callr", reporter = "summary")
     + }
     + }
     various bug fixes: .....
     callbacks: ................
     clean-subprocess: ..............................
     errors: ...............................................S....S....S...........................................
     r: .............................................................................S..............
     library path setup: .....................................................................................S....
     messages: .....S....
     options: ......
     presets: .....................
     calling quit(): ............
     r_bg: .....................................S....
     r_process: .....
     r_session messages: ...................
     r_session: ..............................................S......................................S...................
     rcmd_bg: .................
     rcmd_process: ......S....
     rcmd: ..................................................S....
     rscript: .....................S....S....
     spelling: S....
     timeout: ......
     utils: ....................1..........
    
     ══ Skipped ═════════════════════════════════════════════════════════════════════
     1. error traces are merged (@test-error.R#117) - Reason: On CRAN
    
     2. errors in r_bg() are merged (@test-error.R#152) - Reason: On CRAN
    
     3. errors in r_process are merged (@test-error.R#176) - Reason: On CRAN
    
     4. cleans up temp files (@test-eval.R#205) - Reason: On CRAN
    
     5. libpath in system, in R CMD INSTALL (@test-libpath.R#191) - Reason: On CRAN
    
     6. messages in callr::r_bg do not crash session (@test-messages.R#12) - Reason: On CRAN
    
     7. cleans up temporary files (@test-r-bg.R#64) - Reason: On CRAN
    
     8. stdout/stderr from pipe (@test-r-session.R#79) - Reason: On CRAN
    
     9. crash (@test-r-session.R#214) - Reason: On CRAN
    
     10. cleans up temp files (@test-rcmd-process.R#17) - Reason: On CRAN
    
     11. cleans up temp files (@test-rcmd.R#91) - Reason: On CRAN
    
     12. cleans up temporary files (@test-rscript.R#46) - Reason: On CRAN
    
     13. bg process cleans up temporary files (@test-rscript.R#69) - Reason: On CRAN
    
     14. spell check (@test-spelling.R#5) - Reason: On CRAN
    
     ══ Failed ══════════════════════════════════════════════════════════════════════
     ── 1. Failure: default_repos (@test-utils.R#27) ───────────────────────────────
     default_repos() not equal to c(CRAN = def).
     Modes: list, character
    
     ══ DONE ════════════════════════════════════════════════════════════════════════
     Error: Test failures
     Execution halted
Flavor: r-devel-linux-x86_64-fedora-clang

Version: 3.4.2
Check: tests
Result: ERROR
     Running ‘testthat.R’ [113s/134s]
    Running the tests in ‘tests/testthat.R’ failed.
    Complete output:
     > library(testthat)
     > library(callr)
     >
     > Sys.unsetenv("R_TESTS")
     >
     > if (ps::ps_is_supported()) {
     + reporter <- ps::CleanupReporter(testthat::SummaryReporter)$new()
     + results <- test_check("callr", reporter = reporter)
     + failed <- sum(vapply(results, FUN.VALUE = integer(1), function(r) {
     + sum(vapply(
     + r$results,
     + FUN.VALUE = logical(1),
     + inherits, "expectation_error"))
     + }))
     + if (failed) stop("Test failures", call. = FALSE)
     +
     + } else {
     + ## ps does not support this platform
     +
     + sysname <- tolower(Sys.info()[["sysname"]])
     + if (sysname != "sunos" || Sys.getenv("NOT_CRAN") == "true") {
     + test_check("callr", reporter = "summary")
     + }
     + }
     various bug fixes: .....
     callbacks: ................
     clean-subprocess: ..............................
     errors: ...............................................S....S....S...........................................
     r: .............................................................................S..............
     library path setup: .....................................................................................S....
     messages: .....S....
     options: ......
     presets: .....................
     calling quit(): ............
     r_bg: .....................................S....
     r_process: .....
     r_session messages: ...................
     r_session: ..............................................S......................................S...................
     rcmd_bg: .................
     rcmd_process: ......S....
     rcmd: ..................................................S....
     rscript: .....................S....S....
     spelling: S....
     timeout: ......
     utils: ....................1..........
    
     ══ Skipped ═════════════════════════════════════════════════════════════════════
     1. error traces are merged (@test-error.R#117) - Reason: On CRAN
    
     2. errors in r_bg() are merged (@test-error.R#152) - Reason: On CRAN
    
     3. errors in r_process are merged (@test-error.R#176) - Reason: On CRAN
    
     4. cleans up temp files (@test-eval.R#205) - Reason: On CRAN
    
     5. libpath in system, in R CMD INSTALL (@test-libpath.R#191) - Reason: On CRAN
    
     6. messages in callr::r_bg do not crash session (@test-messages.R#12) - Reason: On CRAN
    
     7. cleans up temporary files (@test-r-bg.R#64) - Reason: On CRAN
    
     8. stdout/stderr from pipe (@test-r-session.R#79) - Reason: On CRAN
    
     9. crash (@test-r-session.R#214) - Reason: On CRAN
    
     10. cleans up temp files (@test-rcmd-process.R#17) - Reason: On CRAN
    
     11. cleans up temp files (@test-rcmd.R#91) - Reason: On CRAN
    
     12. cleans up temporary files (@test-rscript.R#46) - Reason: On CRAN
    
     13. bg process cleans up temporary files (@test-rscript.R#69) - Reason: On CRAN
    
     14. spell check (@test-spelling.R#5) - Reason: On CRAN
    
     ══ Failed ══════════════════════════════════════════════════════════════════════
     ── 1. Failure: default_repos (@test-utils.R#27) ───────────────────────────────
     default_repos() not equal to c(CRAN = def).
     Modes: list, character
    
     ══ DONE ════════════════════════════════════════════════════════════════════════
     Error: Test failures
     Execution halted
Flavor: r-devel-linux-x86_64-fedora-gcc