CRAN Package Check Results for Package camsRad

Last updated on 2019-01-24 09:49:28 CET.

Flavor Version Tinstall Tcheck Ttotal Status Flags
r-devel-linux-x86_64-debian-clang 0.3.0 0.77 20.92 21.69 OK
r-devel-linux-x86_64-debian-gcc 0.3.0 0.79 16.64 17.43 OK
r-devel-linux-x86_64-fedora-clang 0.3.0 25.65 OK
r-devel-linux-x86_64-fedora-gcc 0.3.0 24.19 OK
r-devel-windows-ix86+x86_64 0.3.0 4.00 57.00 61.00 OK
r-patched-linux-x86_64 0.3.0 0.97 19.22 20.19 OK
r-patched-solaris-x86 0.3.0 37.20 OK
r-release-linux-x86_64 0.3.0 0.93 18.96 19.89 OK
r-release-windows-ix86+x86_64 0.3.0 2.00 44.00 46.00 OK
r-release-osx-x86_64 0.3.0 OK
r-oldrel-windows-ix86+x86_64 0.3.0 3.00 35.00 38.00 OK
r-oldrel-osx-x86_64 0.3.0 NOTE

Check Details

Version: 0.3.0
Check: package dependencies
Result: NOTE
    Package suggested but not available for checking: ‘ncdf4’
Flavor: r-oldrel-osx-x86_64