CRAN Package Check Results for Package camsRad

Last updated on 2018-05-26 18:46:20 CEST.

Flavor Version Tinstall Tcheck Ttotal Status Flags
r-devel-linux-x86_64-debian-clang 0.3.0 1.00 20.32 21.32 OK
r-devel-linux-x86_64-debian-gcc 0.3.0 0.78 15.98 16.76 OK
r-devel-linux-x86_64-fedora-clang 0.3.0 24.68 OK
r-devel-linux-x86_64-fedora-gcc 0.3.0 24.45 OK
r-devel-windows-ix86+x86_64 0.3.0 2.00 42.00 44.00 OK
r-patched-linux-x86_64 0.3.0 0.93 19.01 19.94 OK
r-patched-solaris-x86 0.3.0 37.60 OK
r-release-linux-x86_64 0.3.0 0.94 18.95 19.89 OK
r-release-windows-ix86+x86_64 0.3.0 3.00 40.00 43.00 OK
r-release-osx-x86_64 0.3.0 OK
r-oldrel-windows-ix86+x86_64 0.3.0 3.00 31.00 34.00 OK
r-oldrel-osx-x86_64 0.3.0 NOTE

Check Details

Version: 0.3.0
Check: package dependencies
Result: NOTE
    Package suggested but not available for checking: ‘ncdf4’
Flavor: r-oldrel-osx-x86_64