CRAN Package Check Results for Package camsRad

Last updated on 2018-10-19 06:47:45 CEST.

Flavor Version Tinstall Tcheck Ttotal Status Flags
r-devel-linux-x86_64-debian-clang 0.3.0 1.00 21.15 22.15 OK
r-devel-linux-x86_64-debian-gcc 0.3.0 0.83 16.99 17.82 OK
r-devel-linux-x86_64-fedora-clang 0.3.0 25.81 OK
r-devel-linux-x86_64-fedora-gcc 0.3.0 24.86 OK
r-devel-windows-ix86+x86_64 0.3.0 3.00 34.00 37.00 OK
r-patched-linux-x86_64 0.3.0 0.90 19.03 19.93 OK
r-patched-solaris-x86 0.3.0 36.70 OK
r-release-linux-x86_64 0.3.0 0.69 19.16 19.85 OK
r-release-windows-ix86+x86_64 0.3.0 3.00 45.00 48.00 OK
r-release-osx-x86_64 0.3.0 OK
r-oldrel-windows-ix86+x86_64 0.3.0 2.00 43.00 45.00 OK
r-oldrel-osx-x86_64 0.3.0 NOTE

Check Details

Version: 0.3.0
Check: package dependencies
Result: NOTE
    Package suggested but not available for checking: ‘ncdf4’
Flavor: r-oldrel-osx-x86_64