CRAN Package Check Results for Package camsRad

Last updated on 2018-08-17 21:47:59 CEST.

Flavor Version Tinstall Tcheck Ttotal Status Flags
r-devel-linux-x86_64-debian-clang 0.3.0 1.08 20.91 21.99 OK
r-devel-linux-x86_64-debian-gcc 0.3.0 0.82 16.84 17.66 OK
r-devel-linux-x86_64-fedora-clang 0.3.0 26.15 OK
r-devel-linux-x86_64-fedora-gcc 0.3.0 24.78 OK
r-devel-windows-ix86+x86_64 0.3.0 4.00 47.00 51.00 OK
r-patched-linux-x86_64 0.3.0 0.85 19.21 20.06 OK
r-patched-solaris-x86 0.3.0 38.60 OK
r-release-linux-x86_64 0.3.0 0.94 19.32 20.26 OK
r-release-windows-ix86+x86_64 0.3.0 4.00 41.00 45.00 OK
r-release-osx-x86_64 0.3.0 OK
r-oldrel-windows-ix86+x86_64 0.3.0 2.00 40.00 42.00 OK
r-oldrel-osx-x86_64 0.3.0 NOTE

Check Details

Version: 0.3.0
Check: package dependencies
Result: NOTE
    Package suggested but not available for checking: ‘ncdf4’
Flavor: r-oldrel-osx-x86_64