CRAN Package Check Results for Package camtrapR

Last updated on 2019-02-16 13:46:11 CET.

Flavor Version Tinstall Tcheck Ttotal Status Flags
r-devel-linux-x86_64-debian-clang 1.0 15.68 186.38 202.06 OK
r-devel-linux-x86_64-debian-gcc 1.0 11.70 150.74 162.44 OK
r-devel-linux-x86_64-fedora-clang 1.0 264.80 OK
r-devel-linux-x86_64-fedora-gcc 1.0 243.99 OK
r-devel-windows-ix86+x86_64 1.0 37.00 253.00 290.00 WARN
r-patched-linux-x86_64 1.0 13.52 161.91 175.43 OK
r-patched-solaris-x86 1.0 264.30 OK --no-vignettes
r-release-linux-x86_64 1.0 OK
r-release-windows-ix86+x86_64 1.0 25.00 186.00 211.00 OK
r-release-osx-x86_64 1.0 WARN
r-oldrel-windows-ix86+x86_64 1.0 36.00 667.00 703.00 OK
r-oldrel-osx-x86_64 1.0 WARN

Check Details

Version: 1.0
Check: re-building of vignette outputs
Result: WARN
    Error(s) in re-building vignettes:
    --- re-building 'DataExploration.Rmd' using rmarkdown
    Loading required package: sp
    rgdal: version: 1.3-6, (SVN revision 773)
     Geospatial Data Abstraction Library extensions to R successfully loaded
     Loaded GDAL runtime: GDAL 2.2.3, released 2017/11/20
     Path to GDAL shared files: D:/temp/RtmpkZxOjP/RLIBS_e23082882d/rgdal/gdal
     GDAL binary built with GEOS: TRUE
     Loaded PROJ.4 runtime: Rel. 4.9.3, 15 August 2016, [PJ_VERSION: 493]
     Path to PROJ.4 shared files: D:/temp/RtmpkZxOjP/RLIBS_e23082882d/rgdal/proj
     Linking to sp version: 1.3-1
    --- finished re-building 'DataExploration.Rmd'
    
    --- re-building 'DataExtraction.Rmd' using rmarkdown
    --- finished re-building 'DataExtraction.Rmd'
    
    --- re-building 'ImageOrganisation.Rmd' using rmarkdown
    Warning: [minor] Entries in IFD0 were out of sequence. Fixed. - D:/temp/Rtmp4K9MEb/raw_images/StationA/IMG0001.JPG
    Warning: [minor] Entries in IFD0 were out of sequence. Fixed. - D:/temp/Rtmp4K9MEb/raw_images/StationA/IMG0002.JPG
    Warning: [minor] Entries in IFD0 were out of sequence. Fixed. - D:/temp/Rtmp4K9MEb/raw_images/StationA/IMG0003.JPG
    Warning: [minor] Entries in IFD0 were out of sequence. Fixed. - D:/temp/Rtmp4K9MEb/raw_images/StationB/IMG0001.JPG
    Warning: [minor] Entries in IFD0 were out of sequence. Fixed. - D:/temp/Rtmp4K9MEb/raw_images/StationB/IMG0002.JPG
    Warning: [minor] Entries in IFD0 were out of sequence. Fixed. - D:/temp/Rtmp4K9MEb/raw_images/StationB/IMG0003.JPG
    Warning: [minor] Entries in IFD0 were out of sequence. Fixed. - D:/temp/Rtmp4K9MEb/sample_images/StationA/PBE/StationA__2009-04-21__00-40-00(1).JPG
    Warning: [minor] Entries in IFD0 were out of sequence. Fixed. - D:/temp/Rtmp4K9MEb/sample_images/StationA/PBE/StationA__2009-04-22__20-19-00(1).JPG
    Warning: [minor] Entries in IFD0 were out of sequence. Fixed. - D:/temp/Rtmp4K9MEb/sample_images/StationA/PBE/StationA__2009-04-22__20-21-00(1).JPG
    Warning: [minor] Entries in IFD0 were out of sequence. Fixed. - D:/temp/Rtmp4K9MEb/sample_images/StationA/PBE/StationA__2009-04-23__00-07-00(1).JPG
    Warning: [minor] Entries in IFD0 were out of sequence. Fixed. - D:/temp/Rtmp4K9MEb/sample_images/StationA/PBE/StationA__2009-04-23__00-09-00(1).JPG
    Warning: [minor] Entries in IFD0 were out of sequence. Fixed. - D:/temp/Rtmp4K9MEb/sample_images/StationA/PBE/StationA__2009-05-07__17-11-00(1).JPG
    Warning: [minor] Entries in IFD0 were out of sequence. Fixed. - D:/temp/Rtmp4K9MEb/sample_images/StationA/VTA/StationA__2009-04-10__05-07-00(1).JPG
    Warning: [minor] Entries in IFD0 were out of sequence. Fixed. - D:/temp/Rtmp4K9MEb/sample_images/StationA/VTA/StationA__2009-05-06__19-06-00(1).JPG
    Warning: [minor] Entries in IFD0 were out of sequence. Fixed. - D:/temp/Rtmp4K9MEb/sample_images/StationB/MNE/StationB__2009-04-15__07-21-00(1).JPG
    Warning: [minor] Entries in IFD0 were out of sequence. Fixed. - D:/temp/Rtmp4K9MEb/sample_images/StationB/MNE/StationB__2009-04-15__07-23-00(1).JPG
    Warning: [minor] Entries in IFD0 were out of sequence. Fixed. - D:/temp/Rtmp4K9MEb/sample_images/StationB/MNE/StationB__2009-04-28__17-47-00(1).JPG
    Warning: [minor] Entries in IFD0 were out of sequence. Fixed. - D:/temp/Rtmp4K9MEb/sample_images/StationB/MNE/StationB__2009-04-28__17-47-00(2).JPG
    Warning: [minor] Entries in IFD0 were out of sequence. Fixed. - D:/temp/Rtmp4K9MEb/sample_images/StationB/MNE/StationB__2009-04-28__17-48-00(1).JPG
    Warning: [minor] Entries in IFD0 were out of sequence. Fixed. - D:/temp/Rtmp4K9MEb/sample_images/StationB/MNE/StationB__2009-04-28__17-48-00(2).JPG
    Warning: [minor] Entries in IFD0 were out of sequence. Fixed. - D:/temp/Rtmp4K9MEb/sample_images/StationB/MNE/StationB__2009-04-28__17-48-00(3).JPG
    Warning: [minor] Entries in IFD0 were out of sequence. Fixed. - D:/temp/Rtmp4K9MEb/sample_images/StationB/MNE/StationB__2009-04-28__17-49-00(1).JPG
    Warning: [minor] Entries in IFD0 were out of sequence. Fixed. - D:/temp/Rtmp4K9MEb/sample_images/StationB/MNE/StationB__2009-04-28__17-49-00(2).JPG
    Warning: [minor] Entries in IFD0 were out of sequence. Fixed. - D:/temp/Rtmp4K9MEb/sample_images/StationB/MNE/StationB__2009-04-28__17-49-00(3).JPG
    Warning: [minor] Entries in IFD0 were out of sequence. Fixed. - D:/temp/Rtmp4K9MEb/sample_images/StationB/NO_ID/StationB__2009-05-07__18-45-00(1).JPG
    Warning: [minor] Entries in IFD0 were out of sequence. Fixed. - D:/temp/Rtmp4K9MEb/sample_images/StationB/PBE/StationB__2009-04-05__00-11-00(1).JPG
    Warning: [minor] Entries in IFD0 were out of sequence. Fixed. - D:/temp/Rtmp4K9MEb/sample_images/StationB/PBE/StationB__2009-04-05__23-13-00(1).JPG
    Warning: [minor] Entries in IFD0 were out of sequence. Fixed. - D:/temp/Rtmp4K9MEb/sample_images/StationB/PBE/StationB__2009-04-07__00-23-00(1).JPG
    Warning: [minor] Entries in IFD0 were out of sequence. Fixed. - D:/temp/Rtmp4K9MEb/sample_images/StationB/PBE/StationB__2009-04-10__04-07-00(1).JPG
    Warning: [minor] Entries in IFD0 were out of sequence. Fixed. - D:/temp/Rtmp4K9MEb/sample_images/StationB/PBE/StationB__2009-04-10__04-08-00(1).JPG
    Warning: [minor] Entries in IFD0 were out of sequence. Fixed. - D:/temp/Rtmp4K9MEb/sample_images/StationB/PBE/StationB__2009-04-14__06-13-00(1).JPG
    Warning: [minor] Entries in IFD0 were out of sequence. Fixed. - D:/temp/Rtmp4K9MEb/sample_images/StationB/PBE/StationB__2009-04-24__22-54-00(1).JPG
    Warning: [minor] Entries in IFD0 were out of sequence. Fixed. - D:/temp/Rtmp4K9MEb/sample_images/StationB/PBE/StationB__2009-04-25__04-33-00(1).JPG
    Warning: [minor] Entries in IFD0 were out of sequence. Fixed. - D:/temp/Rtmp4K9MEb/sample_images/StationB/PBE/StationB__2009-04-25__04-33-00(2).JPG
    Warning: [minor] Entries in IFD0 were out of sequence. Fixed. - D:/temp/Rtmp4K9MEb/sample_images/StationB/PBE/StationB__2009-05-14__02-11-00(1).JPG
    Warning: [minor] Entries in IFD0 were out of sequence. Fixed. - D:/temp/Rtmp4K9MEb/sample_images/StationB/VTA/StationB__2009-04-15__19-12-00(1).JPG
    Warning: [minor] Entries in IFD0 were out of sequence. Fixed. - D:/temp/Rtmp4K9MEb/sample_images/StationB/VTA/StationB__2009-04-27__05-07-00(1).JPG
    Warning: [minor] Entries in IFD0 were out of sequence. Fixed. - D:/temp/Rtmp4K9MEb/sample_images/StationC/EGY/StationC__2009-04-06__03-49-00(1).JPG
    Warning: [minor] Entries in IFD0 were out of sequence. Fixed. - D:/temp/Rtmp4K9MEb/sample_images/StationC/EGY/StationC__2009-04-12__20-26-00(1).JPG
    Warning: [minor] Entries in IFD0 were out of sequence. Fixed. - D:/temp/Rtmp4K9MEb/sample_images/StationC/EGY/StationC__2009-04-12__20-26-00(2).JPG
    Warning: [minor] Entries in IFD0 were out of sequence. Fixed. - D:/temp/Rtmp4K9MEb/sample_images/StationC/EGY/StationC__2009-04-23__02-25-00(1).JPG
    Warning: [minor] Entries in IFD0 were out of sequence. Fixed. - D:/temp/Rtmp4K9MEb/sample_images/StationC/EGY/StationC__2009-04-23__02-27-00(1).JPG
    Warning: [minor] Entries in IFD0 were out of sequence. Fixed. - D:/temp/Rtmp4K9MEb/sample_images/StationC/EGY/StationC__2009-04-25__03-09-00(1).JPG
    Warning: [minor] Entries in IFD0 were out of sequence. Fixed. - D:/temp/Rtmp4K9MEb/sample_images/StationC/EGY/StationC__2009-04-27__00-17-00(1).JPG
    Warning: [minor] Entries in IFD0 were out of sequence. Fixed. - D:/temp/Rtmp4K9MEb/sample_images/StationC/EGY/StationC__2009-05-02__03-35-00(1).JPG
    Warning: [minor] Entries in IFD0 were out of sequence. Fixed. - D:/temp/Rtmp4K9MEb/sample_images/StationC/EGY/StationC__2009-05-02__03-36-00(1).JPG
    Warning: [minor] Entries in IFD0 were out of sequence. Fixed. - D:/temp/Rtmp4K9MEb/sample_images/StationC/PBE/StationC__2009-04-06__03-00-00(1).JPG
    Warning: [minor] Entries in IFD0 were out of sequence. Fixed. - D:/temp/Rtmp4K9MEb/sample_images/StationC/PBE/StationC__2009-04-06__03-00-00(2).JPG
    Warning: [minor] Entries in IFD0 were out of sequence. Fixed. - D:/temp/Rtmp4K9MEb/sample_images/StationC/PBE/StationC__2009-04-14__23-30-00(1).JPG
    Warning: [minor] Entries in IFD0 were out of sequence. Fixed. - D:/temp/Rtmp4K9MEb/sample_images/StationC/PBE/StationC__2009-04-14__23-30-00(2).JPG
    Warning: [minor] Entries in IFD0 were out of sequence. Fixed. - D:/temp/Rtmp4K9MEb/sample_images/StationC/PBE/StationC__2009-04-18__22-57-00(1).JPG
    Warning: [minor] Entries in IFD0 were out of sequence. Fixed. - D:/temp/Rtmp4K9MEb/sample_images/StationC/PBE/StationC__2009-04-23__03-33-00(1).JPG
    Warning: [minor] Entries in IFD0 were out of sequence. Fixed. - D:/temp/Rtmp4K9MEb/sample_images/StationC/PBE/StationC__2009-04-23__03-34-00(1).JPG
    Warning: [minor] Entries in IFD0 were out of sequence. Fixed. - D:/temp/Rtmp4K9MEb/sample_images/StationC/PBE/StationC__2009-05-05__18-24-00(1).JPG
    Warning: [minor] Entries in IFD0 were out of sequence. Fixed. - D:/temp/Rtmp4K9MEb/sample_images/StationC/PBE/StationC__2009-05-05__18-25-00(1).JPG
    Warning: [minor] Entries in IFD0 were out of sequence. Fixed. - D:/temp/Rtmp4K9MEb/sample_images/StationC/PBE/StationC__2009-05-07__18-47-00(1).JPG
    Warning: [minor] Entries in IFD0 were out of sequence. Fixed. - D:/temp/Rtmp4K9MEb/sample_images/StationC/TRA/StationC__2009-04-11__21-44-00(1).JPG
    Warning: [minor] Entries in IFD0 were out of sequence. Fixed. - D:/temp/Rtmp4K9MEb/sample_images/StationC/TRA/StationC__2009-04-11__21-46-00(1).JPG
    Warning: [minor] Entries in IFD0 were out of sequence. Fixed. - D:/temp/Rtmp4K9MEb/sample_images/StationC/TRA/StationC__2009-04-11__21-46-00(2).JPG
    Warning: [minor] Entries in IFD0 were out of sequence. Fixed. - D:/temp/Rtmp4K9MEb/sample_images/StationC/TRA/StationC__2009-04-13__22-38-00(1).JPG
    Warning: [minor] Entries in IFD0 were out of sequence. Fixed. - D:/temp/Rtmp4K9MEb/sample_images/StationC/TRA/StationC__2009-04-13__22-38-00(2).JPG
    Warning: [minor] Entries in IFD0 were out of sequence. Fixed. - D:/temp/Rtmp4K9MEb/sample_images/StationC/TRA/StationC__2009-04-14__00-18-00(1).JPG
    Warning: [minor] Entries in IFD0 were out of sequence. Fixed. - D:/temp/Rtmp4K9MEb/sample_images/StationC/TRA/StationC__2009-04-14__00-18-00(2).JPG
    Warning: [minor] Entries in IFD0 were out of sequence. Fixed. - D:/temp/Rtmp4K9MEb/sample_images/StationC/TRA/StationC__2009-04-24__19-26-00(1).JPG
    Warning: [minor] Entries in IFD0 were out of sequence. Fixed. - D:/temp/Rtmp4K9MEb/sample_images/StationC/TRA/StationC__2009-04-24__19-27-00(1).JPG
    Warning: [minor] Entries in IFD0 were out of sequence. Fixed. - D:/temp/Rtmp4K9MEb/sample_images/StationC/TRA/StationC__2009-04-27__00-19-00(1).JPG
    Warning: [minor] Entries in IFD0 were out of sequence. Fixed. - D:/temp/Rtmp4K9MEb/sample_images/StationC/TRA/StationC__2009-04-27__00-20-00(1).JPG
    Warning: [minor] Entries in IFD0 were out of sequence. Fixed. - D:/temp/Rtmp4K9MEb/sample_images/StationC/TRA/StationC__2009-05-01__20-10-00(1).JPG
    Warning: [minor] Entries in IFD0 were out of sequence. Fixed. - D:/temp/Rtmp4K9MEb/sample_images/StationC/TRA/StationC__2009-05-01__20-12-00(1).JPG
    Warning: [minor] Entries in IFD0 were out of sequence. Fixed. - D:/temp/Rtmp4K9MEb/sample_images/StationC/TRA/StationC__2009-05-02__00-10-00(1).JPG
    Warning: [minor] Entries in IFD0 were out of sequence. Fixed. - D:/temp/Rtmp4K9MEb/sample_images/StationC/TRA/StationC__2009-05-02__00-11-00(1).JPG
    Warning: [minor] Entries in IFD0 were out of sequence. Fixed. - D:/temp/Rtmp4K9MEb/sample_images/StationC/TRA/StationC__2009-05-12__02-32-00(1).JPG
    Warning: [minor] Entries in IFD0 were out of sequence. Fixed. - D:/temp/Rtmp4K9MEb/sample_images/StationC/TRA/StationC__2009-05-12__02-34-00(1).JPG
    Warning: [minor] Entries in IFD0 were out of sequence. Fixed. - D:/temp/Rtmp4K9MEb/sample_images/StationC/VTA/StationC__2009-04-24__02-57-00(1).JPG
    --- finished re-building 'ImageOrganisation.Rmd'
    
    --- re-building 'SpeciesIndividualIdentification.Rmd' using rmarkdown
    Quitting from lines 182-205 (SpeciesIndividualIdentification.Rmd)
    Error: processing vignette 'SpeciesIndividualIdentification.Rmd' failed with diagnostics:
    Failed to connect to www.itis.gov port 443: Timed out
    --- failed re-building 'SpeciesIndividualIdentification.Rmd'
    
    SUMMARY: processing the following file failed:
     'SpeciesIndividualIdentification.Rmd'
    
    Error: Vignette re-building failed.
    Execution halted
Flavor: r-devel-windows-ix86+x86_64

Version: 1.0
Check: re-building of vignette outputs
Result: WARN
    Error in re-building vignettes:
     ...
    Warning in engine$weave(file, quiet = quiet, encoding = enc) :
     Pandoc (>= 1.12.3) and/or pandoc-citeproc not available. Falling back to R Markdown v1.
    Loading required package: sp
    rgdal: version: 1.3-6, (SVN revision 773)
     Geospatial Data Abstraction Library extensions to R successfully loaded
     Loaded GDAL runtime: GDAL 2.1.3, released 2017/20/01
     Path to GDAL shared files: /Volumes/SSD-Data/Builds/R-dev-web/QA/Simon/packages/el-capitan-x86_64/Rlib/3.5/rgdal/gdal
     GDAL binary built with GEOS: FALSE
     Loaded PROJ.4 runtime: Rel. 4.9.3, 15 August 2016, [PJ_VERSION: 493]
     Path to PROJ.4 shared files: /Volumes/SSD-Data/Builds/R-dev-web/QA/Simon/packages/el-capitan-x86_64/Rlib/3.5/rgdal/proj
     Linking to sp version: 1.3-1
    Warning in engine$weave(file, quiet = quiet, encoding = enc) :
     Pandoc (>= 1.12.3) and/or pandoc-citeproc not available. Falling back to R Markdown v1.
    Quitting from lines 50-54 (DataExtraction.Rmd)
    Error: processing vignette 'DataExtraction.Rmd' failed with diagnostics:
    cannot find ExifTool
    Execution halted
Flavor: r-release-osx-x86_64

Version: 1.0
Check: re-building of vignette outputs
Result: WARN
    Error in re-building vignettes:
     ...
    Warning in engine$weave(file, quiet = quiet, encoding = enc) :
     Pandoc (>= 1.12.3) and/or pandoc-citeproc not available. Falling back to R Markdown v1.
    Loading required package: sp
    rgdal: version: 1.3-6, (SVN revision 773)
     Geospatial Data Abstraction Library extensions to R successfully loaded
     Loaded GDAL runtime: GDAL 2.1.3, released 2017/20/01
     Path to GDAL shared files: /Volumes/SSD-Data/Builds/R-dev-web/QA/Simon/packages/el-capitan-x86_64/Rlib/3.4/rgdal/gdal
     GDAL binary built with GEOS: FALSE
     Loaded PROJ.4 runtime: Rel. 4.9.3, 15 August 2016, [PJ_VERSION: 493]
     Path to PROJ.4 shared files: /Volumes/SSD-Data/Builds/R-dev-web/QA/Simon/packages/el-capitan-x86_64/Rlib/3.4/rgdal/proj
     Linking to sp version: 1.3-1
    Warning in engine$weave(file, quiet = quiet, encoding = enc) :
     Pandoc (>= 1.12.3) and/or pandoc-citeproc not available. Falling back to R Markdown v1.
    Quitting from lines 50-54 (DataExtraction.Rmd)
    Error: processing vignette 'DataExtraction.Rmd' failed with diagnostics:
    cannot find ExifTool
    Execution halted
Flavor: r-oldrel-osx-x86_64