CRAN Package Check Results for Package camtrapR

Last updated on 2018-11-17 06:46:35 CET.

Flavor Version Tinstall Tcheck Ttotal Status Flags
r-devel-linux-x86_64-debian-clang 1.0 12.83 164.25 177.08 OK
r-devel-linux-x86_64-debian-gcc 1.0 12.29 133.94 146.23 OK
r-devel-linux-x86_64-fedora-clang 1.0 240.19 OK
r-devel-linux-x86_64-fedora-gcc 1.0 205.63 OK
r-devel-windows-ix86+x86_64 1.0 38.00 278.00 316.00 OK
r-patched-linux-x86_64 1.0 12.48 159.58 172.06 OK
r-patched-solaris-x86 1.0 263.10 OK --no-vignettes
r-release-linux-x86_64 1.0 15.72 157.89 173.61 OK
r-release-windows-ix86+x86_64 1.0 32.00 210.00 242.00 OK
r-release-osx-x86_64 1.0 WARN
r-oldrel-windows-ix86+x86_64 1.0 30.00 328.00 358.00 OK
r-oldrel-osx-x86_64 1.0 WARN

Check Details

Version: 1.0
Check: re-building of vignette outputs
Result: WARN
    Error in re-building vignettes:
     ...
    Warning in engine$weave(file, quiet = quiet, encoding = enc) :
     Pandoc (>= 1.12.3) and/or pandoc-citeproc not available. Falling back to R Markdown v1.
    Loading required package: sp
    rgdal: version: 1.3-6, (SVN revision 773)
     Geospatial Data Abstraction Library extensions to R successfully loaded
     Loaded GDAL runtime: GDAL 2.1.3, released 2017/20/01
     Path to GDAL shared files: /Volumes/SSD-Data/Builds/R-dev-web/QA/Simon/packages/el-capitan-x86_64/Rlib/3.5/rgdal/gdal
     GDAL binary built with GEOS: FALSE
     Loaded PROJ.4 runtime: Rel. 4.9.3, 15 August 2016, [PJ_VERSION: 493]
     Path to PROJ.4 shared files: /Volumes/SSD-Data/Builds/R-dev-web/QA/Simon/packages/el-capitan-x86_64/Rlib/3.5/rgdal/proj
     Linking to sp version: 1.3-1
    Warning in engine$weave(file, quiet = quiet, encoding = enc) :
     Pandoc (>= 1.12.3) and/or pandoc-citeproc not available. Falling back to R Markdown v1.
    Quitting from lines 50-54 (DataExtraction.Rmd)
    Error: processing vignette 'DataExtraction.Rmd' failed with diagnostics:
    cannot find ExifTool
    Execution halted
Flavor: r-release-osx-x86_64

Version: 1.0
Check: re-building of vignette outputs
Result: WARN
    Error in re-building vignettes:
     ...
    Warning in engine$weave(file, quiet = quiet, encoding = enc) :
     Pandoc (>= 1.12.3) and/or pandoc-citeproc not available. Falling back to R Markdown v1.
    Loading required package: sp
    rgdal: version: 1.3-6, (SVN revision 773)
     Geospatial Data Abstraction Library extensions to R successfully loaded
     Loaded GDAL runtime: GDAL 2.1.3, released 2017/20/01
     Path to GDAL shared files: /Volumes/SSD-Data/Builds/R-dev-web/QA/Simon/packages/el-capitan-x86_64/Rlib/3.4/rgdal/gdal
     GDAL binary built with GEOS: FALSE
     Loaded PROJ.4 runtime: Rel. 4.9.3, 15 August 2016, [PJ_VERSION: 493]
     Path to PROJ.4 shared files: /Volumes/SSD-Data/Builds/R-dev-web/QA/Simon/packages/el-capitan-x86_64/Rlib/3.4/rgdal/proj
     Linking to sp version: 1.3-1
    Warning in engine$weave(file, quiet = quiet, encoding = enc) :
     Pandoc (>= 1.12.3) and/or pandoc-citeproc not available. Falling back to R Markdown v1.
    Quitting from lines 50-54 (DataExtraction.Rmd)
    Error: processing vignette 'DataExtraction.Rmd' failed with diagnostics:
    cannot find ExifTool
    Execution halted
Flavor: r-oldrel-osx-x86_64