CRAN Package Check Results for Package camtrapR

Last updated on 2018-02-24 02:50:34 CET.

Flavor Version Tinstall Tcheck Ttotal Status Flags
r-devel-linux-x86_64-debian-clang 0.99.9 14.15 146.19 160.34 OK
r-devel-linux-x86_64-debian-gcc 0.99.9 11.92 123.46 135.38 OK
r-devel-linux-x86_64-fedora-clang 0.99.9 200.47 OK
r-devel-linux-x86_64-fedora-gcc 0.99.9 194.13 OK
r-devel-windows-ix86+x86_64 0.99.9 35.00 246.00 281.00 OK
r-patched-linux-x86_64 0.99.9 9.01 167.65 176.66 OK
r-patched-solaris-x86 0.99.9 224.50 OK --no-vignettes
r-release-linux-x86_64 0.99.9 8.23 169.22 177.45 OK
r-release-windows-ix86+x86_64 0.99.9 27.00 308.00 335.00 OK
r-release-osx-x86_64 0.99.9 WARN
r-oldrel-windows-ix86+x86_64 0.99.9 19.00 207.00 226.00 OK
r-oldrel-osx-x86_64 0.99.9 WARN

Check Details

Version: 0.99.9
Check: re-building of vignette outputs
Result: WARN
    Error in re-building vignettes:
     ...
    Warning in engine$weave(file, quiet = quiet, encoding = enc) :
     Pandoc (>= 1.12.3) and/or pandoc-citeproc not available. Falling back to R Markdown v1.
    Loading required package: sp
    rgdal: version: 1.2-13, (SVN revision 686)
     Geospatial Data Abstraction Library extensions to R successfully loaded
     Loaded GDAL runtime: GDAL 2.1.3, released 2017/20/01
     Path to GDAL shared files: /Volumes/SSD-Data/Builds/R-dev-web/QA/Simon/packages/el-capitan-x86_64/Rlib/3.4/rgdal/gdal
     Loaded PROJ.4 runtime: Rel. 4.9.3, 15 August 2016, [PJ_VERSION: 493]
     Path to PROJ.4 shared files: /Volumes/SSD-Data/Builds/R-dev-web/QA/Simon/packages/el-capitan-x86_64/Rlib/3.4/rgdal/proj
     Linking to sp version: 1.2-5
    Warning in engine$weave(file, quiet = quiet, encoding = enc) :
     Pandoc (>= 1.12.3) and/or pandoc-citeproc not available. Falling back to R Markdown v1.
    Quitting from lines 50-54 (DataExtraction.Rmd)
    Error: processing vignette 'DataExtraction.Rmd' failed with diagnostics:
    cannot find ExifTool
    Execution halted
Flavor: r-release-osx-x86_64

Version: 0.99.9
Check: re-building of vignette outputs
Result: WARN
    Error in re-building vignettes:
     ...
    Warning in engine$weave(file, quiet = quiet, encoding = enc) :
     Pandoc (>= 1.12.3) and/or pandoc-citeproc not available. Falling back to R Markdown v1.
    Loading required package: sp
    rgdal: version: 1.2-13, (SVN revision 686)
     Geospatial Data Abstraction Library extensions to R successfully loaded
     Loaded GDAL runtime: GDAL 2.1.2, released 2016/10/24
     Path to GDAL shared files: /Builds/CRAN-QA-Simon/packages/mavericks-x86_64/Rlib/3.3/rgdal/gdal
     Loaded PROJ.4 runtime: Rel. 4.9.1, 04 March 2015, [PJ_VERSION: 491]
     Path to PROJ.4 shared files: /Builds/CRAN-QA-Simon/packages/mavericks-x86_64/Rlib/3.3/rgdal/proj
     Linking to sp version: 1.2-5
    Warning in engine$weave(file, quiet = quiet, encoding = enc) :
     Pandoc (>= 1.12.3) and/or pandoc-citeproc not available. Falling back to R Markdown v1.
    Quitting from lines 50-54 (DataExtraction.Rmd)
    Error: processing vignette 'DataExtraction.Rmd' failed with diagnostics:
    cannot find ExifTool
    Execution halted
Flavor: r-oldrel-osx-x86_64