CRAN Package Check Results for Package camtrapR

Last updated on 2022-08-17 21:52:34 CEST.

Flavor Version Tinstall Tcheck Ttotal Status Flags
r-devel-linux-x86_64-debian-clang 2.2.0 54.07 471.66 525.73 OK
r-devel-linux-x86_64-debian-gcc 2.2.0 OK
r-devel-linux-x86_64-fedora-clang 2.2.0 681.45 NOTE
r-devel-linux-x86_64-fedora-gcc 2.2.0 681.80 OK
r-devel-windows-x86_64 2.2.0 1134.00 414.00 1548.00 NOTE
r-patched-linux-x86_64 2.2.0 58.85 437.79 496.64 OK
r-release-linux-x86_64 2.2.0 58.59 449.28 507.87 OK
r-release-macos-arm64 2.2.0 125.00 NOTE
r-release-macos-x86_64 2.2.0 181.00 NOTE
r-release-windows-x86_64 2.2.0 1261.00 419.00 1680.00 NOTE
r-oldrel-macos-arm64 2.2.0 116.00 NOTE
r-oldrel-macos-x86_64 2.2.0 175.00 NOTE
r-oldrel-windows-ix86+x86_64 2.2.0 104.00 468.00 572.00 NOTE

Check Details

Version: 2.2.0
Check: installed package size
Result: NOTE
     installed size is 7.3Mb
     sub-directories of 1Mb or more:
     doc 2.2Mb
     pictures 4.2Mb
Flavors: r-devel-linux-x86_64-fedora-clang, r-devel-windows-x86_64, r-release-macos-arm64, r-release-macos-x86_64, r-release-windows-x86_64, r-oldrel-macos-arm64, r-oldrel-macos-x86_64, r-oldrel-windows-ix86+x86_64

Version: 2.2.0
Check: Rd cross-references
Result: NOTE
    Undeclared package ‘plotrix’ in Rd xrefs
Flavor: r-devel-linux-x86_64-fedora-clang