CRAN Package Check Results for Package canadianmaps

Last updated on 2022-12-01 06:52:40 CET.

Flavor Version Tinstall Tcheck Ttotal Status Flags
r-devel-linux-x86_64-debian-clang 1.0.0 5.82 45.63 51.45 OK
r-devel-linux-x86_64-debian-gcc 1.0.0 5.50 35.30 40.80 OK
r-devel-linux-x86_64-fedora-clang 1.0.0 75.57 NOTE
r-devel-linux-x86_64-fedora-gcc 1.0.0 70.68 NOTE
r-devel-windows-x86_64 1.0.0 38.00 74.00 112.00 OK
r-patched-linux-x86_64 1.0.0 5.16 43.18 48.34 OK
r-release-linux-x86_64 1.0.0 5.08 42.57 47.65 OK
r-release-macos-arm64 1.0.0 25.00 NOTE
r-release-macos-x86_64 1.0.0 52.00 NOTE
r-release-windows-x86_64 1.0.0 19.00 73.00 92.00 OK
r-oldrel-macos-arm64 1.0.0 20.00 NOTE
r-oldrel-macos-x86_64 1.0.0 33.00 NOTE
r-oldrel-windows-ix86+x86_64 1.0.0 14.00 66.00 80.00 OK

Check Details

Version: 1.0.0
Check: data for non-ASCII characters
Result: NOTE
     Note: found 512 marked UTF-8 strings
Flavors: r-devel-linux-x86_64-fedora-clang, r-devel-linux-x86_64-fedora-gcc, r-release-macos-arm64, r-release-macos-x86_64, r-oldrel-macos-arm64, r-oldrel-macos-x86_64