Last updated on 2022-05-26 18:48:59 CEST.
Flavor | Version | Tinstall | Tcheck | Ttotal | Status | Flags |
---|---|---|---|---|---|---|
r-devel-linux-x86_64-debian-clang | 1.0.0 | 13.01 | 124.32 | 137.33 | NOTE | |
r-devel-linux-x86_64-debian-gcc | 1.0.0 | 11.70 | 105.26 | 116.96 | NOTE | |
r-devel-linux-x86_64-fedora-clang | 1.0.0 | 161.98 | NOTE | |||
r-devel-linux-x86_64-fedora-gcc | 1.0.0 | 159.09 | NOTE | |||
r-devel-windows-x86_64 | 1.0.0 | 31.00 | 137.00 | 168.00 | OK | |
r-patched-linux-x86_64 | 1.0.0 | 11.01 | 116.44 | 127.45 | NOTE | |
r-release-linux-x86_64 | 1.0.0 | 10.97 | 115.82 | 126.79 | NOTE | |
r-release-macos-arm64 | 1.0.0 | 42.00 | OK | |||
r-release-macos-x86_64 | 1.0.0 | 77.00 | OK | |||
r-release-windows-x86_64 | 1.0.0 | 31.00 | 134.00 | 165.00 | OK | |
r-oldrel-macos-arm64 | 1.0.0 | 79.00 | OK | |||
r-oldrel-macos-x86_64 | 1.0.0 | 121.00 | OK | |||
r-oldrel-windows-ix86+x86_64 | 1.0.0 | 30.00 | 129.00 | 159.00 | OK |
Version: 1.0.0
Check: for non-standard things in the check directory
Result: NOTE
Found the following files/directories:
'tmp.txt'
Flavors: r-devel-linux-x86_64-debian-clang, r-devel-linux-x86_64-debian-gcc, r-devel-linux-x86_64-fedora-clang, r-devel-linux-x86_64-fedora-gcc, r-patched-linux-x86_64, r-release-linux-x86_64