CRAN Package Check Results for Package cancerGI

Last updated on 2018-02-20 17:47:33 CET.

Flavor Version Tinstall Tcheck Ttotal Status Flags
r-devel-linux-x86_64-debian-clang 1.0.0 4.65 79.16 83.81 OK
r-devel-linux-x86_64-debian-gcc 1.0.0 4.71 62.09 66.80 OK
r-devel-windows-ix86+x86_64 1.0.0 12.00 85.00 97.00 OK
r-patched-linux-x86_64 1.0.0 6.78 83.83 90.61 OK
r-patched-solaris-x86 1.0.0 163.30 OK
r-release-linux-x86_64 1.0.0 6.41 81.41 87.82 OK
r-release-windows-ix86+x86_64 1.0.0 18.00 126.00 144.00 OK
r-release-osx-x86_64 1.0.0 ERROR
r-oldrel-windows-ix86+x86_64 1.0.0 17.00 115.00 132.00 OK
r-oldrel-osx-x86_64 1.0.0 OK

Check Details

Version: 1.0.0
Check: package dependencies
Result: ERROR
    Package required but not available: ‘qvalue’
    
    See section ‘The DESCRIPTION file’ in the ‘Writing R Extensions’
    manual.
Flavor: r-release-osx-x86_64