CRAN Package Check Results for Package canvasXpress

Last updated on 2019-01-23 22:48:18 CET.

Flavor Version Tinstall Tcheck Ttotal Status Flags
r-devel-linux-x86_64-debian-clang 1.22.6 1.91 33.81 35.72 OK
r-devel-linux-x86_64-debian-gcc 1.22.9 1.52 28.13 29.65 OK
r-devel-linux-x86_64-fedora-clang 1.22.9 42.53 OK
r-devel-linux-x86_64-fedora-gcc 1.22.9 40.30 OK
r-devel-windows-ix86+x86_64 1.22.6 10.00 78.00 88.00 OK
r-patched-linux-x86_64 1.22.6 1.77 30.56 32.33 OK
r-patched-solaris-x86 1.22.9 53.40 OK
r-release-linux-x86_64 1.22.9 1.44 30.88 32.32 OK
r-release-windows-ix86+x86_64 1.22.6 4.00 74.00 78.00 OK
r-release-osx-x86_64 1.22.6 OK
r-oldrel-windows-ix86+x86_64 1.22.9 6.00 68.00 74.00 OK
r-oldrel-osx-x86_64 1.21.6 ERROR

Check Details

Version: 1.21.6
Check: tests
Result: ERROR
     Running ‘cX-ui-functions.R’ [2s/2s]
     Running ‘cX-ui-generated-test-setup.R’ [0s/0s]
     Running ‘testthat.R’ [6s/7s]
    Running the tests in ‘tests/testthat.R’ failed.
    Last 13 lines of output:
     >
     > test_check("canvasXpress")
     ── 1. Error: scatterplot webshotPrint (@test-other-webshot-print.R#18) ────────
     Saving a widget with selfcontained = TRUE requires pandoc. For details see:
     https://github.com/rstudio/rmarkdown/blob/master/PANDOC.md
     1: htmlwidgets::saveWidget(result, file = temp.html) at testthat/test-other-webshot-print.R:18
     2: stop("Saving a widget with selfcontained = TRUE requires pandoc. For details see:\n",
     "https://github.com/rstudio/rmarkdown/blob/master/PANDOC.md")
    
     ══ testthat results ═══════════════════════════════════════════════════════════
     OK: 660 SKIPPED: 0 FAILED: 1
     1. Error: scatterplot webshotPrint (@test-other-webshot-print.R#18)
    
     Error: testthat unit tests failed
     Execution halted
Flavor: r-oldrel-osx-x86_64