CRAN Package Check Results for Package cape

Last updated on 2018-08-22 04:48:59 CEST.

Flavor Version Tinstall Tcheck Ttotal Status Flags
r-devel-linux-x86_64-debian-clang 2.0.2 16.95 227.78 244.73 OK
r-devel-linux-x86_64-debian-gcc 2.0.2 13.63 176.09 189.72 OK
r-devel-linux-x86_64-fedora-clang 2.0.2 288.32 OK
r-devel-linux-x86_64-fedora-gcc 2.0.2 277.18 OK
r-devel-windows-ix86+x86_64 2.0.2 28.00 404.00 432.00 OK
r-patched-linux-x86_64 2.0.2 15.84 211.53 227.37 OK
r-patched-solaris-x86 2.0.2 809.50 OK
r-release-linux-x86_64 2.0.2 12.80 210.02 222.82 OK
r-release-windows-ix86+x86_64 2.0.2 41.00 344.00 385.00 OK
r-release-osx-x86_64 2.0.2 OK
r-oldrel-windows-ix86+x86_64 2.0.2 17.00 484.00 501.00 OK
r-oldrel-osx-x86_64 2.0.2 NOTE

Check Details

Version: 2.0.2
Check: re-building of vignette outputs
Result: NOTE
    Error in re-building vignettes:
     ...
    Removing 14 individuals due to missing phenotypes.
    
    
    2 marker(s) rejected due to linear non-independence.
     For more information see markers.removed.for.non.independence.txt
    Error in texi2dvi(file = file, pdf = TRUE, clean = clean, quiet = quiet, :
     Running 'texi2dvi' on 'cape.tex' failed.
    LaTeX errors:
    ! LaTeX Error: File `hyphenat.sty' not found.
    
    Type X to quit or <RETURN> to proceed,
    or enter new name. (Default extension: sty)
    
    ! Emergency stop.
    <read *>
    
    l.14 \usepackage
     [english]{babel}^^M
    ! ==> Fatal error occurred, no output PDF file produced!
    Calls: buildVignettes -> texi2pdf -> texi2dvi
    Execution halted
Flavor: r-oldrel-osx-x86_64