CRAN Package Check Results for Package cape

Last updated on 2018-11-14 18:47:44 CET.

Flavor Version Tinstall Tcheck Ttotal Status Flags
r-devel-linux-x86_64-debian-clang 2.0.2 16.98 230.53 247.51 OK
r-devel-linux-x86_64-debian-gcc 2.0.2 11.93 179.94 191.87 OK
r-devel-linux-x86_64-fedora-clang 2.0.2 293.03 OK
r-devel-linux-x86_64-fedora-gcc 2.0.2 274.07 OK
r-devel-windows-ix86+x86_64 2.0.2 22.00 417.00 439.00 OK
r-patched-linux-x86_64 2.0.2 13.16 211.48 224.64 OK
r-patched-solaris-x86 2.0.2 819.30 OK
r-release-linux-x86_64 2.0.2 14.09 208.38 222.47 OK
r-release-windows-ix86+x86_64 2.0.2 42.00 339.00 381.00 OK
r-release-osx-x86_64 2.0.2 OK
r-oldrel-windows-ix86+x86_64 2.0.2 31.00 376.00 407.00 OK
r-oldrel-osx-x86_64 2.0.2 NOTE

Check Details

Version: 2.0.2
Check: re-building of vignette outputs
Result: NOTE
    Error in re-building vignettes:
     ...
    Removing 14 individuals due to missing phenotypes.
    
    
    2 marker(s) rejected due to linear non-independence.
     For more information see markers.removed.for.non.independence.txt
    Error in texi2dvi(file = file, pdf = TRUE, clean = clean, quiet = quiet, :
     Running 'texi2dvi' on 'cape.tex' failed.
    LaTeX errors:
    ! LaTeX Error: File `hyphenat.sty' not found.
    
    Type X to quit or <RETURN> to proceed,
    or enter new name. (Default extension: sty)
    
    ! Emergency stop.
    <read *>
    
    l.14 \usepackage
     [english]{babel}^^M
    ! ==> Fatal error occurred, no output PDF file produced!
    Calls: buildVignettes -> texi2pdf -> texi2dvi
    Execution halted
Flavor: r-oldrel-osx-x86_64