CRAN Package Check Results for Package cape

Last updated on 2019-02-15 20:46:40 CET.

Flavor Version Tinstall Tcheck Ttotal Status Flags
r-devel-linux-x86_64-debian-clang 2.0.2 15.67 224.81 240.48 OK
r-devel-linux-x86_64-debian-gcc 2.0.2 13.00 169.06 182.06 OK
r-devel-linux-x86_64-fedora-clang 2.0.2 278.79 OK
r-devel-linux-x86_64-fedora-gcc 2.0.2 275.07 OK
r-devel-windows-ix86+x86_64 2.0.2 38.00 464.00 502.00 OK
r-patched-linux-x86_64 2.0.2 17.91 209.98 227.89 OK
r-patched-solaris-x86 2.0.2 785.50 OK
r-release-linux-x86_64 2.0.2 14.64 210.10 224.74 OK
r-release-windows-ix86+x86_64 2.0.2 33.00 484.00 517.00 OK
r-release-osx-x86_64 2.0.2 OK
r-oldrel-windows-ix86+x86_64 2.0.2 28.00 509.00 537.00 OK
r-oldrel-osx-x86_64 2.0.2 NOTE

Check Details

Version: 2.0.2
Check: re-building of vignette outputs
Result: NOTE
    Error in re-building vignettes:
     ...
    Removing 14 individuals due to missing phenotypes.
    
    
    2 marker(s) rejected due to linear non-independence.
     For more information see markers.removed.for.non.independence.txt
    Error in texi2dvi(file = file, pdf = TRUE, clean = clean, quiet = quiet, :
     Running 'texi2dvi' on 'cape.tex' failed.
    LaTeX errors:
    ! LaTeX Error: File `hyphenat.sty' not found.
    
    Type X to quit or <RETURN> to proceed,
    or enter new name. (Default extension: sty)
    
    ! Emergency stop.
    <read *>
    
    l.14 \usepackage
     [english]{babel}^^M
    ! ==> Fatal error occurred, no output PDF file produced!
    Calls: buildVignettes -> texi2pdf -> texi2dvi
    Execution halted
Flavor: r-oldrel-osx-x86_64