CRAN Package Check Results for Package cape

Last updated on 2018-05-22 07:50:00 CEST.

Flavor Version Tinstall Tcheck Ttotal Status Flags
r-devel-linux-x86_64-debian-clang 2.0.2 14.91 182.21 197.12 OK
r-devel-linux-x86_64-debian-gcc 2.0.2 12.37 155.79 168.16 OK
r-devel-linux-x86_64-fedora-clang 2.0.2 265.19 OK
r-devel-linux-x86_64-fedora-gcc 2.0.2 254.63 OK
r-devel-windows-ix86+x86_64 2.0.2 27.00 310.00 337.00 OK
r-patched-linux-x86_64 2.0.2 12.08 192.32 204.40 OK
r-patched-solaris-x86 2.0.2 721.80 OK
r-release-linux-x86_64 2.0.2 14.29 192.78 207.07 OK
r-release-windows-ix86+x86_64 2.0.2 21.00 421.00 442.00 OK
r-release-osx-x86_64 2.0.2 OK
r-oldrel-windows-ix86+x86_64 2.0.2 25.00 432.00 457.00 OK
r-oldrel-osx-x86_64 2.0.2 NOTE

Check Details

Version: 2.0.2
Check: re-building of vignette outputs
Result: NOTE
    Error in re-building vignettes:
     ...
    Removing 14 individuals due to missing phenotypes.
    
    
    2 marker(s) rejected due to linear non-independence.
     For more information see markers.removed.for.non.independence.txt
    Error in texi2dvi(file = file, pdf = TRUE, clean = clean, quiet = quiet, :
     Running 'texi2dvi' on 'cape.tex' failed.
    LaTeX errors:
    ! LaTeX Error: File `hyphenat.sty' not found.
    
    Type X to quit or <RETURN> to proceed,
    or enter new name. (Default extension: sty)
    
    ! Emergency stop.
    <read *>
    
    l.14 \usepackage
     [english]{babel}^^M
    ! ==> Fatal error occurred, no output PDF file produced!
    Calls: buildVignettes -> texi2pdf -> texi2dvi
    Execution halted
Flavor: r-oldrel-osx-x86_64