CRAN Package Check Results for Package carData

Last updated on 2022-12-09 20:51:09 CET.

Flavor Version Tinstall Tcheck Ttotal Status Flags
r-devel-linux-x86_64-debian-clang 3.0-5 3.55 27.30 30.85 NOTE
r-devel-linux-x86_64-debian-gcc 3.0-5 2.72 21.66 24.38 NOTE
r-devel-linux-x86_64-fedora-clang 3.0-5 50.90 NOTE
r-devel-linux-x86_64-fedora-gcc 3.0-5 48.31 NOTE
r-devel-windows-x86_64 3.0-5 29.00 67.00 96.00 NOTE
r-patched-linux-x86_64 3.0-5 5.23 23.57 28.80 OK
r-release-linux-x86_64 3.0-5 3.94 24.05 27.99 OK
r-release-macos-arm64 3.0-5 16.00 OK
r-release-macos-x86_64 3.0-5 21.00 OK
r-release-windows-x86_64 3.0-5 34.00 67.00 101.00 OK
r-oldrel-macos-arm64 3.0-5 26.00 OK
r-oldrel-macos-x86_64 3.0-5 22.00 OK
r-oldrel-windows-ix86+x86_64 3.0-5 16.00 50.00 66.00 OK

Check Details

Version: 3.0-5
Check: Rd files
Result: NOTE
    checkRd: (-1) States.Rd:48: Escaped LaTeX specials: \$
Flavors: r-devel-linux-x86_64-debian-clang, r-devel-linux-x86_64-debian-gcc, r-devel-linux-x86_64-fedora-clang, r-devel-linux-x86_64-fedora-gcc, r-devel-windows-x86_64