Last updated on 2021-02-27 08:50:29 CET.
Flavor | Version | Tinstall | Tcheck | Ttotal | Status | Flags |
---|---|---|---|---|---|---|
r-devel-linux-x86_64-debian-clang | 3.0-4 | 3.69 | 20.67 | 24.36 | OK | |
r-devel-linux-x86_64-debian-gcc | 3.0-4 | 2.74 | 16.57 | 19.31 | OK | |
r-devel-linux-x86_64-fedora-clang | 3.0-4 | 39.63 | NOTE | |||
r-devel-linux-x86_64-fedora-gcc | 3.0-4 | 30.32 | OK | |||
r-devel-windows-ix86+x86_64 | 3.0-4 | 8.00 | 24.00 | 32.00 | OK | |
r-patched-linux-x86_64 | 3.0-4 | 3.52 | 20.77 | 24.29 | OK | |
r-patched-solaris-x86 | 3.0-4 | 43.40 | OK | |||
r-release-linux-x86_64 | 3.0-4 | 4.15 | 21.04 | 25.19 | OK | |
r-release-macos-x86_64 | 3.0-4 | OK | ||||
r-release-windows-ix86+x86_64 | 3.0-4 | 7.00 | 27.00 | 34.00 | OK | |
r-oldrel-macos-x86_64 | 3.0-4 | OK | ||||
r-oldrel-windows-ix86+x86_64 | 3.0-4 | 9.00 | 40.00 | 49.00 | OK |
Version: 3.0-4
Check: Rd cross-references
Result: NOTE
Undeclared package ‘car’ in Rd xrefs
Flavor: r-devel-linux-x86_64-fedora-clang