CRAN Package Check Results for Package carat

Last updated on 2024-02-28 08:54:22 CET.

Flavor Version Tinstall Tcheck Ttotal Status Flags
r-devel-linux-x86_64-debian-clang 2.2.1 105.31 86.27 191.58 OK
r-devel-linux-x86_64-debian-gcc 2.2.1 74.12 63.81 137.93 OK
r-devel-linux-x86_64-fedora-clang 2.2.1 226.94 OK
r-devel-linux-x86_64-fedora-gcc 2.2.1 239.68 OK
r-devel-windows-x86_64 2.2.1 66.00 103.00 169.00 OK
r-patched-linux-x86_64 2.2.1 87.50 81.23 168.73 OK
r-release-linux-x86_64 2.2.1 87.45 81.42 168.87 OK
r-release-macos-arm64 2.2.1 80.00 NOTE
r-release-macos-x86_64 2.2.1 130.00 NOTE
r-release-windows-x86_64 2.2.1 83.00 125.00 208.00 OK
r-oldrel-macos-arm64 2.2.1 69.00 NOTE
r-oldrel-windows-x86_64 2.2.1 80.00 123.00 203.00 OK

Check Details

Version: 2.2.1
Check: installed package size
Result: NOTE installed size is 10.7Mb sub-directories of 1Mb or more: libs 10.2Mb Flavors: r-release-macos-arm64, r-release-macos-x86_64, r-oldrel-macos-arm64