CRAN Package Check Results for Package carat

Last updated on 2022-05-27 06:51:19 CEST.

Flavor Version Tinstall Tcheck Ttotal Status Flags
r-devel-linux-x86_64-debian-clang 2.0.2 98.97 98.78 197.75 OK
r-devel-linux-x86_64-debian-gcc 2.0.2 71.43 72.61 144.04 OK
r-devel-linux-x86_64-fedora-clang 2.0.2 254.95 NOTE
r-devel-linux-x86_64-fedora-gcc 2.0.2 230.35 OK
r-devel-windows-x86_64 2.0.2 74.00 139.00 213.00 OK
r-patched-linux-x86_64 2.0.2 73.19 90.03 163.22 OK
r-release-linux-x86_64 2.0.2 78.47 91.46 169.93 OK
r-release-macos-arm64 2.0.2 63.00 NOTE
r-release-macos-x86_64 2.0.2 99.00 NOTE
r-release-windows-x86_64 2.0.2 73.00 137.00 210.00 OK
r-oldrel-macos-arm64 2.0.2 70.00 NOTE
r-oldrel-macos-x86_64 2.0.2 74.00 NOTE
r-oldrel-windows-ix86+x86_64 2.0.2 184.00 153.00 337.00 OK

Check Details

Version: 2.0.2
Check: installed package size
Result: NOTE
     installed size is 7.0Mb
     sub-directories of 1Mb or more:
     libs 6.6Mb
Flavors: r-devel-linux-x86_64-fedora-clang, r-release-macos-arm64, r-release-macos-x86_64, r-oldrel-macos-arm64, r-oldrel-macos-x86_64