CRAN Package Check Results for Package caret

Last updated on 2018-04-24 19:53:50 CEST.

Flavor Version Tinstall Tcheck Ttotal Status Flags
r-devel-linux-x86_64-debian-clang 6.0-79 31.42 266.77 298.19 OK
r-devel-linux-x86_64-debian-gcc 6.0-79 26.71 202.65 229.36 OK
r-devel-linux-x86_64-fedora-clang 6.0-79 362.87 NOTE
r-devel-linux-x86_64-fedora-gcc 6.0-79 345.76 NOTE
r-devel-windows-ix86+x86_64 6.0-79 60.00 308.00 368.00 NOTE --no-vignettes
r-patched-linux-x86_64 6.0-79 32.43 260.87 293.30 OK
r-patched-solaris-x86 6.0-79 471.10 NOTE
r-release-linux-x86_64 6.0-79 23.25 258.74 281.99 OK
r-release-windows-ix86+x86_64 6.0-79 60.00 308.00 368.00 NOTE --no-vignettes
r-release-osx-x86_64 6.0-79 NOTE
r-oldrel-windows-ix86+x86_64 6.0-79 25.00 511.00 536.00 NOTE --no-vignettes
r-oldrel-osx-x86_64 6.0-79 NOTE

Check Details

Version: 6.0-79
Check: installed package size
Result: NOTE
     installed size is 6.4Mb
     sub-directories of 1Mb or more:
     R 1.0Mb
     data 1.5Mb
     models 2.4Mb
Flavors: r-devel-linux-x86_64-fedora-clang, r-devel-linux-x86_64-fedora-gcc, r-patched-solaris-x86, r-release-osx-x86_64, r-oldrel-osx-x86_64

Version: 6.0-79
Flags: --no-vignettes
Check: installed package size
Result: NOTE
     installed size is 6.4Mb
     sub-directories of 1Mb or more:
     R 1.0Mb
     data 1.5Mb
     models 2.4Mb
Flavors: r-devel-windows-ix86+x86_64, r-release-windows-ix86+x86_64, r-oldrel-windows-ix86+x86_64