CRAN Package Check Results for Package caret

Last updated on 2018-08-15 21:48:27 CEST.

Flavor Version Tinstall Tcheck Ttotal Status Flags
r-devel-linux-x86_64-debian-clang 6.0-80 32.08 305.17 337.25 OK
r-devel-linux-x86_64-debian-gcc 6.0-80 24.11 235.15 259.26 OK
r-devel-linux-x86_64-fedora-clang 6.0-80 395.17 NOTE
r-devel-linux-x86_64-fedora-gcc 6.0-80 377.95 OK
r-devel-windows-ix86+x86_64 6.0-80 47.00 371.00 418.00 NOTE --no-vignettes
r-patched-linux-x86_64 6.0-80 30.05 272.80 302.85 OK
r-patched-solaris-x86 6.0-80 484.70 NOTE
r-release-linux-x86_64 6.0-80 27.43 275.09 302.52 OK
r-release-windows-ix86+x86_64 6.0-80 44.00 507.00 551.00 NOTE --no-vignettes
r-release-osx-x86_64 6.0-80 NOTE
r-oldrel-windows-ix86+x86_64 6.0-80 41.00 492.00 533.00 NOTE --no-vignettes
r-oldrel-osx-x86_64 6.0-80 NOTE

Check Details

Version: 6.0-80
Check: installed package size
Result: NOTE
     installed size is 6.5Mb
     sub-directories of 1Mb or more:
     R 1.1Mb
     data 1.5Mb
     models 2.4Mb
Flavors: r-devel-linux-x86_64-fedora-clang, r-patched-solaris-x86, r-release-osx-x86_64, r-oldrel-osx-x86_64

Version: 6.0-80
Flags: --no-vignettes
Check: installed package size
Result: NOTE
     installed size is 6.4Mb
     sub-directories of 1Mb or more:
     R 1.1Mb
     data 1.5Mb
     models 2.4Mb
Flavors: r-devel-windows-ix86+x86_64, r-release-windows-ix86+x86_64, r-oldrel-windows-ix86+x86_64