CRAN Package Check Results for Package caret

Last updated on 2019-02-16 13:46:11 CET.

Flavor Version Tinstall Tcheck Ttotal Status Flags
r-devel-linux-x86_64-debian-clang 6.0-81 29.19 434.65 463.84 OK
r-devel-linux-x86_64-debian-gcc 6.0-81 23.72 243.64 267.36 OK
r-devel-linux-x86_64-fedora-clang 6.0-81 417.12 NOTE
r-devel-linux-x86_64-fedora-gcc 6.0-81 361.74 OK
r-devel-windows-ix86+x86_64 6.0-81 54.00 358.00 412.00 NOTE --no-vignettes
r-patched-linux-x86_64 6.0-81 27.96 290.75 318.71 OK
r-patched-solaris-x86 6.0-81 462.80 NOTE
r-release-linux-x86_64 6.0-81 OK
r-release-windows-ix86+x86_64 6.0-81 37.00 441.00 478.00 NOTE --no-vignettes
r-release-osx-x86_64 6.0-81 NOTE
r-oldrel-windows-ix86+x86_64 6.0-81 40.00 595.00 635.00 NOTE --no-vignettes
r-oldrel-osx-x86_64 6.0-81 NOTE

Check Details

Version: 6.0-81
Check: installed package size
Result: NOTE
     installed size is 6.5Mb
     sub-directories of 1Mb or more:
     R 1.1Mb
     data 1.5Mb
     models 2.4Mb
Flavors: r-devel-linux-x86_64-fedora-clang, r-patched-solaris-x86, r-release-osx-x86_64, r-oldrel-osx-x86_64

Version: 6.0-81
Flags: --no-vignettes
Check: installed package size
Result: NOTE
     installed size is 6.5Mb
     sub-directories of 1Mb or more:
     R 1.1Mb
     data 1.5Mb
     models 2.4Mb
Flavors: r-devel-windows-ix86+x86_64, r-release-windows-ix86+x86_64, r-oldrel-windows-ix86+x86_64