Last updated on 2023-04-01 02:50:17 CEST.
Flavor | Version | Tinstall | Tcheck | Ttotal | Status | Flags |
---|---|---|---|---|---|---|
r-devel-linux-x86_64-debian-clang | 0.1.1 | 17.98 | 158.70 | 176.68 | OK | |
r-devel-linux-x86_64-debian-gcc | 0.1.1 | 15.19 | 116.32 | 131.51 | OK | |
r-devel-linux-x86_64-fedora-clang | 0.1.1 | 212.20 | OK | |||
r-devel-linux-x86_64-fedora-gcc | 0.1.1 | 217.04 | OK | |||
r-devel-windows-x86_64 | 0.1.1 | 41.00 | 0.00 | 41.00 | OK | |
r-patched-linux-x86_64 | 0.1.1 | 11.49 | 145.57 | 157.06 | OK | |
r-release-linux-x86_64 | 0.1.1 | 11.40 | 146.74 | 158.14 | OK | |
r-release-macos-arm64 | 0.1.1 | 63.00 | OK | |||
r-release-macos-x86_64 | 0.1.1 | 83.00 | OK | |||
r-release-windows-x86_64 | 0.1.1 | 37.00 | 183.00 | 220.00 | OK | |
r-oldrel-macos-arm64 | 0.1.1 | 56.00 | OK | |||
r-oldrel-macos-x86_64 | 0.1.1 | 87.00 | OK | |||
r-oldrel-windows-ix86+x86_64 | 0.1.1 | 39.00 | 174.00 | 213.00 | NOTE |
Version: 0.1.1
Check: R code for possible problems
Result: NOTE
Initiating curl with CURL_SSL_BACKEND: openssl
Flavor: r-oldrel-windows-ix86+x86_64