Last updated on 2023-10-01 08:51:54 CEST.
Flavor | Version | Tinstall | Tcheck | Ttotal | Status | Flags |
---|---|---|---|---|---|---|
r-devel-linux-x86_64-debian-clang | 0.9.0 | 4.92 | 37.27 | 42.19 | OK | |
r-devel-linux-x86_64-debian-gcc | 0.9.0 | 3.51 | 28.85 | 32.36 | OK | |
r-devel-linux-x86_64-fedora-clang | 0.9.0 | 50.50 | NOTE | |||
r-devel-linux-x86_64-fedora-gcc | 0.9.0 | 50.20 | OK | |||
r-devel-windows-x86_64 | 0.9.0 | 4.00 | 55.00 | 59.00 | OK | |
r-patched-linux-x86_64 | 0.9.0 | 5.55 | 36.16 | 41.71 | OK | |
r-release-linux-x86_64 | 0.9.0 | 4.82 | 36.33 | 41.15 | OK | |
r-release-macos-arm64 | 0.9.0 | 18.00 | OK | |||
r-release-macos-x86_64 | 0.9.0 | 46.00 | OK | |||
r-release-windows-x86_64 | 0.9.0 | 7.00 | 58.00 | 65.00 | OK | |
r-oldrel-macos-arm64 | 0.9.0 | 20.00 | OK | |||
r-oldrel-macos-x86_64 | 0.9.0 | 27.00 | OK | |||
r-oldrel-windows-x86_64 | 0.9.0 | 9.00 | 62.00 | 71.00 | OK |
Version: 0.9.0
Check: Rd cross-references
Result: NOTE
Undeclared package ‘limma’ in Rd xrefs
Flavor: r-devel-linux-x86_64-fedora-clang