CRAN Package Check Results for Package cartography

Last updated on 2022-12-05 21:54:35 CET.

Flavor Version Tinstall Tcheck Ttotal Status Flags
r-devel-linux-x86_64-debian-clang 3.0.1 28.78 245.17 273.95 OK
r-devel-linux-x86_64-debian-gcc 3.0.1 21.80 181.56 203.36 OK
r-devel-linux-x86_64-fedora-clang 3.0.1 394.10 OK
r-devel-linux-x86_64-fedora-gcc 3.0.1 374.61 OK
r-devel-windows-x86_64 3.0.1 99.00 349.00 448.00 OK
r-patched-linux-x86_64 3.0.1 31.99 237.75 269.74 OK
r-release-linux-x86_64 3.0.1 22.90 231.75 254.65 OK
r-release-macos-arm64 3.0.1 90.00 OK
r-release-macos-x86_64 3.0.1 157.00 OK
r-release-windows-x86_64 3.0.1 101.00 347.00 448.00 OK
r-oldrel-macos-arm64 3.0.1 137.00 OK
r-oldrel-macos-x86_64 3.0.1 138.00 OK
r-oldrel-windows-ix86+x86_64 3.0.1 61.00 604.00 665.00 NOTE

Check Details

Version: 3.0.1
Check: installed package size
Result: NOTE
     installed size is 5.3Mb
     sub-directories of 1Mb or more:
     data 1.2Mb
     doc 1.1Mb
     libs 2.0Mb
Flavor: r-oldrel-windows-ix86+x86_64