CRAN Package Check Results for Package casebase

Last updated on 2018-05-26 14:46:15 CEST.

Flavor Version Tinstall Tcheck Ttotal Status Flags
r-devel-linux-x86_64-debian-clang 0.1.0 3.92 183.81 187.73 OK
r-devel-linux-x86_64-debian-gcc 0.1.0 3.40 129.05 132.45 OK
r-devel-linux-x86_64-fedora-clang 0.1.0 220.97 OK
r-devel-linux-x86_64-fedora-gcc 0.1.0 218.46 OK
r-devel-windows-ix86+x86_64 0.1.0 8.00 220.00 228.00 OK
r-patched-linux-x86_64 0.1.0 3.94 165.23 169.17 NOTE
r-patched-solaris-x86 0.1.0 334.80 OK
r-release-linux-x86_64 0.1.0 3.28 163.46 166.74 NOTE
r-release-windows-ix86+x86_64 0.1.0 11.00 273.00 284.00 OK
r-release-osx-x86_64 0.1.0 OK
r-oldrel-windows-ix86+x86_64 0.1.0 9.00 250.00 259.00 OK
r-oldrel-osx-x86_64 0.1.0 OK

Check Details

Version: 0.1.0
Check: DESCRIPTION meta-information
Result: NOTE
    Dependence on R version ‘3.3.1’ not with patchlevel 0
Flavors: r-patched-linux-x86_64, r-release-linux-x86_64