CRAN Package Check Results for Package casebase

Last updated on 2018-08-17 13:46:17 CEST.

Flavor Version Tinstall Tcheck Ttotal Status Flags
r-devel-linux-x86_64-debian-clang 0.1.0 5.09 185.31 190.40 OK
r-devel-linux-x86_64-debian-gcc 0.1.0 3.79 133.83 137.62 OK
r-devel-linux-x86_64-fedora-clang 0.1.0 223.19 OK
r-devel-linux-x86_64-fedora-gcc 0.1.0 212.95 OK
r-devel-windows-ix86+x86_64 0.1.0 15.00 299.00 314.00 OK
r-patched-linux-x86_64 0.1.0 3.28 169.22 172.50 NOTE
r-patched-solaris-x86 0.1.0 344.60 OK
r-release-linux-x86_64 0.1.0 4.19 170.38 174.57 NOTE
r-release-windows-ix86+x86_64 0.1.0 16.00 294.00 310.00 OK
r-release-osx-x86_64 0.1.0 OK
r-oldrel-windows-ix86+x86_64 0.1.0 12.00 274.00 286.00 OK
r-oldrel-osx-x86_64 0.1.0 OK

Check Details

Version: 0.1.0
Check: DESCRIPTION meta-information
Result: NOTE
    Dependence on R version ‘3.3.1’ not with patchlevel 0
Flavors: r-patched-linux-x86_64, r-release-linux-x86_64