CRAN Package Check Results for Package casebase

Last updated on 2018-10-19 08:48:47 CEST.

Flavor Version Tinstall Tcheck Ttotal Status Flags
r-devel-linux-x86_64-debian-clang 0.1.0 4.74 186.82 191.56 OK
r-devel-linux-x86_64-debian-gcc 0.1.0 3.96 137.48 141.44 OK
r-devel-linux-x86_64-fedora-clang 0.1.0 226.00 OK
r-devel-linux-x86_64-fedora-gcc 0.1.0 218.41 OK
r-devel-windows-ix86+x86_64 0.1.0 16.00 295.00 311.00 OK
r-patched-linux-x86_64 0.1.0 3.78 170.94 174.72 NOTE
r-patched-solaris-x86 0.1.0 346.30 OK
r-release-linux-x86_64 0.1.0 3.42 174.02 177.44 NOTE
r-release-windows-ix86+x86_64 0.1.0 14.00 301.00 315.00 OK
r-release-osx-x86_64 0.1.0 OK
r-oldrel-windows-ix86+x86_64 0.1.0 8.00 341.00 349.00 OK
r-oldrel-osx-x86_64 0.1.0 OK

Check Details

Version: 0.1.0
Check: DESCRIPTION meta-information
Result: NOTE
    Dependence on R version ‘3.3.1’ not with patchlevel 0
Flavors: r-patched-linux-x86_64, r-release-linux-x86_64