CRAN Package Check Results for Package casebase

Last updated on 2019-01-24 11:52:05 CET.

Flavor Version Tinstall Tcheck Ttotal Status Flags
r-devel-linux-x86_64-debian-clang 0.1.0 4.90 245.97 250.87 OK
r-devel-linux-x86_64-debian-gcc 0.1.0 3.70 174.02 177.72 OK
r-devel-linux-x86_64-fedora-clang 0.1.0 251.52 OK
r-devel-linux-x86_64-fedora-gcc 0.1.0 230.88 OK
r-devel-windows-ix86+x86_64 0.1.0 14.00 321.00 335.00 OK
r-patched-linux-x86_64 0.1.0 4.60 208.86 213.46 NOTE
r-patched-solaris-x86 0.1.0 359.80 OK
r-release-linux-x86_64 0.1.0 3.37 202.73 206.10 NOTE
r-release-windows-ix86+x86_64 0.1.0 9.00 298.00 307.00 OK
r-release-osx-x86_64 0.1.0 OK
r-oldrel-windows-ix86+x86_64 0.1.0 13.00 279.00 292.00 OK
r-oldrel-osx-x86_64 0.1.0 OK

Check Details

Version: 0.1.0
Check: DESCRIPTION meta-information
Result: NOTE
    Dependence on R version ‘3.3.1’ not with patchlevel 0
Flavors: r-patched-linux-x86_64, r-release-linux-x86_64