CRAN Package Check Results for Package cat

Last updated on 2023-02-02 21:49:57 CET.

Flavor Version Tinstall Tcheck Ttotal Status Flags
r-devel-linux-x86_64-debian-clang 0.0-7 4.79 32.11 36.90 NOTE
r-devel-linux-x86_64-debian-gcc 0.0-7 3.53 25.34 28.87 NOTE
r-devel-linux-x86_64-fedora-clang 0.0-7 48.80 NOTE
r-devel-linux-x86_64-fedora-gcc 0.0-7 44.15 NOTE
r-devel-windows-x86_64 0.0-7 20.00 62.00 82.00 NOTE
r-patched-linux-x86_64 0.0-7 4.73 32.98 37.71 OK
r-release-linux-x86_64 0.0-7 4.40 32.94 37.34 OK
r-release-macos-arm64 0.0-7 20.00 OK
r-release-macos-x86_64 0.0-7 26.00 OK
r-release-windows-x86_64 0.0-7 11.00 55.00 66.00 OK
r-oldrel-macos-arm64 0.0-7 19.00 OK
r-oldrel-macos-x86_64 0.0-7 27.00 OK
r-oldrel-windows-ix86+x86_64 0.0-7 15.00 62.00 77.00 OK

Check Details

Version: 0.0-7
Check: Rd files
Result: NOTE
    checkRd: (-1) belt.Rd:23: Escaped LaTeX specials: \&
    checkRd: (-1) bipf.Rd:78: Escaped LaTeX specials: \&
    checkRd: (-1) crime.Rd:17: Escaped LaTeX specials: \&
    checkRd: (-1) da.cat.Rd:61: Escaped LaTeX specials: \&
    checkRd: (-1) dabipf.Rd:170: Escaped LaTeX specials: \&
    checkRd: (-1) ecm.cat.Rd:77: Escaped LaTeX specials: \&
    checkRd: (-1) em.cat.Rd:64: Escaped LaTeX specials: \&
    checkRd: (-1) ipf.Rd:74: Escaped LaTeX specials: \&
    checkRd: (-1) logpost.cat.Rd:41: Escaped LaTeX specials: \&
    checkRd: (-1) mda.cat.Rd:67: Escaped LaTeX specials: \&
    checkRd: (-1) mi.inference.Rd:140: Escaped LaTeX specials: \&
    checkRd: (-1) older.Rd:23: Escaped LaTeX specials: \&
    checkRd: (-1) prelim.cat.Rd:67: Escaped LaTeX specials: \&
Flavors: r-devel-linux-x86_64-debian-clang, r-devel-linux-x86_64-debian-gcc, r-devel-linux-x86_64-fedora-clang, r-devel-linux-x86_64-fedora-gcc, r-devel-windows-x86_64