CRAN Package Check Results for Package catcont

Last updated on 2022-05-27 06:51:19 CEST.

Flavor Version Tinstall Tcheck Ttotal Status Flags
r-devel-linux-x86_64-debian-clang 0.5.0 4.56 58.56 63.12 NOTE
r-devel-linux-x86_64-debian-gcc 0.5.0 3.75 43.44 47.19 NOTE
r-devel-linux-x86_64-fedora-clang 0.5.0 75.00 NOTE
r-devel-linux-x86_64-fedora-gcc 0.5.0 73.37 NOTE
r-devel-windows-x86_64 0.5.0 14.00 70.00 84.00 NOTE
r-patched-linux-x86_64 0.5.0 4.32 54.49 58.81 NOTE
r-release-linux-x86_64 0.5.0 4.26 54.96 59.22 NOTE
r-release-macos-arm64 0.5.0 24.00 NOTE
r-release-macos-x86_64 0.5.0 42.00 NOTE
r-release-windows-x86_64 0.5.0 16.00 70.00 86.00 NOTE
r-oldrel-macos-arm64 0.5.0 27.00 NOTE
r-oldrel-macos-x86_64 0.5.0 37.00 NOTE
r-oldrel-windows-ix86+x86_64 0.5.0 12.00 66.00 78.00 NOTE

Check Details

Version: 0.5.0
Check: LazyData
Result: NOTE
     'LazyData' is specified without a 'data' directory
Flavors: r-devel-linux-x86_64-debian-clang, r-devel-linux-x86_64-debian-gcc, r-devel-linux-x86_64-fedora-clang, r-devel-linux-x86_64-fedora-gcc, r-devel-windows-x86_64, r-patched-linux-x86_64, r-release-linux-x86_64, r-release-macos-arm64, r-release-macos-x86_64, r-release-windows-x86_64, r-oldrel-macos-arm64, r-oldrel-macos-x86_64, r-oldrel-windows-ix86+x86_64