CRAN Package Check Results for Package catcont

Last updated on 2024-03-04 04:51:25 CET.

Flavor Version Tinstall Tcheck Ttotal Status Flags
r-devel-linux-x86_64-debian-clang 0.5.0 5.17 42.77 47.94 NOTE
r-devel-linux-x86_64-debian-gcc 0.5.0 3.78 32.86 36.64 NOTE
r-devel-linux-x86_64-fedora-clang 0.5.0 58.24 NOTE
r-devel-linux-x86_64-fedora-gcc 0.5.0 56.42 NOTE
r-devel-windows-x86_64 0.5.0 5.00 51.00 56.00 NOTE
r-patched-linux-x86_64 0.5.0 3.06 41.90 44.96 NOTE
r-release-linux-x86_64 0.5.0 4.90 42.74 47.64 NOTE
r-release-macos-arm64 0.5.0 22.00 NOTE
r-release-macos-x86_64 0.5.0 28.00 NOTE
r-release-windows-x86_64 0.5.0 7.00 55.00 62.00 NOTE
r-oldrel-macos-arm64 0.5.0 24.00 NOTE
r-oldrel-windows-x86_64 0.5.0 6.00 60.00 66.00 NOTE

Check Details

Version: 0.5.0
Check: LazyData
Result: NOTE 'LazyData' is specified without a 'data' directory Flavors: r-devel-linux-x86_64-debian-clang, r-devel-linux-x86_64-debian-gcc, r-devel-linux-x86_64-fedora-clang, r-devel-linux-x86_64-fedora-gcc, r-devel-windows-x86_64, r-patched-linux-x86_64, r-release-linux-x86_64, r-release-macos-arm64, r-release-macos-x86_64, r-release-windows-x86_64, r-oldrel-macos-arm64, r-oldrel-windows-x86_64