CRAN Package Check Results for Package catdata

Last updated on 2018-05-26 02:48:22 CEST.

Flavor Version Tinstall Tcheck Ttotal Status Flags
r-devel-linux-x86_64-debian-clang 1.2.1 1.03 99.67 100.70 OK
r-devel-linux-x86_64-debian-gcc 1.2.1 1.06 80.83 81.89 OK
r-devel-linux-x86_64-fedora-clang 1.2.1 142.55 OK
r-devel-linux-x86_64-fedora-gcc 1.2.1 144.15 OK
r-devel-windows-ix86+x86_64 1.2.1 6.00 139.00 145.00 OK
r-patched-linux-x86_64 1.2.1 1.12 98.44 99.56 OK
r-patched-solaris-x86 1.2.1 162.60 OK
r-release-linux-x86_64 1.2.1 0.95 98.39 99.34 OK
r-release-windows-ix86+x86_64 1.2.1 9.00 205.00 214.00 OK
r-release-osx-x86_64 1.2.1 OK
r-oldrel-windows-ix86+x86_64 1.2.1 9.00 143.00 152.00 OK
r-oldrel-osx-x86_64 1.2.1 OK

Check Details

Version: 1.2.1
Check: examples
Result: FAIL
    
Flavor: r-oldrel-osx-x86_64