CRAN Package Check Results for Package catdata

Last updated on 2018-11-18 21:47:16 CET.

Flavor Version Tinstall Tcheck Ttotal Status Flags
r-devel-linux-x86_64-debian-clang 1.2.1 1.65 103.68 105.33 NOTE
r-devel-linux-x86_64-debian-gcc 1.2.1 1.25 85.62 86.87 NOTE
r-devel-linux-x86_64-fedora-clang 1.2.1 142.60 NOTE
r-devel-linux-x86_64-fedora-gcc 1.2.1 141.51 NOTE
r-devel-windows-ix86+x86_64 1.2.1 7.00 148.00 155.00 OK
r-patched-linux-x86_64 1.2.1 1.24 103.16 104.40 NOTE
r-patched-solaris-x86 1.2.1 177.20 NOTE
r-release-linux-x86_64 1.2.1 1.00 103.34 104.34 NOTE
r-release-windows-ix86+x86_64 1.2.1 9.00 153.00 162.00 OK
r-release-osx-x86_64 1.2.1 OK
r-oldrel-windows-ix86+x86_64 1.2.1 9.00 152.00 161.00 OK
r-oldrel-osx-x86_64 1.2.1 OK

Check Details

Version: 1.2.1
Check: package dependencies
Result: NOTE
    Package suggested but not available for checking: ‘lqa’
Flavors: r-devel-linux-x86_64-debian-clang, r-devel-linux-x86_64-debian-gcc, r-devel-linux-x86_64-fedora-clang, r-devel-linux-x86_64-fedora-gcc, r-patched-linux-x86_64, r-patched-solaris-x86, r-release-linux-x86_64

Version: 1.2.1
Check: examples
Result: FAIL
    
Flavor: r-oldrel-osx-x86_64