CRAN Package Check Results for Package catdata

Last updated on 2018-08-19 22:53:07 CEST.

Flavor Version Tinstall Tcheck Ttotal Status Flags
r-devel-linux-x86_64-debian-clang 1.2.1 1.48 101.16 102.64 NOTE
r-devel-linux-x86_64-debian-gcc 1.2.1 1.27 84.04 85.31 NOTE
r-devel-linux-x86_64-fedora-clang 1.2.1 140.69 NOTE
r-devel-linux-x86_64-fedora-gcc 1.2.1 138.78 NOTE
r-devel-windows-ix86+x86_64 1.2.1 9.00 159.00 168.00 OK
r-patched-linux-x86_64 1.2.1 1.38 100.91 102.29 NOTE
r-patched-solaris-x86 1.2.1 170.00 NOTE
r-release-linux-x86_64 1.2.1 1.25 100.87 102.12 NOTE
r-release-windows-ix86+x86_64 1.2.1 8.00 197.00 205.00 OK
r-release-osx-x86_64 1.2.1 OK
r-oldrel-windows-ix86+x86_64 1.2.1 4.00 136.00 140.00 OK
r-oldrel-osx-x86_64 1.2.1 OK

Check Details

Version: 1.2.1
Check: package dependencies
Result: NOTE
    Package suggested but not available for checking: ‘lqa’
Flavors: r-devel-linux-x86_64-debian-clang, r-devel-linux-x86_64-debian-gcc, r-devel-linux-x86_64-fedora-clang, r-devel-linux-x86_64-fedora-gcc, r-patched-linux-x86_64, r-patched-solaris-x86, r-release-linux-x86_64

Version: 1.2.1
Check: examples
Result: FAIL
    
Flavor: r-oldrel-osx-x86_64