CRAN Package Check Results for Package catdata

Last updated on 2019-02-21 01:50:36 CET.

Flavor Version Tinstall Tcheck Ttotal Status Flags
r-devel-linux-x86_64-debian-clang 1.2.1 1.26 121.14 122.40 NOTE
r-devel-linux-x86_64-debian-gcc 1.2.1 1.14 101.00 102.14 NOTE
r-devel-linux-x86_64-fedora-clang 1.2.1 172.94 NOTE
r-devel-linux-x86_64-fedora-gcc 1.2.1 172.71 NOTE
r-devel-windows-ix86+x86_64 1.2.1 9.00 278.00 287.00 OK
r-patched-linux-x86_64 1.2.1 NOTE
r-patched-solaris-x86 1.2.1 180.80 NOTE
r-release-linux-x86_64 1.2.1 NOTE
r-release-windows-ix86+x86_64 1.2.1 6.00 208.00 214.00 OK
r-release-osx-x86_64 1.2.1 OK
r-oldrel-windows-ix86+x86_64 1.2.1 5.00 160.00 165.00 OK
r-oldrel-osx-x86_64 1.2.1 OK

Check Details

Version: 1.2.1
Check: package dependencies
Result: NOTE
    Package suggested but not available for checking: ‘lqa’
Flavors: r-devel-linux-x86_64-debian-clang, r-devel-linux-x86_64-debian-gcc, r-devel-linux-x86_64-fedora-clang, r-devel-linux-x86_64-fedora-gcc, r-patched-linux-x86_64, r-patched-solaris-x86, r-release-linux-x86_64

Version: 1.2.1
Check: examples
Result: FAIL
    
Flavor: r-oldrel-osx-x86_64