Last updated on 2023-12-06 07:50:09 CET.
Flavor | Version | Tinstall | Tcheck | Ttotal | Status | Flags |
---|---|---|---|---|---|---|
r-devel-linux-x86_64-debian-clang | 1.1.1 | 32.61 | 273.06 | 305.67 | NOTE | |
r-devel-linux-x86_64-debian-gcc | 1.1.1 | 29.53 | 254.73 | 284.26 | NOTE | |
r-devel-linux-x86_64-fedora-clang | 1.1.1 | 458.02 | OK | |||
r-devel-linux-x86_64-fedora-gcc | 1.1.1 | 487.98 | OK | |||
r-devel-windows-x86_64 | 1.1.1 | 31.00 | 253.00 | 284.00 | OK | |
r-patched-linux-x86_64 | 1.1.1 | 28.10 | 326.23 | 354.33 | OK | |
r-release-linux-x86_64 | 1.1.1 | 24.33 | 322.96 | 347.29 | OK | |
r-release-macos-arm64 | 1.1.1 | 129.00 | OK | |||
r-release-macos-x86_64 | 1.1.1 | 264.00 | OK | |||
r-release-windows-x86_64 | 1.1.1 | 39.00 | 312.00 | 351.00 | OK | |
r-oldrel-macos-arm64 | 1.1.1 | 120.00 | OK | |||
r-oldrel-macos-x86_64 | 1.1.1 | 227.00 | OK | |||
r-oldrel-windows-x86_64 | 1.1.1 | 39.00 | 297.00 | 336.00 | OK |
Version: 1.1.1
Check: Rd files
Result: NOTE
checkRd: (-1) gen.sim.data.Rd:73: Lost braces; missing escapes or markup?
73 | Y = X_0 Beta_0^T + X_1 Beta_1^T + Z Gamma^T + E Sigma^{1/2},
| ^
Flavors: r-devel-linux-x86_64-debian-clang, r-devel-linux-x86_64-debian-gcc