CRAN Package Check Results for Package cate

Last updated on 2019-09-18 14:47:44 CEST.

Flavor Version Tinstall Tcheck Ttotal Status Flags
r-devel-linux-x86_64-debian-clang 1.1 20.52 208.07 228.59 OK
r-devel-linux-x86_64-debian-gcc 1.1 16.99 161.71 178.70 OK
r-devel-linux-x86_64-fedora-clang 1.1 293.34 OK
r-devel-linux-x86_64-fedora-gcc 1.1 273.79 OK
r-devel-windows-ix86+x86_64 1.1 79.00 276.00 355.00 OK
r-patched-linux-x86_64 1.1 18.19 200.57 218.76 OK
r-patched-solaris-x86 1.1 407.10 OK
r-release-linux-x86_64 1.1 18.21 200.65 218.86 OK
r-release-windows-ix86+x86_64 1.1 43.00 212.00 255.00 OK
r-release-osx-x86_64 1.1 ERROR
r-oldrel-windows-ix86+x86_64 1.1 23.00 201.00 224.00 OK
r-oldrel-osx-x86_64 1.1 OK

Check Details

Version: 1.1
Check: package dependencies
Result: ERROR
    Packages required but not available: 'sva', 'leapp'
    
    See section ‘The DESCRIPTION file’ in the ‘Writing R Extensions’
    manual.
Flavor: r-release-osx-x86_64