CRAN Package Check Results for Package cate

Last updated on 2018-02-20 11:51:36 CET.

Flavor Version Tinstall Tcheck Ttotal Status Flags
r-devel-linux-x86_64-debian-clang 1.0.4 10.55 190.86 201.41 OK
r-devel-linux-x86_64-debian-gcc 1.0.4 11.38 148.42 159.80 OK
r-devel-windows-ix86+x86_64 1.0.4 17.00 175.00 192.00 OK
r-patched-linux-x86_64 1.0.4 11.33 195.32 206.65 OK
r-patched-solaris-x86 1.0.4 350.40 OK
r-release-linux-x86_64 1.0.4 10.72 190.83 201.55 OK
r-release-windows-ix86+x86_64 1.0.4 32.00 260.00 292.00 OK
r-release-osx-x86_64 1.0.4 ERROR
r-oldrel-windows-ix86+x86_64 1.0.4 24.00 232.00 256.00 OK
r-oldrel-osx-x86_64 1.0.4 OK

Check Details

Version: 1.0.4
Check: package dependencies
Result: ERROR
    Packages required but not available: ‘sva’ ‘leapp’
    
    See section ‘The DESCRIPTION file’ in the ‘Writing R Extensions’
    manual.
Flavor: r-release-osx-x86_64