CRAN Package Check Results for Package catenary

Last updated on 2019-08-23 13:46:49 CEST.

Flavor Version Tinstall Tcheck Ttotal Status Flags
r-devel-linux-x86_64-debian-clang 1.1.2 3.13 52.47 55.60 OK
r-devel-linux-x86_64-debian-gcc 1.1.2 OK
r-devel-linux-x86_64-fedora-clang 1.1.2 66.08 NOTE
r-devel-linux-x86_64-fedora-gcc 1.1.2 64.04 NOTE
r-devel-windows-ix86+x86_64 1.1.2 7.00 63.00 70.00 OK
r-patched-linux-x86_64 1.1.2 2.85 51.60 54.45 OK
r-patched-solaris-x86 1.1.2 87.60 NOTE
r-release-linux-x86_64 1.1.2 2.76 52.11 54.87 OK
r-release-windows-ix86+x86_64 1.1.2 17.00 90.00 107.00 OK
r-release-osx-x86_64 1.1.2 NOTE
r-oldrel-windows-ix86+x86_64 1.1.2 7.00 91.00 98.00 OK
r-oldrel-osx-x86_64 1.1.2 NOTE

Check Details

Version: 1.1.2
Check: dependencies in R code
Result: NOTE
    Namespace in Imports field not imported from: ‘tidyverse’
     All declared Imports should be used.
Flavors: r-devel-linux-x86_64-fedora-clang, r-devel-linux-x86_64-fedora-gcc, r-patched-solaris-x86, r-release-osx-x86_64, r-oldrel-osx-x86_64