CRAN Package Check Results for Package catfun

Last updated on 2022-12-05 07:53:36 CET.

Flavor Version Tinstall Tcheck Ttotal Status Flags
r-devel-linux-x86_64-debian-clang 0.1.4 14.71 118.68 133.39 NOTE
r-devel-linux-x86_64-debian-gcc 0.1.4 11.00 87.40 98.40 NOTE
r-devel-linux-x86_64-fedora-clang 0.1.4 191.63 NOTE
r-devel-linux-x86_64-fedora-gcc 0.1.4 166.24 NOTE
r-devel-windows-x86_64 0.1.4 28.00 139.00 167.00 NOTE
r-patched-linux-x86_64 0.1.4 7.97 110.74 118.71 NOTE
r-release-linux-x86_64 0.1.4 8.67 109.86 118.53 NOTE
r-release-macos-arm64 0.1.4 41.00 NOTE
r-release-macos-x86_64 0.1.4 77.00 NOTE
r-release-windows-x86_64 0.1.4 36.00 142.00 178.00 NOTE
r-oldrel-macos-arm64 0.1.4 50.00 NOTE
r-oldrel-macos-x86_64 0.1.4 91.00 NOTE
r-oldrel-windows-ix86+x86_64 0.1.4 32.00 131.00 163.00 NOTE

Check Details

Version: 0.1.4
Check: LazyData
Result: NOTE
     'LazyData' is specified without a 'data' directory
Flavors: r-devel-linux-x86_64-debian-clang, r-devel-linux-x86_64-debian-gcc, r-devel-linux-x86_64-fedora-clang, r-devel-linux-x86_64-fedora-gcc, r-devel-windows-x86_64, r-patched-linux-x86_64, r-release-linux-x86_64, r-release-macos-arm64, r-release-macos-x86_64, r-release-windows-x86_64, r-oldrel-macos-arm64, r-oldrel-macos-x86_64, r-oldrel-windows-ix86+x86_64

Version: 0.1.4
Check: dependencies in R code
Result: NOTE
    Namespaces in Imports field not imported from:
     ‘broom’ ‘epitools’
     All declared Imports should be used.
Flavors: r-devel-linux-x86_64-fedora-clang, r-devel-linux-x86_64-fedora-gcc, r-release-macos-arm64, r-release-macos-x86_64, r-oldrel-macos-arm64, r-oldrel-macos-x86_64