CRAN Package Check Results for Package catseyes

Last updated on 2024-07-22 14:59:24 CEST.

Flavor Version Tinstall Tcheck Ttotal Status Flags
r-devel-linux-x86_64-debian-clang 0.2.5 2.27 22.26 24.53 NOTE
r-devel-linux-x86_64-debian-gcc 0.2.5 1.64 17.15 18.79 NOTE
r-devel-linux-x86_64-fedora-clang 0.2.5 31.18 NOTE
r-devel-linux-x86_64-fedora-gcc 0.2.5 31.35 NOTE
r-devel-windows-x86_64 0.2.5 3.00 39.00 42.00 NOTE
r-patched-linux-x86_64 0.2.5 2.11 21.48 23.59 NOTE
r-release-linux-x86_64 0.2.5 2.15 21.24 23.39 NOTE
r-release-macos-arm64 0.2.5 17.00 NOTE
r-release-macos-x86_64 0.2.5 27.00 NOTE
r-release-windows-x86_64 0.2.5 3.00 40.00 43.00 NOTE
r-oldrel-macos-arm64 0.2.5 16.00 NOTE
r-oldrel-macos-x86_64 0.2.5 22.00 NOTE
r-oldrel-windows-x86_64 0.2.5 2.00 40.00 42.00 NOTE

Check Details

Version: 0.2.5
Check: LazyData
Result: NOTE 'LazyData' is specified without a 'data' directory Flavors: r-devel-linux-x86_64-debian-clang, r-devel-linux-x86_64-debian-gcc, r-devel-linux-x86_64-fedora-clang, r-devel-linux-x86_64-fedora-gcc, r-devel-windows-x86_64, r-patched-linux-x86_64, r-release-linux-x86_64, r-release-macos-arm64, r-release-macos-x86_64, r-release-windows-x86_64, r-oldrel-macos-arm64, r-oldrel-macos-x86_64, r-oldrel-windows-x86_64