CRAN Package Check Results for Package causact

Last updated on 2024-02-21 07:52:24 CET.

Flavor Version Tinstall Tcheck Ttotal Status Flags
r-devel-linux-x86_64-debian-clang 0.5.3 OK
r-devel-linux-x86_64-debian-gcc 0.5.3 10.87 112.18 123.05 OK
r-devel-linux-x86_64-fedora-clang 0.5.3 203.33 NOTE
r-devel-linux-x86_64-fedora-gcc 0.5.3 206.53 OK
r-devel-windows-x86_64 0.5.3 34.00 287.00 321.00 OK
r-patched-linux-x86_64 0.5.3 11.73 146.84 158.57 OK
r-release-linux-x86_64 0.5.3 10.56 145.06 155.62 OK
r-release-macos-arm64 0.5.3 111.00 OK
r-release-macos-x86_64 0.5.3 231.00 OK
r-release-windows-x86_64 0.5.3 29.00 223.00 252.00 OK
r-oldrel-macos-arm64 0.5.3 77.00 OK
r-oldrel-windows-x86_64 0.5.3 28.00 232.00 260.00 OK

Check Details

Version: 0.5.3
Check: Rd cross-references
Result: NOTE Undeclared packages ‘extraDistr’, ‘mvtnorm’ in Rd xrefs Flavor: r-devel-linux-x86_64-fedora-clang