CRAN Package Check Results for Package causaldrf

Last updated on 2018-11-21 13:48:19 CET.

Flavor Version Tinstall Tcheck Ttotal Status Flags
r-devel-linux-x86_64-debian-clang 0.3 5.62 82.42 88.04 OK
r-devel-linux-x86_64-debian-gcc 0.3 6.52 65.37 71.89 OK
r-devel-linux-x86_64-fedora-clang 0.3 105.67 OK
r-devel-linux-x86_64-fedora-gcc 0.3 102.24 OK
r-devel-windows-ix86+x86_64 0.3 16.00 139.00 155.00 OK
r-patched-linux-x86_64 0.3 5.92 78.24 84.16 OK
r-patched-solaris-x86 0.3 154.90 OK
r-release-linux-x86_64 0.3 6.83 79.12 85.95 OK
r-release-windows-ix86+x86_64 0.3 10.00 133.00 143.00 OK
r-release-osx-x86_64 0.3 OK
r-oldrel-windows-ix86+x86_64 0.3 11.00 120.00 131.00 OK
r-oldrel-osx-x86_64 0.3 WARN

Check Details

Version: 0.3
Check: re-building of vignette outputs
Result: WARN
    Error in re-building vignettes:
     ...
    Warning: running command 'kpsewhich framed.sty' had status 1
    Warning in test_latex_pkg("framed", system.file("misc", "framed.sty", package = "knitr")) :
     unable to find LaTeX package 'framed'; will use a copy from knitr
    Error in texi2dvi(file = file, pdf = TRUE, clean = clean, quiet = quiet, :
     Running 'texi2dvi' on 'Using_causaldrf.tex' failed.
    LaTeX errors:
    ! LaTeX Error: File `fullpage.sty' not found.
    
    Type X to quit or <RETURN> to proceed,
    or enter new name. (Default extension: sty)
    
    ! Emergency stop.
    <read *>
    
    l.53 \usepackage
     {natbib}^^M
    ! ==> Fatal error occurred, no output PDF file produced!
    Calls: buildVignettes -> texi2pdf -> texi2dvi
    Execution halted
Flavor: r-oldrel-osx-x86_64