CRAN Package Check Results for Package causaldrf

Last updated on 2018-02-23 02:48:00 CET.

Flavor Version Tinstall Tcheck Ttotal Status Flags
r-devel-linux-x86_64-debian-clang 0.3 6.83 73.01 79.84 OK
r-devel-linux-x86_64-debian-gcc 0.3 6.41 61.23 67.64 OK
r-devel-linux-x86_64-fedora-clang 0.3 105.20 OK
r-devel-linux-x86_64-fedora-gcc 0.3 101.85 OK
r-devel-windows-ix86+x86_64 0.3 16.00 98.00 114.00 OK
r-patched-linux-x86_64 0.3 3.97 82.84 86.81 OK
r-patched-solaris-x86 0.3 161.50 OK
r-release-linux-x86_64 0.3 3.59 82.55 86.14 OK
r-release-windows-ix86+x86_64 0.3 12.00 126.00 138.00 OK
r-release-osx-x86_64 0.3 WARN
r-oldrel-windows-ix86+x86_64 0.3 7.00 94.00 101.00 OK
r-oldrel-osx-x86_64 0.3 OK

Check Details

Version: 0.3
Check: re-building of vignette outputs
Result: WARN
    Error in re-building vignettes:
     ...
    Warning: running command 'kpsewhich framed.sty' had status 1
    Warning in test_latex_pkg("framed", system.file("misc", "framed.sty", package = "knitr")) :
     unable to find LaTeX package 'framed'; will use a copy from knitr
    Error in texi2dvi(file = file, pdf = TRUE, clean = clean, quiet = quiet, :
     Running 'texi2dvi' on 'Using_causaldrf.tex' failed.
    LaTeX errors:
    ! LaTeX Error: File `fullpage.sty' not found.
    
    Type X to quit or <RETURN> to proceed,
    or enter new name. (Default extension: sty)
    
    ! Emergency stop.
    <read *>
    
    l.53 \usepackage
     {natbib}^^M
    ! ==> Fatal error occurred, no output PDF file produced!
    Calls: buildVignettes -> texi2pdf -> texi2dvi
    Execution halted
Flavor: r-release-osx-x86_64