CRAN Package Check Results for Package causaleffect

Last updated on 2018-02-19 01:46:20 CET.

Flavor Version Tinstall Tcheck Ttotal Status Flags
r-devel-linux-x86_64-debian-clang 1.3.6 4.83 63.39 68.22 OK
r-devel-linux-x86_64-debian-gcc 1.3.6 3.96 53.63 57.59 OK
r-devel-linux-x86_64-fedora-clang 1.3.6 93.26 OK
r-devel-linux-x86_64-fedora-gcc 1.3.6 90.58 OK
r-devel-windows-ix86+x86_64 1.3.6 7.00 306.00 313.00 OK
r-patched-linux-x86_64 1.3.6 1.89 77.21 79.10 OK
r-patched-solaris-x86 1.3.6 119.20 OK
r-release-linux-x86_64 1.3.6 1.65 77.15 78.80 OK
r-release-windows-ix86+x86_64 1.3.6 6.00 404.00 410.00 OK
r-release-osx-x86_64 1.3.6 OK
r-oldrel-windows-ix86+x86_64 1.3.6 4.00 144.00 148.00 WARN
r-oldrel-osx-x86_64 1.3.5 WARN

Check Details

Version: 1.3.6
Check: re-building of vignette outputs
Result: WARN
    Error in re-building vignettes:
     ...
    Warning: running command '"D:\compiler\texmf\miktex\bin\texify.exe" --quiet --pdf "causaleffect.ltx" --max-iterations=20 -I "D:/RCompile/recent/R-3.3.3/share/texmf/tex/latex" -I "D:/RCompile/recent/R-3.3.3/share/texmf/bibtex/bst"' had status 1
    Error: processing vignette 'causaleffect.ltx' failed with diagnostics:
    running 'texi2dvi' on 'causaleffect.ltx' failed
    
    LaTeX errors:
    tes/causaleffect.ltx:81: LaTeX Error: Missing \begin{document}.
    
    See the LaTeX manual or LaTeX Companion for explanation.
    Type H <return> for immediate help
    You're in trouble here. Try typing <return> to proceed.
    Execution halted
Flavor: r-oldrel-windows-ix86+x86_64

Version: 1.3.5
Check: re-building of vignette outputs
Result: WARN
    Error in re-building vignettes:
     ...
    Error: processing vignette 'causaleffect.ltx' failed with diagnostics:
    Running 'texi2dvi' on 'causaleffect.ltx' failed.
    LaTeX errors:
    ! Undefined control sequence.
    l.81 \DOI
     {10.18637/jss.v076.i12}
    The control sequence at the end of the top line
    of your error message was never \def'ed. If you have
    ! LaTeX Error: Missing \begin{document}.
    
    See the LaTeX manual or LaTeX Companion for explanation.
    Type H <return> for immediate help.
     ...
    Execution halted
Flavor: r-oldrel-osx-x86_64