CRAN Package Check Results for Package cbar

Last updated on 2018-08-18 12:49:58 CEST.

Flavor Version Tinstall Tcheck Ttotal Status Flags
r-devel-linux-x86_64-debian-clang 0.1.3 3.51 50.92 54.43 OK
r-devel-linux-x86_64-debian-gcc 0.1.3 2.96 39.42 42.38 OK
r-devel-linux-x86_64-fedora-clang 0.1.3 63.56 OK
r-devel-linux-x86_64-fedora-gcc 0.1.3 60.69 OK
r-devel-windows-ix86+x86_64 0.1.3 12.00 69.00 81.00 OK
r-patched-linux-x86_64 0.1.3 0.36 1.70 2.06 ERROR
r-release-linux-x86_64 0.1.3 0.39 1.87 2.26 ERROR
r-release-windows-ix86+x86_64 0.1.3 10.00 84.00 94.00 OK
r-release-osx-x86_64 0.1.3 OK
r-oldrel-windows-ix86+x86_64 0.1.3 7.00 60.00 67.00 OK
r-oldrel-osx-x86_64 0.1.3 OK

Check Details

Version: 0.1.3
Check: package dependencies
Result: ERROR
    Package required but not available: ‘bsts’
    
    See section ‘The DESCRIPTION file’ in the ‘Writing R Extensions’
    manual.
Flavors: r-patched-linux-x86_64, r-release-linux-x86_64