CRAN Package Check Results for Package cbar

Last updated on 2018-05-27 17:48:51 CEST.

Flavor Version Tinstall Tcheck Ttotal Status Flags
r-devel-linux-x86_64-debian-clang 0.1.3 3.49 48.11 51.60 OK
r-devel-linux-x86_64-debian-gcc 0.1.3 2.22 37.27 39.49 OK
r-devel-linux-x86_64-fedora-clang 0.1.3 61.20 OK
r-devel-linux-x86_64-fedora-gcc 0.1.3 63.00 OK
r-devel-windows-ix86+x86_64 0.1.3 5.00 62.00 67.00 OK
r-patched-linux-x86_64 0.1.3 3.01 45.35 48.36 OK
r-release-linux-x86_64 0.1.3 0.36 1.70 2.06 ERROR
r-release-windows-ix86+x86_64 0.1.3 9.00 79.00 88.00 OK
r-release-osx-x86_64 0.1.3 OK
r-oldrel-windows-ix86+x86_64 0.1.3 14.00 69.00 83.00 OK
r-oldrel-osx-x86_64 0.1.3 OK

Check Details

Version: 0.1.3
Check: package dependencies
Result: ERROR
    Package required but not available: ‘bsts’
    
    See section ‘The DESCRIPTION file’ in the ‘Writing R Extensions’
    manual.
Flavor: r-release-linux-x86_64