CRAN Package Check Results for Package cbar

Last updated on 2018-10-24 03:55:14 CEST.

Flavor Version Tinstall Tcheck Ttotal Status Flags
r-devel-linux-x86_64-debian-clang 0.1.3 3.58 50.19 53.77 OK
r-devel-linux-x86_64-debian-gcc 0.1.3 2.92 39.88 42.80 OK
r-devel-linux-x86_64-fedora-clang 0.1.3 62.58 OK
r-devel-linux-x86_64-fedora-gcc 0.1.3 60.83 OK
r-devel-windows-ix86+x86_64 0.1.3 9.00 88.00 97.00 OK
r-patched-linux-x86_64 0.1.3 0.36 1.72 2.08 ERROR
r-release-linux-x86_64 0.1.3 0.40 1.73 2.13 ERROR
r-release-windows-ix86+x86_64 0.1.3 10.00 77.00 87.00 OK
r-release-osx-x86_64 0.1.3 OK
r-oldrel-windows-ix86+x86_64 0.1.3 6.00 70.00 76.00 OK
r-oldrel-osx-x86_64 0.1.3 OK

Check Details

Version: 0.1.3
Check: package dependencies
Result: ERROR
    Package required but not available: ‘bsts’
    
    See section ‘The DESCRIPTION file’ in the ‘Writing R Extensions’
    manual.
Flavors: r-patched-linux-x86_64, r-release-linux-x86_64