CRAN Package Check Results for Package cbsodataR

Last updated on 2019-02-20 13:46:20 CET.

Flavor Version Tinstall Tcheck Ttotal Status Flags
r-devel-linux-x86_64-debian-clang 0.3 2.10 27.28 29.38 OK
r-devel-linux-x86_64-debian-gcc 0.3 1.75 21.93 23.68 OK
r-devel-linux-x86_64-fedora-clang 0.3 35.96 OK
r-devel-linux-x86_64-fedora-gcc 0.3 33.27 OK
r-devel-windows-ix86+x86_64 0.3 5.00 60.00 65.00 OK
r-patched-linux-x86_64 0.3 OK
r-patched-solaris-x86 0.3 48.00 OK
r-release-linux-x86_64 0.3 OK
r-release-windows-ix86+x86_64 0.3 3.00 58.00 61.00 OK
r-release-osx-x86_64 0.3 OK
r-oldrel-windows-ix86+x86_64 0.3 5.00 38.00 43.00 WARN
r-oldrel-osx-x86_64 0.3 OK

Check Details

Version: 0.3
Check: re-building of vignette outputs
Result: WARN
    Error in re-building vignettes:
     ...
    Quitting from lines 13-14 (cbsodataR.Rmd)
    Error: processing vignette 'cbsodataR.Rmd' failed with diagnostics:
    package or namespace load failed for 'dplyr' in namespaceExport(ns, exports):
     undefined exports: add_count, add_count_, add_rownames, add_tally, add_tally_, all_equal, all_vars, anti_join, any_vars, arrange, arrange_, arrange_all, arrange_at, arrange_if, as.tbl, as.tbl_cube, auto_copy, bench_tbls, between, bind_cols, bind_rows, case_when, changes, check_dbplyr, coalesce, collect, combine, common_by, compare_tbls, compare_tbls2, compute, copy_to, count, count_, cumall, cumany, cume_dist, cummean, current_vars, db_analyze, db_begin, db_commit, db_create_index, db_create_indexes, db_create_table, db_data_type, db_desc, db_drop_table, db_explain, db_has_table, db_insert_into, db_list_tables, db_query_fields, db_query_rows, db_rollback, db_save_query, db_write_table, dense_rank, desc, dim_desc, distinct, distinct_, distinct_all, distinct_at, distinct_if, distinct_prepare, do, do_, dr_dplyr, eval_tbls, eval_tbls2, explain,
    Execution halted
Flavor: r-oldrel-windows-ix86+x86_64