CRAN Package Check Results for Package cccd

Last updated on 2018-08-17 14:47:43 CEST.

Flavor Version Tinstall Tcheck Ttotal Status Flags
r-devel-linux-x86_64-debian-clang 1.5 2.52 30.04 32.56 NOTE
r-devel-linux-x86_64-debian-gcc 1.5 1.96 24.37 26.33 NOTE
r-devel-linux-x86_64-fedora-clang 1.5 38.11 NOTE
r-devel-linux-x86_64-fedora-gcc 1.5 36.57 NOTE
r-devel-windows-ix86+x86_64 1.5 5.00 60.00 65.00 NOTE
r-patched-linux-x86_64 1.5 1.66 28.16 29.82 NOTE
r-patched-solaris-x86 1.5 58.30 NOTE
r-release-linux-x86_64 1.5 2.25 28.02 30.27 NOTE
r-release-windows-ix86+x86_64 1.5 5.00 55.00 60.00 NOTE
r-release-osx-x86_64 1.5 NOTE
r-oldrel-windows-ix86+x86_64 1.5 4.00 42.00 46.00 NOTE
r-oldrel-osx-x86_64 1.5 NOTE

Check Details

Version: 1.5
Check: R code for possible problems
Result: NOTE
    ccd.sequential: no visible global function definition for ‘qchisq’
    dominate.random.sample: no visible global function definition for
     ‘runif’
    draw.circle: no visible global function definition for ‘polygon’
    juggle2: no visible global function definition for ‘rbinom’
    plot.cccd: no visible global function definition for ‘gray’
    plot.cccd: no visible global function definition for ‘plot’
    plot.cccd: no visible global function definition for ‘points’
    plot.cccdClassifier: no visible global function definition for ‘points’
    plot.cccdClassifier: no visible global function definition for ‘plot’
    plot.ccd: no visible global function definition for ‘plot’
    Undefined global functions or variables:
     gray plot points polygon qchisq rbinom runif
    Consider adding
     importFrom("grDevices", "gray")
     importFrom("graphics", "plot", "points", "polygon")
     importFrom("stats", "qchisq", "rbinom", "runif")
    to your NAMESPACE file.
Flavors: r-devel-linux-x86_64-debian-clang, r-devel-linux-x86_64-debian-gcc, r-devel-linux-x86_64-fedora-clang, r-devel-linux-x86_64-fedora-gcc, r-devel-windows-ix86+x86_64, r-patched-linux-x86_64, r-patched-solaris-x86, r-release-linux-x86_64, r-release-windows-ix86+x86_64, r-release-osx-x86_64, r-oldrel-windows-ix86+x86_64, r-oldrel-osx-x86_64