CRAN Package Check Results for Package cccp

Last updated on 2022-05-21 13:52:03 CEST.

Flavor Version Tinstall Tcheck Ttotal Status Flags
r-devel-linux-x86_64-debian-clang 0.2-7 244.15 73.96 318.11 OK
r-devel-linux-x86_64-debian-gcc 0.2-7 188.12 55.29 243.41 OK
r-devel-linux-x86_64-fedora-clang 0.2-7 475.94 NOTE
r-devel-linux-x86_64-fedora-gcc 0.2-7 411.16 OK
r-devel-windows-x86_64 0.2-7 170.00 120.00 290.00 OK
r-patched-linux-x86_64 0.2-7 195.25 73.29 268.54 OK
r-release-linux-x86_64 0.2-7 200.58 71.08 271.66 OK
r-release-macos-arm64 0.2-7 94.00 NOTE
r-release-macos-x86_64 0.2-7 122.00 NOTE
r-release-windows-x86_64 0.2-7 161.00 126.00 287.00 OK
r-oldrel-macos-arm64 0.2-7 105.00 NOTE
r-oldrel-macos-x86_64 0.2-7 211.00 NOTE
r-oldrel-windows-ix86+x86_64 0.2-7 525.00 133.00 658.00 OK

Check Details

Version: 0.2-7
Check: installed package size
Result: NOTE
     installed size is 13.7Mb
     sub-directories of 1Mb or more:
     libs 13.4Mb
Flavors: r-devel-linux-x86_64-fedora-clang, r-release-macos-arm64, r-release-macos-x86_64, r-oldrel-macos-arm64, r-oldrel-macos-x86_64