CRAN Package Check Results for Package cccp

Last updated on 2024-02-28 08:54:23 CET.

Flavor Version Tinstall Tcheck Ttotal Status Flags
r-devel-linux-x86_64-debian-clang 0.3-1 246.23 64.12 310.35 OK
r-devel-linux-x86_64-debian-gcc 0.3-1 208.46 47.48 255.94 OK
r-devel-linux-x86_64-fedora-clang 0.3-1 440.88 OK
r-devel-linux-x86_64-fedora-gcc 0.3-1 510.34 OK
r-devel-windows-x86_64 0.3-1 178.00 98.00 276.00 OK
r-patched-linux-x86_64 0.3-1 248.15 63.27 311.42 OK
r-release-linux-x86_64 0.3-1 239.76 62.70 302.46 OK
r-release-macos-arm64 0.3-1 97.00 NOTE
r-release-macos-x86_64 0.3-1 127.00 NOTE
r-release-windows-x86_64 0.3-1 229.00 111.00 340.00 OK
r-oldrel-macos-arm64 0.3-1 98.00 NOTE
r-oldrel-windows-x86_64 0.3-1 220.00 110.00 330.00 OK

Check Details

Version: 0.3-1
Check: installed package size
Result: NOTE installed size is 17.5Mb sub-directories of 1Mb or more: libs 17.2Mb Flavors: r-release-macos-arm64, r-release-macos-x86_64, r-oldrel-macos-arm64