CRAN Package Check Results for Package ccdrAlgorithm

Last updated on 2018-05-25 13:47:44 CEST.

Flavor Version Tinstall Tcheck Ttotal Status Flags
r-devel-linux-x86_64-debian-clang 0.0.4 16.07 38.33 54.40 WARN
r-devel-linux-x86_64-debian-gcc 0.0.4 14.92 30.66 45.58 WARN
r-devel-linux-x86_64-fedora-clang 0.0.4 68.80 OK
r-devel-linux-x86_64-fedora-gcc 0.0.4 66.85 OK
r-devel-windows-ix86+x86_64 0.0.4 33.00 99.00 132.00 OK
r-patched-linux-x86_64 0.0.4 17.56 34.22 51.78 OK
r-patched-solaris-x86 0.0.4 80.30 OK
r-release-linux-x86_64 0.0.4 18.94 33.87 52.81 OK
r-release-windows-ix86+x86_64 0.0.4 47.00 71.00 118.00 OK
r-release-osx-x86_64 0.0.4 OK
r-oldrel-windows-ix86+x86_64 0.0.4 42.00 76.00 118.00 OK
r-oldrel-osx-x86_64 0.0.4 OK

Check Details

Version: 0.0.4
Check: for unstated dependencies in ‘tests’
Result: WARN
    '::' or ':::' import not declared from: ‘Matrix’
Flavors: r-devel-linux-x86_64-debian-clang, r-devel-linux-x86_64-debian-gcc