CRAN Package Check Results for Package ccfa

Last updated on 2018-10-24 05:49:35 CEST.

Flavor Version Tinstall Tcheck Ttotal Status Flags
r-devel-linux-x86_64-debian-clang 1.1.0 7.68 103.42 111.10 OK
r-devel-linux-x86_64-debian-gcc 1.1.0 7.48 80.57 88.05 OK
r-devel-linux-x86_64-fedora-clang 1.1.0 129.00 NOTE
r-devel-linux-x86_64-fedora-gcc 1.1.0 126.50 NOTE
r-devel-windows-ix86+x86_64 1.1.0 22.00 151.00 173.00 OK
r-patched-linux-x86_64 1.1.0 6.26 85.87 92.13 OK
r-patched-solaris-x86 1.1.0 170.90 NOTE
r-release-linux-x86_64 1.1.0 5.75 86.28 92.03 OK
r-release-windows-ix86+x86_64 1.1.0 18.00 125.00 143.00 OK
r-release-osx-x86_64 1.1.0 NOTE
r-oldrel-windows-ix86+x86_64 1.1.0 11.00 113.00 124.00 OK
r-oldrel-osx-x86_64 1.1.0 NOTE

Check Details

Version: 1.1.0
Check: dependencies in R code
Result: NOTE
    Namespaces in Imports field not imported from:
     ‘doParallel’ ‘foreach’
     All declared Imports should be used.
Flavors: r-devel-linux-x86_64-fedora-clang, r-devel-linux-x86_64-fedora-gcc, r-patched-solaris-x86, r-release-osx-x86_64, r-oldrel-osx-x86_64