Last updated on 2022-05-27 22:51:51 CEST.
Flavor | Version | Tinstall | Tcheck | Ttotal | Status | Flags |
---|---|---|---|---|---|---|
r-devel-linux-x86_64-debian-clang | 0.1.2 | 37.17 | 78.45 | 115.62 | NOTE | |
r-devel-linux-x86_64-debian-gcc | 0.1.2 | 28.39 | 72.78 | 101.17 | NOTE | |
r-devel-linux-x86_64-fedora-clang | 0.1.2 | 174.36 | NOTE | |||
r-devel-linux-x86_64-fedora-gcc | 0.1.2 | 164.85 | NOTE | |||
r-devel-windows-x86_64 | 0.1.2 | 35.00 | 121.00 | 156.00 | NOTE | |
r-patched-linux-x86_64 | 0.1.2 | 31.64 | 90.46 | 122.10 | NOTE | |
r-release-linux-x86_64 | 0.1.2 | 28.85 | 91.41 | 120.26 | NOTE | |
r-release-macos-arm64 | 0.1.2 | 45.00 | NOTE | |||
r-release-macos-x86_64 | 0.1.2 | 61.00 | NOTE | |||
r-release-windows-x86_64 | 0.1.2 | 35.00 | 130.00 | 165.00 | NOTE | |
r-oldrel-macos-arm64 | 0.1.2 | 52.00 | NOTE | |||
r-oldrel-macos-x86_64 | 0.1.2 | 86.00 | NOTE | |||
r-oldrel-windows-ix86+x86_64 | 0.1.2 | 91.00 | 149.00 | 240.00 | NOTE |
Version: 0.1.2
Check: LazyData
Result: NOTE
'LazyData' is specified without a 'data' directory
Flavors: r-devel-linux-x86_64-debian-clang, r-devel-linux-x86_64-debian-gcc, r-devel-linux-x86_64-fedora-clang, r-devel-linux-x86_64-fedora-gcc, r-devel-windows-x86_64, r-patched-linux-x86_64, r-release-linux-x86_64, r-release-macos-arm64, r-release-macos-x86_64, r-release-windows-x86_64, r-oldrel-macos-arm64, r-oldrel-macos-x86_64, r-oldrel-windows-ix86+x86_64