CRAN Package Check Results for Package cdfquantreg

Last updated on 2018-11-12 22:51:04 CET.

Flavor Version Tinstall Tcheck Ttotal Status Flags
r-devel-linux-x86_64-debian-clang 1.2.0 9.85 74.79 84.64 OK
r-devel-linux-x86_64-debian-gcc 1.2.0 8.13 57.45 65.58 OK
r-devel-linux-x86_64-fedora-clang 1.2.0 101.89 OK
r-devel-linux-x86_64-fedora-gcc 1.2.0 98.70 OK
r-devel-windows-ix86+x86_64 1.2.0 15.00 79.00 94.00 OK
r-patched-linux-x86_64 1.2.0 10.58 72.04 82.62 OK
r-patched-solaris-x86 1.2.0 129.10 OK
r-release-linux-x86_64 1.2.0 9.76 71.98 81.74 OK
r-release-windows-ix86+x86_64 1.2.0 21.00 80.00 101.00 OK
r-release-osx-x86_64 1.2.0 OK
r-oldrel-windows-ix86+x86_64 1.2.0 5.00 100.00 105.00 WARN
r-oldrel-osx-x86_64 1.2.0 OK

Check Details

Version: 1.2.0
Check: re-building of vignette outputs
Result: WARN
    Error in re-building vignettes:
     ...
    Error: processing vignette 'CDFQuantregIntroduction.Rmd' failed with diagnostics:
    undefined exports: %s!=%, %s!==%, %s+%, %s<%, %s<=%, %s==%, %s===%, %s>%, %s>=%, %stri!=%, %stri!==%, %stri+%, %stri<%, %stri<=%, %stri==%, %stri===%, %stri>%, %stri>=%, stri_datetime_add<-, stri_sub<-, stri_subset<-, stri_subset_charclass<-, stri_subset_coll<-, stri_subset_fixed<-, stri_subset_regex<-, stri_c, stri_c_list, stri_cmp, stri_cmp_eq, stri_cmp_equiv, stri_cmp_ge, stri_cmp_gt, stri_cmp_le, stri_cmp_lt, stri_cmp_neq, stri_cmp_nequiv, stri_compare, stri_conv, stri_count, stri_count_boundaries, stri_count_charclass, stri_count_coll, stri_count_fixed, stri_count_regex, stri_count_words, stri_datetime_add, stri_datetime_create, stri_datetime_fields, stri_datetime_format, stri_datetime_fstr, stri_datetime_now, stri_datetime_parse, stri_datetime_symbols, stri_detect, stri_detect_charclass, stri_detect_coll, stri_detect_fixed, stri_detect_regex, stri_dup, stri_duplicated, stri_duplicated_any, stri_enc
    Execution halted
Flavor: r-oldrel-windows-ix86+x86_64