CRAN Package Check Results for Package cdparcoord

Last updated on 2018-05-23 13:48:20 CEST.

Flavor Version Tinstall Tcheck Ttotal Status Flags
r-devel-linux-x86_64-debian-clang 1.0.0 4.33 52.46 56.79 OK
r-devel-linux-x86_64-debian-gcc 1.0.0 0.57 1.44 2.01 ERROR
r-devel-linux-x86_64-fedora-clang 1.0.0 70.10 OK
r-devel-linux-x86_64-fedora-gcc 1.0.0 67.75 OK
r-devel-windows-ix86+x86_64 1.0.0 13.00 112.00 125.00 OK
r-patched-linux-x86_64 1.0.0 4.37 48.58 52.95 OK
r-patched-solaris-x86 1.0.0 101.40 OK
r-release-linux-x86_64 1.0.0 4.09 48.58 52.67 OK
r-release-windows-ix86+x86_64 1.0.0 16.00 98.00 114.00 OK
r-release-osx-x86_64 1.0.0 OK
r-oldrel-windows-ix86+x86_64 1.0.0 20.00 97.00 117.00 OK
r-oldrel-osx-x86_64 1.0.0 OK

Check Details

Version: 1.0.0
Check: package dependencies
Result: ERROR
    Packages required but not available: ‘plotly’ ‘freqparcoord’ ‘partools’
    
    See section ‘The DESCRIPTION file’ in the ‘Writing R Extensions’
    manual.
Flavor: r-devel-linux-x86_64-debian-gcc