CRAN Package Check Results for Package ceRtainty

Last updated on 2020-02-27 17:50:51 CET.

Flavor Version Tinstall Tcheck Ttotal Status Flags
r-devel-linux-x86_64-debian-clang 1.0.0 4.78 40.85 45.63 OK
r-devel-linux-x86_64-debian-gcc 1.0.0 3.83 32.17 36.00 OK
r-devel-linux-x86_64-fedora-clang 1.0.0 55.96 NOTE
r-devel-linux-x86_64-fedora-gcc 1.0.0 57.14 NOTE
r-devel-windows-ix86+x86_64 1.0.0 9.00 57.00 66.00 OK
r-devel-windows-ix86+x86_64-gcc8 1.0.0 10.00 61.00 71.00 OK
r-patched-linux-x86_64 1.0.0 3.52 36.94 40.46 OK
r-patched-solaris-x86 1.0.0 74.70 NOTE
r-release-linux-x86_64 1.0.0 3.40 37.00 40.40 OK
r-release-windows-ix86+x86_64 1.0.0 11.00 59.00 70.00 OK
r-release-osx-x86_64 1.0.0 NOTE
r-oldrel-windows-ix86+x86_64 1.0.0 4.00 59.00 63.00 OK
r-oldrel-osx-x86_64 1.0.0 NOTE

Check Details

Version: 1.0.0
Check: dependencies in R code
Result: NOTE
    Namespaces in Imports field not imported from:
     ‘base’ ‘stats’ ‘tidyr’
     All declared Imports should be used.
Flavors: r-devel-linux-x86_64-fedora-clang, r-devel-linux-x86_64-fedora-gcc, r-patched-solaris-x86, r-release-osx-x86_64, r-oldrel-osx-x86_64