CRAN Package Check Results for Package ceRtainty

Last updated on 2019-09-19 08:50:51 CEST.

Flavor Version Tinstall Tcheck Ttotal Status Flags
r-devel-linux-x86_64-debian-clang 1.0.0 3.75 37.08 40.83 OK
r-devel-linux-x86_64-debian-gcc 1.0.0 3.18 29.47 32.65 OK
r-devel-linux-x86_64-fedora-clang 1.0.0 51.44 NOTE
r-devel-linux-x86_64-fedora-gcc 1.0.0 49.66 NOTE
r-devel-windows-ix86+x86_64 1.0.0 15.00 76.00 91.00 OK
r-patched-linux-x86_64 1.0.0 3.09 35.98 39.07 OK
r-patched-solaris-x86 1.0.0 72.40 NOTE
r-release-linux-x86_64 1.0.0 3.00 36.28 39.28 OK
r-release-windows-ix86+x86_64 1.0.0 11.00 56.00 67.00 OK
r-release-osx-x86_64 1.0.0 NOTE
r-oldrel-windows-ix86+x86_64 1.0.0 7.00 51.00 58.00 OK
r-oldrel-osx-x86_64 1.0.0 NOTE

Check Details

Version: 1.0.0
Check: dependencies in R code
Result: NOTE
    Namespaces in Imports field not imported from:
     ‘base’ ‘stats’ ‘tidyr’
     All declared Imports should be used.
Flavors: r-devel-linux-x86_64-fedora-clang, r-devel-linux-x86_64-fedora-gcc, r-patched-solaris-x86, r-release-osx-x86_64, r-oldrel-osx-x86_64