CRAN Package Check Results for Package cellWise

Last updated on 2018-05-27 14:46:29 CEST.

Flavor Version Tinstall Tcheck Ttotal Status Flags
r-devel-linux-x86_64-debian-clang 2.0.8 45.11 77.31 122.42 WARN
r-devel-linux-x86_64-debian-gcc 2.0.8 35.28 57.90 93.18 OK
r-devel-linux-x86_64-fedora-clang 2.0.8 172.28 NOTE
r-devel-linux-x86_64-fedora-gcc 2.0.8 156.69 NOTE
r-devel-windows-ix86+x86_64 2.0.8 96.00 117.00 213.00 NOTE
r-patched-linux-x86_64 2.0.8 46.56 72.63 119.19 OK
r-patched-solaris-x86 2.0.8 203.80 OK
r-release-linux-x86_64 2.0.8 49.33 72.35 121.68 OK
r-release-windows-ix86+x86_64 2.0.8 136.00 146.00 282.00 NOTE
r-release-osx-x86_64 2.0.8 NOTE
r-oldrel-windows-ix86+x86_64 2.0.8 127.00 123.00 250.00 NOTE
r-oldrel-osx-x86_64 2.0.8 NOTE

Check Details

Version: 2.0.8
Check: whether package can be installed
Result: WARN
    Found the following significant warnings:
     ./DDC.h:611:12: warning: using integer absolute value function 'abs' when argument is of floating point type [-Wabsolute-value]
Flavor: r-devel-linux-x86_64-debian-clang

Version: 2.0.8
Check: installed package size
Result: NOTE
     installed size is 7.9Mb
     sub-directories of 1Mb or more:
     data 2.8Mb
     libs 4.1Mb
Flavors: r-devel-linux-x86_64-fedora-clang, r-devel-linux-x86_64-fedora-gcc, r-devel-windows-ix86+x86_64, r-release-windows-ix86+x86_64, r-release-osx-x86_64, r-oldrel-windows-ix86+x86_64, r-oldrel-osx-x86_64