CRAN Package Check Results for Package cellWise

Last updated on 2018-02-22 20:46:24 CET.

Flavor Version Tinstall Tcheck Ttotal Status Flags
r-devel-linux-x86_64-debian-clang 2.0.8 42.98 70.55 113.53 WARN
r-devel-linux-x86_64-debian-gcc 2.0.8 36.45 55.36 91.81 OK
r-devel-linux-x86_64-fedora-clang 2.0.8 170.31 NOTE
r-devel-linux-x86_64-fedora-gcc 2.0.8 152.61 NOTE
r-devel-windows-ix86+x86_64 2.0.8 128.00 117.00 245.00 NOTE
r-patched-linux-x86_64 2.0.8 44.79 78.42 123.21 OK
r-patched-solaris-x86 2.0.8 187.60 OK
r-release-linux-x86_64 2.0.8 48.12 78.16 126.28 OK
r-release-windows-ix86+x86_64 2.0.8 131.00 153.00 284.00 NOTE
r-release-osx-x86_64 2.0.8 NOTE
r-oldrel-windows-ix86+x86_64 2.0.8 101.00 107.00 208.00 NOTE
r-oldrel-osx-x86_64 1.0.0 OK

Check Details

Version: 2.0.8
Check: whether package can be installed
Result: WARN
    Found the following significant warnings:
     ./DDC.h:611:12: warning: using integer absolute value function 'abs' when argument is of floating point type [-Wabsolute-value]
Flavor: r-devel-linux-x86_64-debian-clang

Version: 2.0.8
Check: installed package size
Result: NOTE
     installed size is 7.9Mb
     sub-directories of 1Mb or more:
     data 2.8Mb
     libs 4.0Mb
Flavors: r-devel-linux-x86_64-fedora-clang, r-devel-linux-x86_64-fedora-gcc, r-devel-windows-ix86+x86_64, r-release-windows-ix86+x86_64, r-release-osx-x86_64, r-oldrel-windows-ix86+x86_64