CRAN Package Check Results for Package cellWise

Last updated on 2019-01-23 17:49:38 CET.

Flavor Version Tinstall Tcheck Ttotal Status Flags
r-devel-linux-x86_64-debian-clang 2.0.10 72.35 81.01 153.36 NOTE
r-devel-linux-x86_64-debian-gcc 2.0.10 60.99 61.34 122.33 NOTE
r-devel-linux-x86_64-fedora-clang 2.0.10 219.14 NOTE
r-devel-linux-x86_64-fedora-gcc 2.0.10 193.03 NOTE
r-devel-windows-ix86+x86_64 2.0.10 186.00 172.00 358.00 NOTE
r-patched-linux-x86_64 2.0.10 67.68 74.94 142.62 OK
r-patched-solaris-x86 2.0.10 225.80 OK
r-release-linux-x86_64 2.0.10 80.01 76.01 156.02 OK
r-release-windows-ix86+x86_64 2.0.10 131.00 162.00 293.00 NOTE
r-release-osx-x86_64 2.0.10 NOTE
r-oldrel-windows-ix86+x86_64 2.0.10 161.00 157.00 318.00 NOTE
r-oldrel-osx-x86_64 2.0.10 NOTE

Check Details

Version: 2.0.10
Check: use of SHLIB_OPENMP_*FLAGS in Makefiles
Result: NOTE
     src/Makevars: SHLIB_OPENMP_CXXFLAGS is included in PKG_CXXFLAGS but not in PKG_LIBS
     src/Makevars: SHLIB_OPENMP_CFLAGS is included in PKG_LIBS but linking is by C++
     src/Makevars.win: SHLIB_OPENMP_CXXFLAGS is included in PKG_CXXFLAGS but not in PKG_LIBS
     src/Makevars.win: SHLIB_OPENMP_CFLAGS is included in PKG_LIBS but linking is by C++
    Use of these macros is discussed in sect 1.2.1.1 of ‘Writing R
    Extensions’. The macros for different languages may differ so the
    matching macro must be used in PKG_CXXFLAGS (etc) and match that used
    in PKG_LIBS (except for Fortran: see the manual).
Flavors: r-devel-linux-x86_64-debian-clang, r-devel-linux-x86_64-debian-gcc, r-devel-linux-x86_64-fedora-clang, r-devel-linux-x86_64-fedora-gcc

Version: 2.0.10
Check: installed package size
Result: NOTE
     installed size is 9.0Mb
     sub-directories of 1Mb or more:
     data 2.8Mb
     libs 5.2Mb
Flavors: r-devel-linux-x86_64-fedora-clang, r-devel-windows-ix86+x86_64, r-release-windows-ix86+x86_64, r-release-osx-x86_64, r-oldrel-windows-ix86+x86_64, r-oldrel-osx-x86_64