CRAN Package Check Results for Package cellWise

Last updated on 2018-10-17 08:48:07 CEST.

Flavor Version Tinstall Tcheck Ttotal Status Flags
r-devel-linux-x86_64-debian-clang 2.0.10 75.05 80.05 155.10 NOTE
r-devel-linux-x86_64-debian-gcc 2.0.10 62.15 62.56 124.71 NOTE
r-devel-linux-x86_64-fedora-clang 2.0.10 217.70 NOTE
r-devel-linux-x86_64-fedora-gcc 2.0.10 193.44 NOTE
r-devel-windows-ix86+x86_64 2.0.10 195.00 184.00 379.00 NOTE
r-patched-linux-x86_64 2.0.10 75.30 75.63 150.93 OK
r-patched-solaris-x86 2.0.10 223.70 OK
r-release-linux-x86_64 2.0.10 76.18 75.46 151.64 OK
r-release-windows-ix86+x86_64 2.0.10 221.00 157.00 378.00 NOTE
r-release-osx-x86_64 2.0.10 NOTE
r-oldrel-windows-ix86+x86_64 2.0.10 192.00 162.00 354.00 NOTE
r-oldrel-osx-x86_64 2.0.10 NOTE

Check Details

Version: 2.0.10
Check: use of SHLIB_OPENMP_*FLAGS in Makefiles
Result: NOTE
     src/Makevars: SHLIB_OPENMP_CXXFLAGS is included in PKG_CXXFLAGS but not in PKG_LIBS
     src/Makevars: SHLIB_OPENMP_CFLAGS is included in PKG_LIBS but not in PKG_CFLAGS
     src/Makevars.win: SHLIB_OPENMP_CXXFLAGS is included in PKG_CXXFLAGS but not in PKG_LIBS
     src/Makevars.win: SHLIB_OPENMP_CFLAGS is included in PKG_LIBS but not in PKG_CFLAGS
    Use of these macros is discussed in sect 1.2.1.1 of ‘Writing R
    Extensions’. The macros for different languages may differ so the
    matching macro must be used in PKG_CXXFLAGS (etc) and match that used
    in PKG_LIBS (except for F77: see the manual).
Flavors: r-devel-linux-x86_64-debian-clang, r-devel-linux-x86_64-debian-gcc, r-devel-linux-x86_64-fedora-clang, r-devel-linux-x86_64-fedora-gcc

Version: 2.0.10
Check: installed package size
Result: NOTE
     installed size is 9.0Mb
     sub-directories of 1Mb or more:
     data 2.8Mb
     libs 5.1Mb
Flavors: r-devel-linux-x86_64-fedora-clang, r-devel-windows-ix86+x86_64, r-release-windows-ix86+x86_64, r-release-osx-x86_64, r-oldrel-windows-ix86+x86_64, r-oldrel-osx-x86_64