CRAN Package Check Results for Package cellWise

Last updated on 2018-08-16 12:50:04 CEST.

Flavor Version Tinstall Tcheck Ttotal Status Flags
r-devel-linux-x86_64-debian-clang 2.0.10 69.54 78.42 147.96 OK
r-devel-linux-x86_64-debian-gcc 2.0.10 62.33 60.96 123.29 OK
r-devel-linux-x86_64-fedora-clang 2.0.10 206.26 NOTE
r-devel-linux-x86_64-fedora-gcc 2.0.10 192.66 NOTE
r-devel-windows-ix86+x86_64 2.0.10 199.00 168.00 367.00 NOTE
r-patched-linux-x86_64 2.0.10 76.27 74.91 151.18 OK
r-patched-solaris-x86 2.0.10 221.30 OK
r-release-linux-x86_64 2.0.10 75.63 75.99 151.62 OK
r-release-windows-ix86+x86_64 2.0.10 211.00 167.00 378.00 NOTE
r-release-osx-x86_64 2.0.10 NOTE
r-oldrel-windows-ix86+x86_64 2.0.10 213.00 121.00 334.00 NOTE
r-oldrel-osx-x86_64 2.0.10 NOTE

Check Details

Version: 2.0.10
Check: installed package size
Result: NOTE
     installed size is 8.7Mb
     sub-directories of 1Mb or more:
     data 2.8Mb
     libs 4.8Mb
Flavors: r-devel-linux-x86_64-fedora-clang, r-devel-windows-ix86+x86_64, r-release-windows-ix86+x86_64, r-release-osx-x86_64, r-oldrel-windows-ix86+x86_64, r-oldrel-osx-x86_64

Version: 2.0.10
Check: use of SHLIB_OPENMP_*FLAGS in Makefiles
Result: NOTE
     src/Makevars: SHLIB_OPENMP_CXXFLAGS is included in PKG_CXXFLAGS but not in PKG_LIBS
     src/Makevars: SHLIB_OPENMP_CFLAGS is included in PKG_LIBS but not in PKG_CFLAGS
     src/Makevars.win: SHLIB_OPENMP_CXXFLAGS is included in PKG_CXXFLAGS but not in PKG_LIBS
     src/Makevars.win: SHLIB_OPENMP_CFLAGS is included in PKG_LIBS but not in PKG_CFLAGS
    Use of these macros is discussed in sect 1.2.1.1 of ‘Writing R
    Extensions’. The macros for different languages may differ so the
    matching macro must be used in PKG_CXXFLAGS (etc) and match that used
    in PKG_LIBS (except for F77: see the manual).
Flavors: r-devel-linux-x86_64-fedora-clang, r-devel-linux-x86_64-fedora-gcc