CRAN Package Check Results for Package census

Last updated on 2018-02-20 13:49:45 CET.

Flavor Version Tinstall Tcheck Ttotal Status Flags
r-devel-linux-x86_64-debian-clang 0.2.0 2.28 37.28 39.56 OK
r-devel-linux-x86_64-debian-gcc 0.2.0 2.16 30.15 32.31 OK
r-devel-linux-x86_64-fedora-clang 0.2.0 48.22 OK
r-devel-linux-x86_64-fedora-gcc 0.2.0 46.43 OK
r-devel-windows-ix86+x86_64 0.2.0 6.00 53.00 59.00 OK
r-patched-linux-x86_64 0.2.0 2.27 40.77 43.04 OK
r-patched-solaris-x86 0.2.0 70.90 OK
r-release-linux-x86_64 0.2.0 2.35 39.41 41.76 WARN
r-release-windows-ix86+x86_64 0.2.0 9.00 77.00 86.00 OK
r-release-osx-x86_64 0.2.0 OK
r-oldrel-windows-ix86+x86_64 0.2.0 9.00 67.00 76.00 OK
r-oldrel-osx-x86_64 0.2.0 OK

Check Details

Version: 0.2.0
Check: re-building of vignette outputs
Result: WARN
    Error in re-building vignettes:
     ...
    Loading required package: ggmap
    Loading required package: ggplot2
    Loading required package: RCurl
    Loading required package: bitops
    Information from URL : http://maps.googleapis.com/maps/api/geocode/json?address=Chicago,%20IL&sensor=false
    Warning: geocode failed with status OVER_QUERY_LIMIT, location = "Chicago, IL"
    Information from URL : http://maps.googleapis.com/maps/api/geocode/json?address=New%20York&sensor=false
    Warning: geocode failed with status OVER_QUERY_LIMIT, location = "New York"
    Quitting from lines 16-23 (getting-started.Rmd)
    Error: processing vignette ‘getting-started.Rmd’ failed with diagnostics:
    undefined columns selected
    Execution halted
Flavor: r-release-linux-x86_64