CRAN Package Check Results for Package census

Last updated on 2018-05-21 21:47:44 CEST.

Flavor Version Tinstall Tcheck Ttotal Status Flags
r-devel-linux-x86_64-debian-clang 0.2.0 2.95 37.46 40.41 OK
r-devel-linux-x86_64-debian-gcc 0.2.0 2.52 33.26 35.78 OK
r-devel-linux-x86_64-fedora-clang 0.2.0 54.27 OK
r-devel-linux-x86_64-fedora-gcc 0.2.0 52.60 OK
r-devel-windows-ix86+x86_64 0.2.0 6.00 60.00 66.00 OK
r-patched-linux-x86_64 0.2.0 1.80 37.58 39.38 OK
r-patched-solaris-x86 0.2.0 85.30 OK
r-release-linux-x86_64 0.2.0 2.50 37.24 39.74 OK
r-release-windows-ix86+x86_64 0.2.0 8.00 53.00 61.00 ERROR
r-release-osx-x86_64 0.2.0 ERROR
r-oldrel-windows-ix86+x86_64 0.2.0 10.00 73.00 83.00 OK
r-oldrel-osx-x86_64 0.2.0 OK

Check Details

Version: 0.2.0
Check: examples
Result: ERROR
    Running examples in 'census-Ex.R' failed
    The error most likely occurred in:
    
    > ### Name: getCensus
    > ### Title: Scrape US Census Data
    > ### Aliases: getCensus
    >
    > ### ** Examples
    >
    > radius <- 5
    > cities <- c("Boston", "Los Angeles")
    > df <- getCensus(cities, radius)
    Information from URL : http://maps.googleapis.com/maps/api/geocode/json?address=Boston&sensor=false
    Warning: geocode failed with status OVER_QUERY_LIMIT, location = "Boston"
    Information from URL : http://maps.googleapis.com/maps/api/geocode/json?address=Los%20Angeles&sensor=false
    Warning: geocode failed with status OVER_QUERY_LIMIT, location = "Los Angeles"
    Error in `[.data.frame`(geo.reply, , c("locality", "lon", "lat")) :
     undefined columns selected
    Calls: getCensus -> [ -> [.data.frame
    Execution halted
Flavors: r-release-windows-ix86+x86_64, r-release-osx-x86_64