CRAN Package Check Results for Package census

Last updated on 2018-11-17 12:51:17 CET.

Flavor Version Tinstall Tcheck Ttotal Status Flags
r-devel-linux-x86_64-debian-clang 0.2.0 2.53 40.45 42.98 OK --no-examples --no-vignettes
r-devel-linux-x86_64-debian-gcc 0.2.0 2.23 32.18 34.41 OK --no-examples --no-vignettes
r-devel-linux-x86_64-fedora-clang 0.2.0 56.38 OK --no-examples --no-vignettes
r-devel-linux-x86_64-fedora-gcc 0.2.0 48.08 OK --no-examples --no-vignettes
r-devel-windows-ix86+x86_64 0.2.0 11.00 83.00 94.00 ERROR
r-patched-linux-x86_64 0.2.0 2.34 37.52 39.86 OK --no-examples --no-vignettes
r-patched-solaris-x86 0.2.0 88.60 OK --no-examples --no-vignettes
r-release-linux-x86_64 0.2.0 2.91 37.42 40.33 OK --no-examples --no-vignettes
r-release-windows-ix86+x86_64 0.2.0 14.00 59.00 73.00 ERROR
r-release-osx-x86_64 0.2.0 ERROR
r-oldrel-windows-ix86+x86_64 0.2.0 10.00 64.00 74.00 ERROR
r-oldrel-osx-x86_64 0.2.0 OK

Check Details

Version: 0.2.0
Check: examples
Result: ERROR
    Running examples in 'census-Ex.R' failed
    The error most likely occurred in:
    
    > ### Name: getCensus
    > ### Title: Scrape US Census Data
    > ### Aliases: getCensus
    >
    > ### ** Examples
    >
    > radius <- 5
    > cities <- c("Boston", "Los Angeles")
    > df <- getCensus(cities, radius)
    Information from URL : http://maps.googleapis.com/maps/api/geocode/json?address=Boston&sensor=false
    Warning: geocode failed with status OVER_QUERY_LIMIT, location = "Boston"
    Information from URL : http://maps.googleapis.com/maps/api/geocode/json?address=Los%20Angeles&sensor=false
    Warning: geocode failed with status OVER_QUERY_LIMIT, location = "Los Angeles"
    Error in `[.data.frame`(geo.reply, , c("locality", "lon", "lat")) :
     undefined columns selected
    Calls: getCensus -> [ -> [.data.frame
    Execution halted
Flavors: r-devel-windows-ix86+x86_64, r-release-windows-ix86+x86_64, r-release-osx-x86_64, r-oldrel-windows-ix86+x86_64

Version: 0.2.0
Check: re-building of vignette outputs
Result: WARN
    Error in re-building vignettes:
     ...
    Loading required package: ggmap
    Loading required package: ggplot2
    Loading required package: RCurl
    Loading required package: bitops
    Information from URL : http://maps.googleapis.com/maps/api/geocode/json?address=Chicago,%20IL&sensor=false
    Warning: geocode failed with status OVER_QUERY_LIMIT, location = "Chicago, IL"
    Information from URL : http://maps.googleapis.com/maps/api/geocode/json?address=New%20York&sensor=false
    Warning: geocode failed with status OVER_QUERY_LIMIT, location = "New York"
    Quitting from lines 16-23 (getting-started.Rmd)
    Error: processing vignette 'getting-started.Rmd' failed with diagnostics:
    undefined columns selected
    Execution halted
Flavors: r-devel-windows-ix86+x86_64, r-release-windows-ix86+x86_64, r-oldrel-windows-ix86+x86_64