CRAN Package Check Results for Package census

Last updated on 2018-08-21 08:48:46 CEST.

Flavor Version Tinstall Tcheck Ttotal Status Flags
r-devel-linux-x86_64-debian-clang 0.2.0 2.91 48.35 51.26 OK
r-devel-linux-x86_64-debian-gcc 0.2.0 2.82 38.31 41.13 OK
r-devel-linux-x86_64-fedora-clang 0.2.0 61.80 OK
r-devel-linux-x86_64-fedora-gcc 0.2.0 57.39 OK
r-devel-windows-ix86+x86_64 0.2.0 11.00 63.00 74.00 OK
r-patched-linux-x86_64 0.2.0 2.83 41.12 43.95 OK
r-patched-solaris-x86 0.2.0 95.70 OK
r-release-linux-x86_64 0.2.0 2.60 41.09 43.69 OK
r-release-windows-ix86+x86_64 0.2.0 9.00 85.00 94.00 OK
r-release-osx-x86_64 0.2.0 ERROR
r-oldrel-windows-ix86+x86_64 0.2.0 7.00 69.00 76.00 OK
r-oldrel-osx-x86_64 0.2.0 OK

Check Details

Version: 0.2.0
Check: examples
Result: ERROR
    Running examples in ‘census-Ex.R’ failed
    The error most likely occurred in:
    
    > ### Name: getCensus
    > ### Title: Scrape US Census Data
    > ### Aliases: getCensus
    >
    > ### ** Examples
    >
    > radius <- 5
    > cities <- c("Boston", "Los Angeles")
    > df <- getCensus(cities, radius)
    Information from URL : http://maps.googleapis.com/maps/api/geocode/json?address=Boston&sensor=false
    Warning: geocode failed with status OVER_QUERY_LIMIT, location = "Boston"
    Information from URL : http://maps.googleapis.com/maps/api/geocode/json?address=Los%20Angeles&sensor=false
    Warning: geocode failed with status OVER_QUERY_LIMIT, location = "Los Angeles"
    Error in `[.data.frame`(geo.reply, , c("locality", "lon", "lat")) :
     undefined columns selected
    Calls: getCensus -> [ -> [.data.frame
    Execution halted
Flavor: r-release-osx-x86_64