CRAN Package Check Results for Package censusr

Last updated on 2018-05-23 20:48:15 CEST.

Flavor Version Tinstall Tcheck Ttotal Status Flags
r-devel-linux-x86_64-debian-clang 0.0.4 2.47 32.31 34.78 OK
r-devel-linux-x86_64-debian-gcc 0.0.4 0.21 1.45 1.66 ERROR
r-devel-linux-x86_64-fedora-clang 0.0.4 40.79 OK
r-devel-linux-x86_64-fedora-gcc 0.0.4 38.71 OK
r-devel-windows-ix86+x86_64 0.0.4 7.00 73.00 80.00 OK
r-patched-linux-x86_64 0.0.4 2.15 29.09 31.24 OK
r-patched-solaris-x86 0.0.4 64.30 OK
r-release-linux-x86_64 0.0.4 2.17 29.45 31.62 OK
r-release-windows-ix86+x86_64 0.0.4 7.00 60.00 67.00 ERROR
r-release-osx-x86_64 0.0.4 OK
r-oldrel-windows-ix86+x86_64 0.0.4 2.00 6.00 8.00 ERROR
r-oldrel-osx-x86_64 0.0.4 OK

Check Details

Version: 0.0.4
Check: package dependencies
Result: ERROR
    Package required but not available: ‘dplyr’
    
    See section ‘The DESCRIPTION file’ in the ‘Writing R Extensions’
    manual.
Flavor: r-devel-linux-x86_64-debian-gcc

Version: 0.0.4
Check: whether package can be installed
Result: ERROR
    Installation failed.
Flavors: r-release-windows-ix86+x86_64, r-oldrel-windows-ix86+x86_64