CRAN Package Check Results for Package censusr

Last updated on 2019-02-20 13:46:20 CET.

Flavor Version Tinstall Tcheck Ttotal Status Flags
r-devel-linux-x86_64-debian-clang 0.0.4 2.77 32.36 35.13 OK
r-devel-linux-x86_64-debian-gcc 0.0.4 2.37 25.73 28.10 OK
r-devel-linux-x86_64-fedora-clang 0.0.4 44.29 OK
r-devel-linux-x86_64-fedora-gcc 0.0.4 40.02 OK
r-devel-windows-ix86+x86_64 0.0.4 10.00 68.00 78.00 OK
r-patched-linux-x86_64 0.0.4 OK
r-patched-solaris-x86 0.0.4 62.70 OK
r-release-linux-x86_64 0.0.4 OK
r-release-windows-ix86+x86_64 0.0.4 5.00 68.00 73.00 OK
r-release-osx-x86_64 0.0.4 OK
r-oldrel-windows-ix86+x86_64 0.0.4 7.00 8.00 15.00 ERROR
r-oldrel-osx-x86_64 0.0.4 OK

Check Details

Version: 0.0.4
Check: whether the package can be loaded
Result: ERROR
    Loading this package had a fatal error status code 1
    Loading log:
    Loading required package: dplyr
    Error: package or namespace load failed for 'dplyr' in namespaceExport(ns, exports):
     undefined exports: add_count, add_count_, add_rownames, add_tally, add_tally_, all_equal, all_vars, anti_join, any_vars, arrange, arrange_, arrange_all, arrange_at, arrange_if, as.tbl, as.tbl_cube, auto_copy, bench_tbls, between, bind_cols, bind_rows, case_when, changes, check_dbplyr, coalesce, collect, combine, common_by, compare_tbls, compare_tbls2, compute, copy_to, count, count_, cumall, cumany, cume_dist, cummean, current_vars, db_analyze, db_begin, db_commit, db_create_index, db_create_indexes, db_create_table, db_data_type, db_desc, db_drop_table, db_explain, db_has_table, db_insert_into, db_list_tables, db_query_fields, db_query_rows, db_rollback, db_save_query, db_write_table, dense_rank, desc, dim_desc, distinct, distinct_, distinct_all, distinct_at, distinct_if, distinct_prepare, do, do_, dr_dplyr, eval_tbls, eval_tbls2, explain, failwith, filter_, filter_all, filter_at, filter_if, first, full_join, funs, funs_, group_by, group_by_, group_by_all, group_by_at, group_by_if, group_by_prepare, group_cols, group_data, group_indices, group_indices_, group_keys, group_map, group_nest, group_rows, group_size, group_split, group_trim, group_vars, group_walk, grouped_df, groups, hybrid_call, id, ident, if_else, inner_join, is.grouped_df, is.src, is.tbl, is_grouped_df, last, lead, left_join, location, make_tbl, min_rank, mutate, mutate_, mutate_all, mutate_at, mutate_each, mutate_each_, mutate_if, n, n_distinct, n_groups, na_if, near, nest_join, new_grouped_df, nth, ntile, order_by, percent_rank, progress_estimated, pull, rbind_all, rbind_list, recode, recode_factor, rename, rename_, rename_all, rename_at, rename_if, rename_vars, rename_vars_, right_join, row_number, rowwise, same_src, sample_frac, sample_n, select, select_, select_all, select_at, select_if, select_var, select_vars, select_vars_, semi_join, show_query, slice, slice_, sql, sql_escape_ident, sql_escape_string, sql_join, sql_select, sql_semi_join, sql_set_op, sql_subquery, sql_translate_env, src, src_df, src_local, src_mysql, src_postgres, src_sqlite, src_tbls, summarise, summarise_, summarise_all, summarise_at, summarise_each, summarise_each_, summarise_if, summarize, summarize_, summarize_all, summarize_at, summarize_each, summarize_each_, summarize_if, tally, tally_, tbl, tbl_cube, tbl_df, tbl_nongroup_vars, tbl_vars, top_n, transmute, transmute_, transmute_all, transmute_at, transmute_if, ungroup, union_all, validate_grouped_df, vars, with_order, wrap_dbplyr_obj
    Error: package 'dplyr' could not be loaded
    In addition: Warning message:
    S3 methods '[.fun_list', '[.grouped_df', 'all.equal.tbl_df', 'anti_join.data.frame', 'anti_join.tbl_df', 'arrange.data.frame', 'arrange.default', 'arrange.grouped_df', 'arrange.tbl_df', 'arrange_.data.frame', 'arrange_.tbl_df', 'as.data.frame.grouped_df', 'as.data.frame.rowwise_df', 'as.data.frame.tbl_cube', 'as.table.tbl_cube', 'as.tbl.data.frame', 'as.tbl.tbl', 'as.tbl_cube.array', 'as.tbl_cube.data.frame', 'as.tbl_cube.matrix', 'as.tbl_cube.table', 'as_tibble.grouped_df', 'as_tibble.tbl_cube', 'auto_copy.tbl_cube', 'auto_copy.tbl_df', 'cbind.grouped_df', 'collapse.data.frame', 'collect.data.frame', 'common_by.NULL', 'common_by.character', 'common_by.default', 'common_by.list', 'compute.data.frame', 'copy_to.DBIConnection', 'copy_to.src_local', 'default_missing.data.frame', 'default_missing.default', 'dim.tbl_cube', 'distinct.data.frame', 'distinct.default', 'distinct.grouped_df', 'distinct.tbl_df', 'distinct_.data.frame', 'distinct_.grouped_df', 'distinct_.tbl_df', 'do.NULL', 'do.da [... truncated]
    Execution halted
Flavor: r-oldrel-windows-ix86+x86_64