CRAN Package Check Results for Package cepreader

Last updated on 2019-11-20 00:48:57 CET.

Flavor Version Tinstall Tcheck Ttotal Status Flags
r-devel-linux-x86_64-debian-clang 1.1-3 2.19 16.62 18.81 OK
r-devel-linux-x86_64-debian-gcc 1.1-3 1.81 13.57 15.38 OK
r-devel-linux-x86_64-fedora-clang 1.1-3 23.29 OK
r-devel-linux-x86_64-fedora-gcc 1.1-3 22.92 OK
r-devel-windows-ix86+x86_64 1.1-3 7.00 29.00 36.00 OK
r-devel-windows-ix86+x86_64-gcc8 1.1-3 13.00 27.00 40.00 OK
r-patched-linux-x86_64 1.1-3 1.87 15.88 17.75 OK
r-patched-solaris-x86 1.1-3 34.60 OK
r-release-linux-x86_64 1.1-3 1.86 15.74 17.60 OK
r-release-windows-ix86+x86_64 1.1-3 7.00 40.00 47.00 OK
r-release-osx-x86_64 1.1-3 OK
r-oldrel-windows-ix86+x86_64 1.1-2 6.00 28.00 34.00 OK
r-oldrel-osx-x86_64 1.1-3 ERROR

Check Details

Version: 1.1-3
Check: whether package can be installed
Result: ERROR
    Installation failed.
Flavor: r-oldrel-osx-x86_64