CRAN Package Check Results for Package cepreader

Last updated on 2020-07-07 05:48:13 CEST.

Flavor Version Tinstall Tcheck Ttotal Status Flags
r-devel-linux-x86_64-debian-clang 1.1-3 2.01 17.62 19.63 OK
r-devel-linux-x86_64-debian-gcc 1.1-3 1.77 14.29 16.06 OK
r-devel-linux-x86_64-fedora-clang 1.1-3 33.40 NOTE
r-devel-linux-x86_64-fedora-gcc 1.1-3 23.96 OK
r-devel-windows-ix86+x86_64 1.1-3 8.00 27.00 35.00 OK
r-patched-linux-x86_64 1.1-3 2.12 17.60 19.72 OK
r-patched-solaris-x86 1.1-3 37.70 OK
r-release-linux-x86_64 1.1-3 2.01 17.87 19.88 OK
r-release-osx-x86_64 1.1-3 OK
r-release-windows-ix86+x86_64 1.1-3 7.00 31.00 38.00 OK
r-oldrel-osx-x86_64 1.1-3 OK
r-oldrel-windows-ix86+x86_64 1.1-3 7.00 40.00 47.00 OK

Check Details

Version: 1.1-3
Check: Rd cross-references
Result: NOTE
    Undeclared package ‘vegan’ in Rd xrefs
Flavor: r-devel-linux-x86_64-fedora-clang