CRAN Package Check Results for Package cesR

Last updated on 2024-03-02 02:48:34 CET.

Flavor Version Tinstall Tcheck Ttotal Status Flags
r-devel-linux-x86_64-debian-clang 0.1.0 3.46 36.41 39.87 NOTE
r-devel-linux-x86_64-debian-gcc 0.1.0 2.56 27.80 30.36 NOTE
r-devel-linux-x86_64-fedora-clang 0.1.0 48.47 NOTE
r-devel-linux-x86_64-fedora-gcc 0.1.0 57.83 NOTE
r-devel-windows-x86_64 0.1.0 4.00 50.00 54.00 NOTE
r-patched-linux-x86_64 0.1.0 2.02 35.17 37.19 NOTE
r-release-linux-x86_64 0.1.0 1.91 35.17 37.08 NOTE
r-release-macos-arm64 0.1.0 30.00 NOTE
r-release-macos-x86_64 0.1.0 42.00 NOTE
r-release-windows-x86_64 0.1.0 4.00 54.00 58.00 NOTE
r-oldrel-macos-arm64 0.1.0 24.00 OK
r-oldrel-windows-x86_64 0.1.0 5.00 56.00 61.00 OK

Check Details

Version: 0.1.0
Check: package subdirectories
Result: NOTE Problems with news in ‘NEWS.md’: No news entries found. Flavors: r-devel-linux-x86_64-debian-clang, r-devel-linux-x86_64-debian-gcc, r-devel-linux-x86_64-fedora-clang, r-devel-linux-x86_64-fedora-gcc, r-devel-windows-x86_64, r-patched-linux-x86_64, r-release-linux-x86_64, r-release-macos-arm64, r-release-macos-x86_64, r-release-windows-x86_64