CRAN Package Check Results for Package cetcolor

Last updated on 2018-02-18 08:47:46 CET.

Flavor Version Tinstall Tcheck Ttotal Status Flags
r-devel-linux-x86_64-debian-clang 0.1.0 0.96 19.53 20.49 NOTE
r-devel-linux-x86_64-debian-gcc 0.1.0 0.79 15.44 16.23 NOTE
r-devel-linux-x86_64-fedora-clang 0.1.0 23.97 NOTE
r-devel-linux-x86_64-fedora-gcc 0.1.0 23.36 NOTE
r-devel-windows-ix86+x86_64 0.1.0 3.00 29.00 32.00 OK
r-patched-linux-x86_64 0.1.0 0.84 19.86 20.70 OK
r-patched-solaris-x86 0.1.0 34.60 OK
r-release-linux-x86_64 0.1.0 0.81 20.05 20.86 OK
r-release-windows-ix86+x86_64 0.1.0 4.00 40.00 44.00 OK
r-release-osx-x86_64 0.1.0 OK
r-oldrel-windows-ix86+x86_64 0.1.0 3.00 37.00 40.00 OK
r-oldrel-osx-x86_64 0.1.0 OK

Check Details

Version: 0.1.0
Check: DESCRIPTION meta-information
Result: NOTE
    Dependence on R version ‘3.3.2’ not with patchlevel 0
Flavors: r-devel-linux-x86_64-debian-clang, r-devel-linux-x86_64-debian-gcc, r-devel-linux-x86_64-fedora-clang, r-devel-linux-x86_64-fedora-gcc