CRAN Package Check Results for Package cetcolor

Last updated on 2018-05-23 00:46:28 CEST.

Flavor Version Tinstall Tcheck Ttotal Status Flags
r-devel-linux-x86_64-debian-clang 0.1.0 0.88 20.12 21.00 OK
r-devel-linux-x86_64-debian-gcc 0.1.0 0.78 16.24 17.02 OK
r-devel-linux-x86_64-fedora-clang 0.1.0 25.65 OK
r-devel-linux-x86_64-fedora-gcc 0.1.0 24.31 OK
r-devel-windows-ix86+x86_64 0.1.0 5.00 42.00 47.00 OK
r-patched-linux-x86_64 0.1.0 0.81 19.07 19.88 NOTE
r-patched-solaris-x86 0.1.0 42.20 OK
r-release-linux-x86_64 0.1.0 0.77 19.34 20.11 NOTE
r-release-windows-ix86+x86_64 0.1.0 4.00 42.00 46.00 OK
r-release-osx-x86_64 0.1.0 OK
r-oldrel-windows-ix86+x86_64 0.1.0 6.00 33.00 39.00 OK
r-oldrel-osx-x86_64 0.1.0 OK

Check Details

Version: 0.1.0
Check: DESCRIPTION meta-information
Result: NOTE
    Dependence on R version ‘3.3.2’ not with patchlevel 0
Flavors: r-patched-linux-x86_64, r-release-linux-x86_64