CRAN Package Check Results for Package ceterisParibus

Last updated on 2022-12-07 19:52:57 CET.

Flavor Version Tinstall Tcheck Ttotal Status Flags
r-devel-linux-x86_64-debian-clang 0.4.2 6.81 67.83 74.64 NOTE
r-devel-linux-x86_64-debian-gcc 0.4.2 4.38 50.69 55.07 NOTE
r-devel-linux-x86_64-fedora-clang 0.4.2 104.59 NOTE
r-devel-linux-x86_64-fedora-gcc 0.4.2 101.52 NOTE
r-devel-windows-x86_64 0.4.2 42.00 102.00 144.00 NOTE
r-patched-linux-x86_64 0.4.2 7.37 62.49 69.86 NOTE
r-release-linux-x86_64 0.4.2 5.67 66.64 72.31 NOTE
r-release-macos-arm64 0.4.2 31.00 NOTE
r-release-macos-x86_64 0.4.2 66.00 NOTE
r-release-windows-x86_64 0.4.2 72.00 140.00 212.00 NOTE
r-oldrel-macos-arm64 0.4.2 39.00 NOTE
r-oldrel-macos-x86_64 0.4.2 55.00 NOTE
r-oldrel-windows-ix86+x86_64 0.4.2 17.00 88.00 105.00 NOTE

Check Details

Version: 0.4.2
Check: package subdirectories
Result: NOTE
    Problems with news in 'NEWS.md':
     Cannot extract version info from the following section titles:
     Major refactoring of the code
Flavors: r-devel-linux-x86_64-debian-clang, r-devel-linux-x86_64-debian-gcc, r-devel-linux-x86_64-fedora-clang, r-devel-linux-x86_64-fedora-gcc, r-devel-windows-x86_64

Version: 0.4.2
Check: LazyData
Result: NOTE
     'LazyData' is specified without a 'data' directory
Flavors: r-devel-linux-x86_64-debian-clang, r-devel-linux-x86_64-debian-gcc, r-devel-linux-x86_64-fedora-clang, r-devel-linux-x86_64-fedora-gcc, r-devel-windows-x86_64, r-patched-linux-x86_64, r-release-linux-x86_64, r-release-macos-arm64, r-release-macos-x86_64, r-release-windows-x86_64, r-oldrel-macos-arm64, r-oldrel-macos-x86_64, r-oldrel-windows-ix86+x86_64

Version: 0.4.2
Check: dependencies in R code
Result: NOTE
    Namespace in Imports field not imported from: ‘knitr’
     All declared Imports should be used.
Flavors: r-devel-linux-x86_64-fedora-clang, r-devel-linux-x86_64-fedora-gcc, r-release-macos-arm64, r-release-macos-x86_64, r-oldrel-macos-arm64, r-oldrel-macos-x86_64